{"id":665,"date":"2016-02-28T23:00:02","date_gmt":"2016-02-28T21:00:02","guid":{"rendered":"http:\/\/suonpaa.net\/wordpress\/?page_id=665"},"modified":"2016-03-08T08:50:03","modified_gmt":"2016-03-08T06:50:03","slug":"665-2","status":"publish","type":"page","link":"https:\/\/www.suonpaa.net\/?page_id=665","title":{"rendered":"Kisat 2012"},"content":{"rendered":"<div id=\"pl-665\"  class=\"panel-layout\" ><div id=\"pg-665-0\"  class=\"panel-grid panel-no-style\" ><div id=\"pgc-665-0-0\"  class=\"panel-grid-cell\" ><div id=\"panel-665-0-0-0\" class=\"so-panel widget widget_sow-editor panel-first-child panel-last-child\" data-index=\"0\" ><div\n\t\t\t\n\t\t\tclass=\"so-widget-sow-editor so-widget-sow-editor-base\"\n\t\t\t\n\t\t>\n<div class=\"siteorigin-widget-tinymce textwidget\">\n\t<p><span style=\"text-decoration: underline;\"><b><span style=\"font-size: large;\">Hopon kisakalenteri 2012<\/span><\/b><\/span><\/p>\n<p><b>11.8.2012<\/b> Paippinen, xx km<br \/> <b>2.9.2012<\/b> Liesj\u00e4rvi, xx km<br \/> <b>3.11.2012<\/b> Jokioinen, xx km<\/p>\n<\/div>\n<\/div><\/div><\/div><div id=\"pgc-665-0-1\"  class=\"panel-grid-cell\" ><div id=\"panel-665-0-1-0\" class=\"so-panel widget widget_sow-editor panel-first-child panel-last-child\" data-index=\"1\" ><div\n\t\t\t\n\t\t\tclass=\"so-widget-sow-editor so-widget-sow-editor-base\"\n\t\t\t\n\t\t>\n<div class=\"siteorigin-widget-tinymce textwidget\">\n\t<p><span style=\"text-decoration: underline;\"><b><span style=\"font-size: large;\">Sellan kisakalenteri 2012<\/span><\/b><\/span><\/p>\n<p><b>21.1.2012<\/b> Jokioinen, 15-64km (taso 2.2, 22km alue)<br \/> <b>7.4.2012<\/b> Sastamala, 15-119km (taso 1.1, 80-119km kansallinen)<br \/> <s><b>18-20.5.2012<\/b> Kurgj\u00e4rve \/ Haanjamaa, Viro CEI** 120km<\/s> EI OSALLISTU<br \/> <s><b>15-16.6.2012<\/b> J\u00e4ms\u00e4, NBCH, CEI** 120km<\/s> EI OSALLISTU<br \/> <s><b>28.7.2012<\/b> Punkalaidun, SM-kisat, 100km<\/s> EI OSALLISTU<\/p>\n<\/div>\n<\/div><\/div><\/div><div id=\"pgc-665-0-2\"  class=\"panel-grid-cell\" ><div id=\"panel-665-0-2-0\" class=\"so-panel widget widget_sow-editor panel-first-child panel-last-child\" data-index=\"2\" ><div\n\t\t\t\n\t\t\tclass=\"so-widget-sow-editor so-widget-sow-editor-base\"\n\t\t\t\n\t\t>\n<div class=\"siteorigin-widget-tinymce textwidget\">\n\t<p><span style=\"text-decoration: underline;\"><b><span style=\"font-size: large;\">Karin kisakalenteri 2012<\/span><\/b><\/span><\/p>\n<p><b>11.2.2012<\/b> Urjala, 15-120km (taso 2.3, 46km alue)<br \/> <b>3.3.2012<\/b> Jokioinen, 15-120km (taso 2.3, 40km alue)<br \/> <s><b>31.3.2012<\/b> Vesilahti, ERIF, CEI** 120km<\/s> Hevonen ei starttikunnossa<br \/> <s><b>1.4.2012<\/b> Vesilahti, ERIF, Kansallinen 80km<\/s> Hevosen dokumentit hukassa<br \/> <b>12.5.2012<\/b> Sastamala, 15-100km, (taso 2.2, 32,7km alue)<br \/> <b>18-20.5.2012<\/b> Kurgj\u00e4rve \/ Haanjamaa, Viro CEI** 120km<br \/> <b>2.6.2012<\/b> Yp\u00e4j\u00e4, 15-119km (taso 2.3, 40km alue)<br \/> <b>6-7.7.2012<\/b> Kurtuvenai, Liettua CEI** 120km<br \/> <b>28.7.2012<\/b> Punkalaidun, SM-Kilpailut, 100km (taso 1.1)<br \/> <b>1.9.2012<\/b> Jyv\u00e4skyl\u00e4, 16-32km (22km, Seura)<br \/> <b>15.9.2012<\/b> Punkalaidun, 21-72km (21km, Seura)<br \/> <b>20.10.2012<\/b> Vesilahti, 17-87km (29km, Alue)<br \/> <b>3.11.2012<\/b> Kuuma, 13,5-84km (44km, Alue)<\/p>\n<\/div>\n<\/div><\/div><\/div><\/div><div id=\"pg-665-1\"  class=\"panel-grid panel-no-style\" ><div id=\"pgc-665-1-0\"  class=\"panel-grid-cell\" ><div id=\"panel-665-1-0-0\" class=\"so-panel widget widget_sow-editor panel-first-child panel-last-child\" data-index=\"3\" ><div\n\t\t\t\n\t\t\tclass=\"so-widget-sow-editor so-widget-sow-editor-base\"\n\t\t\t\n\t\t>\n<div class=\"siteorigin-widget-tinymce textwidget\">\n\t<p><b><span style=\"font-size: large;\">Kauden 2012 yhteenveto<\/span><\/b> <\/p>\n<p> Kausi alkoi lupaavasti ja viel\u00e4 huhtikuussa n\u00e4ytti silt\u00e4, ett\u00e4 Sella on el\u00e4m\u00e4ns\u00e4 kunnossa. Uskallettiin kiinnitt\u00e4\u00e4 tavoitteiksi podium-paikka Haanjassa ja ehdottomasti kolmannesta sijasta oli tarkoitus kisata my\u00f6s NBCH-kilpailuissa. Sella oli paremmassa kunnossa kuin koskaan. Sille oli 80 km ihan pelkk\u00e4 suupala ja viimeisess\u00e4 kisassa palautumiset tauoilla ja lopussa parin minuutin luokkaa. <\/p>\n<p> Hopolla oli heti alkuvuodesta outoa ep\u00e4puhtautta liikkeess\u00e4 ja todettiin, ett\u00e4 sen el\u00e4kevuodet saavat alkaa. V\u00e4h\u00e4n kuitenkin mietittiin, ett\u00e4 se voisi ehk\u00e4 pari pient\u00e4 kisaa kiert\u00e4\u00e4, mutta meille tuli muuta ohjelmaa, joten Hopo vietti lokoisia el\u00e4kel\u00e4isp\u00e4ivi\u00e4, kun selvisi silm\u00e4vammasta ja eritt\u00e4in pahasta \u00e4hkyst\u00e4. Olimme onnellisia, ett\u00e4 se oli elossa. <\/p>\n<p> Jo tammikuussa oli sovittu team ERTF:n kanssa yhteisty\u00f6st\u00e4. Heill\u00e4 oli tarvetta pelottomalle ja kokeneelle ratsastajalle ja Karilla oli tekemisen puutetta, kun min\u00e4 lep\u00e4ilin kotona operoidun olkap\u00e4\u00e4ni kanssa. Kari otti mielell\u00e4\u00e4n vastaan kvaalaushommat, joita oli tarjolla. Samalla saimme muutenkin vertailukohtaa omaan tekemiseemme ja toivon, ett\u00e4 ERTF sai my\u00f6s jotain iloa meid\u00e4n osallisuudesta. <\/p>\n<p> Koska pitk\u00e4n t\u00e4ht\u00e4imen tavoitteet on asetettu aika korkealle, oli tarkoitus saada kauden aikana ainakin kaksi 120km suoritusta. N\u00e4in ei kuitenkaan k\u00e4ynyt. Huono onni seurasi meit\u00e4 ERIF-kisoista loppuvuoden SM-kisoihin asti. Pettymyst\u00e4 pettymyksen per\u00e4\u00e4n ja henkisesti kovin paikka oli Kurtuvenai. Ne kyyneleet, jotka palkintojenjaossa vuodatin olivat niin lohduttomat, ett\u00e4 niit\u00e4 en varmasti muutamaan vuoteen unohda. Se hetki on ollut t\u00e4m\u00e4n lajin parissa vietetyist\u00e4 pahin. Suoritus ja voitto oli ollut otettavissa ja Kari ratsasti eritt\u00e4in viisaasti. Tauolle tuli joukon paraskuntoisin hevonen, mutta Dali-raasu j\u00e4ykistyi ennen uusintatarkastusta ja viileni v\u00e4h\u00e4n muutenkin, eik\u00e4 saanut en\u00e4\u00e4 l\u00e4ht\u00f6lupaa 15 km:n lenkille. Paha, paha paikka! <\/p>\n<p> Onnistumisia onneksi kuitenkin tuli. Kilpailuina v\u00e4h\u00e4p\u00e4t\u00f6isi\u00e4, mutta muilla mittareilla mitattuina eritt\u00e4in merkitt\u00e4vi\u00e4. Valedron kanssa tehtiin t\u00f6it\u00e4 pitkin kes\u00e4\u00e4 ja lopulta se p\u00e4\u00e4si kokeilemaan tositoimia ja Kari hoiteli hommat siten, ett\u00e4 kokematon ja herkk\u00e4 hevonen sai jopa muutaman tuloksen. Kausi p\u00e4\u00e4ttyi melkoiseen ilotulitukseen, kun Valedrolle kikkailtiin hyv\u00e4ksytty suoritus Kuumassa 44km:n kisasta. Moni hymyili vinosti tuuletuksille, mutta kuka hevosen tunsi ja tiesi sen ongelmat, ei voinut olla ottamatta osaan riemuun. Kyyneleet valuivat j\u00e4lleen, mutta ihan muista syist\u00e4 kuin Liettuassa. <\/p>\n<p> Kausi antoi valtavasti kokemuksia erilaisista tilanteista. Vaikka omat hevoset pysyiv\u00e4t kotona, niin osaaminen karttui valtavasti. Ja lis\u00e4\u00e4 saatiin varmasti ainakin n\u00f6yryytt\u00e4. Ly\u00f6ty\u00e4 ly\u00f6tiin oikein olan takaa. Edes tuuri ei ollut mukana. Jos ei Valedron kanssa olisi tullut onnistumisia ja oikeastaan l\u00e4pimurtoa, niin kausi olisi ollut kaoottinen. T\u00e4st\u00e4 ei nyt kuitenkaan voi en\u00e4\u00e4 alemmas vajota ja pitk\u00e4n t\u00e4ht\u00e4imen tavoitteet pysyv\u00e4t samoina, vaikka niiden saavuttaminen nyt vaatiikin super-onnistumisia. Yhteisty\u00f6 eri tiimien v\u00e4lill\u00e4 oli kuitenkin jotain ihan uutta ja toivottavasti antaa intoa my\u00f6s muille tiimeille ly\u00f6d\u00e4 hynttyyt yhteen ja tavoitella synergia-etuja. Jos on valmis v\u00e4h\u00e4n avaamaan omaa toimintaansa, niin saa my\u00f6s toiselta tiimilt\u00e4 ihan valtavasti.<\/p>\n<\/div>\n<\/div><\/div><\/div><\/div><\/div>","protected":false},"excerpt":{"rendered":"<p>Hopon kisakalenteri 201211.8.2012 Paippinen, xx km 2.9.2012 Liesj\u00e4rvi, xx km 3.11.2012 Jokioinen, xx km Sellan kisakalenteri 201221.1.2012 Jokioinen, 15-64km (taso 2.2, 22km alue) 7.4.2012 Sastamala, 15-119km (taso 1.1, 80-119km kansallinen) 18-20.5.2012 Kurgj\u00e4rve \/ Haanjamaa, Viro CEI** 120km EI OSALLISTU 15-16.6.2012 J\u00e4ms\u00e4, NBCH, CEI** 120km EI OSALLISTU 28.7.2012 Punkalaidun, SM-kisat, 100km EI OSALLISTU Karin kisakalenteri 201211.2.2012 [&hellip;]<\/p>\n","protected":false},"author":3,"featured_media":0,"parent":750,"menu_order":5,"comment_status":"closed","ping_status":"closed","template":"templates\/template-full-notitle.php","meta":{"footnotes":""},"class_list":["post-665","page","type-page","status-publish","hentry","post"],"_links":{"self":[{"href":"https:\/\/www.suonpaa.net\/index.php?rest_route=\/wp\/v2\/pages\/665","targetHints":{"allow":["GET"]}}],"collection":[{"href":"https:\/\/www.suonpaa.net\/index.php?rest_route=\/wp\/v2\/pages"}],"about":[{"href":"https:\/\/www.suonpaa.net\/index.php?rest_route=\/wp\/v2\/types\/page"}],"author":[{"embeddable":true,"href":"https:\/\/www.suonpaa.net\/index.php?rest_route=\/wp\/v2\/users\/3"}],"replies":[{"embeddable":true,"href":"https:\/\/www.suonpaa.net\/index.php?rest_route=%2Fwp%2Fv2%2Fcomments&post=665"}],"version-history":[{"count":5,"href":"https:\/\/www.suonpaa.net\/index.php?rest_route=\/wp\/v2\/pages\/665\/revisions"}],"predecessor-version":[{"id":672,"href":"https:\/\/www.suonpaa.net\/index.php?rest_route=\/wp\/v2\/pages\/665\/revisions\/672"}],"up":[{"embeddable":true,"href":"https:\/\/www.suonpaa.net\/index.php?rest_route=\/wp\/v2\/pages\/750"}],"wp:attachment":[{"href":"https:\/\/www.suonpaa.net\/index.php?rest_route=%2Fwp%2Fv2%2Fmedia&parent=665"}],"curies":[{"name":"wp","href":"https:\/\/api.w.org\/{rel}","templated":true}]}}