{"id":5242,"date":"2017-08-07T22:43:42","date_gmt":"2017-08-07T19:43:42","guid":{"rendered":"http:\/\/www.suonpaa.net\/?page_id=5242"},"modified":"2017-08-07T23:07:26","modified_gmt":"2017-08-07T20:07:26","slug":"10-8-13-punkalaidun","status":"publish","type":"page","link":"https:\/\/www.suonpaa.net\/?page_id=5242","title":{"rendered":"10.8.13 Punkalaidun"},"content":{"rendered":"<div id=\"pl-5242\"  class=\"panel-layout\" ><div id=\"pg-5242-0\"  class=\"panel-grid panel-no-style\" ><div id=\"pgc-5242-0-0\"  class=\"panel-grid-cell\" ><div id=\"panel-5242-0-0-0\" class=\"so-panel widget widget_sow-editor panel-first-child panel-last-child\" data-index=\"0\" ><div\n\t\t\t\n\t\t\tclass=\"so-widget-sow-editor so-widget-sow-editor-base\"\n\t\t\t\n\t\t>\n<div class=\"siteorigin-widget-tinymce textwidget\">\n\t<p><i>L\u00e4ht\u00f6lista taso 2.4 <\/i><\/p>\n<p>6. Kari K\u00e4rkk\u00e4inen (RieRat) \u2013 Kuvaharjun Valedro, 8-v. arabialainen t\u00e4ysiverinen, ruuna<br \/>7. Kirsi Oittinen (GWR) \u2013 Ruk Rotrico, 7-v. arabialainen t\u00e4ysiverinen, ruuna<br \/>8. Emma Siuvo (PIRMA) \u2013 El Sahram, 12-v. lv-ox-risteytys, tamma<br \/>9. Tanja Turunen (RieRat) \u2013 GR Safeer DE, 8-v. arabialainen t\u00e4ysiverinen, ruuna<br \/>19. Olli Tahkokallio (SuMaRa) - Alea SE, 15-v. arabialainen t\u00e4ysiverinen, tamma<\/p>\n<\/div>\n<\/div><\/div><\/div><div id=\"pgc-5242-0-1\"  class=\"panel-grid-cell\" ><div id=\"panel-5242-0-1-0\" class=\"so-panel widget widget_sow-editor panel-first-child panel-last-child\" data-index=\"1\" ><div\n\t\t\t\n\t\t\tclass=\"so-widget-sow-editor so-widget-sow-editor-base\"\n\t\t\t\n\t\t>\n<div class=\"siteorigin-widget-tinymce textwidget\">\n\t<p><i>Tulokset taso 2.4 <\/i><\/p>\n<p>HYV. Emma Siuvo (PIRMA) \u2013 El Sahram 13,41 km\/h<br \/>HYV. Olli Tahkokallio (SuMaRa) - Alea SE ox 12,70 km\/h<br \/>HYV. Tanja Turunen (RieRat) \u2013 GR Safeer DE ox 12,42 km\/h<br \/>HYV. Kari K\u00e4rkk\u00e4inen (RieRat) \u2013 Kuvaharjun Valedro ox 12,42 km\/h<\/p>\n<p>HYL. Kirsi Oittinen (GWR) \u2013 Ruk Rotrico ox<\/p>\n<\/div>\n<\/div><\/div><\/div><\/div><div id=\"pg-5242-1\"  class=\"panel-grid panel-no-style\" ><div id=\"pgc-5242-1-0\"  class=\"panel-grid-cell\" ><div id=\"panel-5242-1-0-0\" class=\"so-panel widget widget_sow-editor panel-first-child panel-last-child\" data-index=\"2\" ><div\n\t\t\t\n\t\t\tclass=\"so-widget-sow-editor so-widget-sow-editor-base\"\n\t\t\t\n\t\t>\n<div class=\"siteorigin-widget-tinymce textwidget\">\n\t<p><img decoding=\"async\" class=\"alignleft\" src=\"http:\/\/www.suonpaa.net\/wp-content\/uploads\/2017\/08\/punkkis2013_01.jpg\" \/>Y\u00f6 oli levoton sek\u00e4 meill\u00e4, ett\u00e4 Team Hysterian p\u00e4\u00e4majassa. Tanja oli ker\u00e4illyt j\u00e4nnityst\u00e4 jo pitkin viikkoa ja meit\u00e4 valvotti \u00f6inen traikkukauppa. Matkaev\u00e4\u00e4tkin olivat huonot ja variksille lensi puoliksi sy\u00f6dyt lihapiirakat jo ennen Hyvink\u00e4\u00e4t\u00e4. Samoihin aikoihin veivasin penkin kenoon ja havahduin vastaa siihen, kun navigaattori ilmoitti, ett\u00e4 olen saapunut kohteeseen. Pienen hetken otti, ett\u00e4 sain itseni hereille. Kilpailukeskuksessa oli varsin rauhallista ja niin v\u00e4h\u00e4n osallistujia, ett\u00e4 ei voida sanoa ilmassa leijuneen suuren urheilujuhlan tuntua. Oltiin hyviss\u00e4 ajoin. Ehdittiin hoitaa vessak\u00e4ynnit ja vaihtaa nopeasti muutamat kuulumiset, niin jopa hevoset lakeijoineen saapuivat mestoille. Hetke\u00e4 my\u00f6hemmin oli luokan 1.1 l\u00e4ht\u00f6, joka olikin varsin r\u00e4j\u00e4ht\u00e4v\u00e4. Ruuti ei ollut m\u00e4rk\u00e4\u00e4 miss\u00e4\u00e4n vaiheessa ja ratsastajat painelivat reitilt\u00e4 ulos useammankin kerran. Lopussa kuitenkin pokkasivat hienot tulokset ja taas saatiin uusia starttaajia SM-kilpailuihin.Harmillista oli, ett\u00e4 kilpailupaikalle oli l\u00e4htenyt niinkin v\u00e4h\u00e4n osallistujia, sill\u00e4 paikka on hyv\u00e4, maastot hyv\u00e4t ja Marjolla tapana rakentaa vaativia reittikokonaisuuskia. Hyvi\u00e4 ympyr\u00e4lenkkej\u00e4, joissa vastaan voi tulla mit\u00e4 tahansa. Viimehetken muutokset tosin aiheuttivat sen, ett\u00e4 t\u00e4ll\u00e4 kertaa ilmoitetut matkat eiv\u00e4t ihan pit\u00e4neet paikkaansa.<\/p>\n<p>Varsin levollisina laittelimme huoltoaluetta kuntoon. Taivaalta tihutteli suihkupullosadetta ja se oli oikeastaan ihan meille sopiva s\u00e4\u00e4tila, sill\u00e4 huuhtelupullojen k\u00e4ytt\u00f6 ei edelleenk\u00e4\u00e4n ole kummallekaan Tanjan hevosista mieleen. Fiilikset olivat hyv\u00e4t. Toiveissa oli saada tehd\u00e4 oma suoritus. Tarkastukset meniv\u00e4t mallikkaasti, hevoset k\u00e4ytt\u00e4ytyiv\u00e4t fiksusti ja juoksivat hyvin. Takana olivat ajat, jolloin Valedroon ei saanut vieras vet edes koskea. Alkutarkin j\u00e4lkeen kantavana ajatuksena oli, ett\u00e4 l\u00e4ht\u00f6 tehd\u00e4\u00e4n sen verran napakasti, jotta saadaan omaa tilaa. Vaihtoehto B oli, ett\u00e4 j\u00e4tt\u00e4ytyv\u00e4t muutaman minuutin p\u00e4\u00e4h\u00e4n muista, niin taas on oma rauha ja saavat edet\u00e4 tasaista tahtia ilman rykimist\u00e4 ja pumppaamista. Jo alkuverkoissa n\u00e4ytti, ett\u00e4 hevoset kuumuvat, kun joku singahtaa yll\u00e4tt\u00e4en ohi ja Karilla oli muutama mielenkiintoinen hetki Valton sel\u00e4ss\u00e4. Yrittiv\u00e4t p\u00e4\u00e4st\u00e4 verkoissakin keskittym\u00e4\u00e4n ihan omaan tekemiseen. Kun l\u00e4ht\u00f6lupa annettiin, niin kohtuullisen kipakasti laukkasivat yl\u00e4m\u00e4keen.<\/p>\n<p><b>Sininen lenkki 34,3 km (2h 45 min)<\/b><\/p>\n<p><img decoding=\"async\" class=\"alignleft\" src=\"http:\/\/www.suonpaa.net\/wp-content\/uploads\/2017\/08\/punkkis2013_02.jpg\" \/>Tihutusta jatkui koko lenkin ajan. Ensimm\u00e4iset 8km kulkivat kaikki 5 ratsukkoa yhdess\u00e4. Vauhdinjako oli tempoilevaa eik\u00e4 oikein mukavaa fyysisesti eik\u00e4 varsinkaan henkisesti. Pidettiin nopea huolto ja jatkoivat matkaa. Alkuvauhti oli n. 16km\/h. Reilun kympin kohdalla totesimme, ett\u00e4 nyt on syyt\u00e4 rauhoittaa tilanne. Hevoset olivat vaahdossa ja tosi kovilla kierroksilla. Tehtiin pitk\u00e4 huolto ja rauhoiteltiin niin el\u00e4imet kuin ratsastajatkin. Sitten sovittiin, ett\u00e4 etenev\u00e4t seuraavan 10km vain ravia ja pahat paikat k\u00e4ynti\u00e4. Pitiv\u00e4t edell\u00e4 meneviin ratsukoihin 1-2 minuutin hajuraon ja n\u00e4in saivat m\u00e4\u00e4ritt\u00e4\u00e4 itselleen sopivan tasaisen vauhdin. Seuraavalla huollolla hevoset olivatkin jo ihan toisen oloisia ja ratsastajat totesivat, ett\u00e4 paljon mukavampi on ratsastaa. Kovasti siin\u00e4 oli mulla taas komennettavaa, vaikka Tanja olikin heti samaa mielt\u00e4. Huvittavaahan tuo meid\u00e4n touhu on, ett\u00e4 osa taktikoinnista tulee huoltoautosta, mutta niin se vaan meill\u00e4 on ja tulee varmasti aina olemaankin. Mulla on t\u00e4m\u00e4n tyyppisiss\u00e4 asioissa kylmempi p\u00e4\u00e4, enk\u00e4 sekoa mihink\u00e4\u00e4n kilpailuviettiin. Karilla taas l\u00f6ytyy hurjaa luonnetta ja kun n\u00e4it\u00e4 sekoitetaan, niin saavutetaan ainakin v\u00e4lill\u00e4 hyv\u00e4 combo.<\/p>\n<p>Loppu matkasta sujui kivasti. Huonoa juomista hevosilta, mutta ne oli tankattu hyvin ja kulkivat innokkaina. Tsekattiin pari ison tien ylityst\u00e4 ja Ninalta sain viesti\u00e4 parista paikasta joissa eksyminen olisi mahdollista. Kiitos n\u00e4iden neuvojen t\u00e4ll\u00e4 kertaa v\u00e4ltyttiin harharetkilt\u00e4. Vett\u00e4 tiputteli ja ajoittain keli tuntui jopa viile\u00e4lt\u00e4.<\/p>\n<p><img decoding=\"async\" class=\"alignleft\" src=\"http:\/\/www.suonpaa.net\/wp-content\/uploads\/2017\/08\/punkkis2013_03.jpg\" \/>Huolto turaili v\u00e4h\u00e4n, kun menimme suoraan taukoalueelle odottamaan hevosia. Kun ylittiv\u00e4t maalilinjan, niin k\u00e4vi ilmi ett\u00e4 taukopaikalta ei saanut suorinta reitti\u00e4 menn\u00e4 tarkastukseen. N\u00e4in ollen olimme Tiinan ja Pablon kanssa sijoittuneet v\u00e4\u00e4rin. Saimme pienimuotoisesti noottia.Otettiin puoliv\u00e4liss\u00e4 satulat pois ja katsottiin sykkeet. Valtolla syke oli 64 ja S\u00e4mpyll\u00e4 v\u00e4h\u00e4n alle. Sekoiltiin heki ja hiljakseen kalpittii tarkastukseen, jossa Valedron syke oli 54 ja Safeerin 48. Kaikki kohteet olivat aata, mutta Valton ihopoimu palautui v\u00e4h\u00e4n hitaasti. Aikaa turhaan turailuun kului pari minuuttia. Kari ehti jo huudella voimasanoja ja sai siit\u00e4 aikanaan my\u00f6s palautetta. Lopun hidastamisen takia keskinopeus j\u00e4i varsin vaatimattomaksi, mutta kun irti eiv\u00e4t p\u00e4\u00e4sseet, niin sitten piti kulkea per\u00e4ss\u00e4. Osuuden keskinopeus oli 12.5km\/h. 30 minuutin tauko meni hujauksessa, mutta saatiin ratsastajat ajoissa selk\u00e4\u00e4n ja ajallaan reitille. So good, so far!<\/p>\n<p><b>Valkoinen lenkki 17,4 km (1h 30 min)<\/b><\/p>\n<p>Yritin esitell\u00e4 karttaa ratsastajille tauon lopussa, mutta eiv\u00e4t tietenk\u00e4\u00e4n keskittyneet siihen ja Karikin vaan totesi, ett\u00e4 h\u00e4n ei ole yht\u00e4\u00e4n kartalla ja meid\u00e4n on parasta huoltaa siin\u00e4, miss\u00e4 reitti poikkeaa edelt\u00e4j\u00e4st\u00e4\u00e4n. N\u00e4in sitten tehtiin. Valton keng\u00e4t olivat v\u00e4h\u00e4n kuluneet ekalla lenkill\u00e4 ja otettiin kengityskamat varmuuden vuoksi lenkille mukaan. Ker\u00e4iltiin huoltopaikalla v\u00e4h\u00e4n tuoretta ja pajuja sek\u00e4 koivun oksia. K\u00e4yttiv\u00e4t lenkin alkuosaan v\u00e4h\u00e4n edellist\u00e4 enemm\u00e4n aikaa. Ei oltu ihan ajan tasalla matkojen ja aikojen kanssa, sill\u00e4 reittien pituudet olivat jonkin verta enemm\u00e4n kuin oli ilmoitettu ja koska tarkoitus oli menn\u00e4 aika l\u00e4helle miniminopeutta, niin alkoikin n\u00e4ytt\u00e4\u00e4 silt\u00e4, ett\u00e4 aika loppuu kesken. Hevosissa ei n\u00e4kynyt mit\u00e4\u00e4n v\u00e4symisen merkkej\u00e4, mutta Rico-poloinen alkoi olla aika lailla omilla rajoillaan. Se kyll\u00e4 joi ja s\u00f6i hyvin, mutta matka k\u00e4vi sille aika pitk\u00e4ksi. Valtokin alkoi v\u00e4hitellen juoda.<\/p>\n<p><img decoding=\"async\" class=\"alignleft\" src=\"http:\/\/www.suonpaa.net\/wp-content\/uploads\/2017\/08\/punkkis2013_04.jpg\" \/>Emma l\u00e4hti lenkille yksin\u00e4\u00e4n k\u00e4rjess\u00e4. Olli oli tavoilleen uskollisena pyhk\u00e4issyt laukoilla ohi meid\u00e4n ratsukoista, koska tavoitteli ihanneaikaluokan k\u00e4rkisijaa. Emma ja Olli saavuttivat huoltopaikan yhdess\u00e4. Kummassakin ratsastajassa n\u00e4kyi v\u00e4symyksen merkkej\u00e4, mutta hevoset olivat pirteit\u00e4. Eroa takajoukkoon oli reilu 5 minuuttia. TT ja Kari ottivat alun nousuosuuden rauhassa, etteiv\u00e4t ved\u00e4 hevosia hapoille. Maasto-osuuksilla olivat tarkkoina, sill\u00e4 salakavalia kivi\u00e4 oli heinikon alla piilossa. Tanja on nyt my\u00f6s ollut varovainen alam\u00e4kiravaamisen suhteen, joten meniv\u00e4t suurimman osa v\u00e4h\u00e4nk\u00e4\u00e4n jyrkemmist\u00e4 alam\u00e4ist\u00e4 k\u00e4ynniss\u00e4 (ja osan yl\u00e4m\u00e4ist\u00e4kin). Varsinaisia vauhtiosuuksia oli kohtuullisen v\u00e4h\u00e4n. Edell\u00e4 mainituista syist\u00e4 johtuen keskinopus putosi entisest\u00e4\u00e4n. Luonnollisesti reittiselostus oli taas j\u00e4\u00e4nyt v\u00e4liin, joten vanhasta muistista mentiin ja sen takia ei ehk\u00e4 ihan osattu vauhdinjakoakaan tehd\u00e4 j\u00e4rkev\u00e4sti. Ja Tanjalle on kova paikka vied\u00e4 hevoset v\u00e4h\u00e4\u00e4k\u00e4\u00e4n mukavuusalueen ulkopuolelle.<\/p>\n<p>Otettiin varmistus m\u00e4r\u00e4n asfalttitien ylitykseen ja sit\u00e4 seuraavaan alam\u00e4keen, jonka p\u00e4\u00e4ss\u00e4 oli silta. Olin katsonut paikat, ett\u00e4 kannattaa menn\u00e4 pientareelle. Tyypit osin meniv\u00e4t ja osin eiv\u00e4t. V\u00e4lill\u00e4 mietin, ett\u00e4 kannattaako n\u00e4hd\u00e4 vaivaa k\u00e4yd\u00e4 kyyl\u00e4\u00e4m\u00e4ss\u00e4 paikat etuk\u00e4teen ja yritt\u00e4\u00e4 niist\u00e4 varoitella ja hahmotella kisakokonaisuutta p\u00e4\u00e4ss\u00e4\u00e4n, kun ratsastaja\/ratsastajat eiv\u00e4t ohjeita ainakaan yht\u00e4\u00e4n noudata. Toisaalta, kun Kari on yksin\u00e4\u00e4n, niin noudattaa niit\u00e4 hyvinkin, mutta mit\u00e4 enemm\u00e4n paapottavia on, niin sit\u00e4 huonommin neuvoja noudattavat. Ja takuuvarmasti komentamiseni naurattaa kanssakilpailijoita, mutta meid\u00e4n perhe\/pariskunta on kokonaisuudessaan tiimi ja toinen ratsastaa ja toinen miettii muut jutut. Haastavaahan se on fuusioitua muiden tiimien kanssa, niin kuin nyt on tehty, mutta samalla aika antoisaa. Pian kuitenkin alamme varmasti taas enemm\u00e4n tehd\u00e4 asioita ihan vaan oman porukan kesken ja sitten on opeteltava taas sekin tapa toimia.<\/p>\n<p>Pari kilsaa ennen maalia olivat kymmenisen minuuttia k\u00e4rkiratsukoita per\u00e4ss\u00e4. Meit\u00e4 kaikkia alkoi huolestuttaa, ett\u00e4 eiv\u00e4t saa suoritusta nippuun m\u00e4\u00e4r\u00e4ajassa. Sain teht\u00e4v\u00e4ksi selvitt\u00e4\u00e4 viimeisen maaliintuloajan. T\u00e4m\u00e4 toki olisi pit\u00e4nyt selvitt\u00e4\u00e4 jo siin\u00e4 vaiheessa, kun matkaan l\u00e4hdettiin. Ja vauhtia vaan pit\u00e4isi kyet\u00e4 pit\u00e4m\u00e4\u00e4n yll\u00e4. Eip\u00e4 mit\u00e4\u00e4n, hevoset saatiin maaliviivan yli ja minuutin palautumisella vietiin hevoset tarkastukseen. Valton syke oli 57 ja S\u00e4mpyn 48. Keskinopeus oli onneton 11.6 km\/h!! Toimitsijat laskivat uuden viimeisen maaliintuloajan ja totesimme, ett\u00e4 seh\u00e4n riitt\u00e4\u00e4. Viimeiseen lenkkiin oli vara k\u00e4ytt\u00e4\u00e4 1h 16 min!<\/p>\n<p>Tauolle hevoset s\u00f6iv\u00e4t ja joivat. Ratsastajatkin tankkasivat. Fiilis oli hyv\u00e4, joskin v\u00e4h\u00e4n kiireinen ja Tanja tietenkin tuskaili sit\u00e4, ett\u00e4 nyt pit\u00e4isi oikeasti menn\u00e4 nopeasti. Mutta eip\u00e4 mit\u00e4\u00e4n. Ratsastajat selk\u00e4\u00e4n ja kohti viimeist\u00e4 rutistusta.<\/p>\n<p><b>Keltainen lenkki 13 km (1h)<\/b><\/p>\n<p><img decoding=\"async\" class=\"alignleft\" src=\"http:\/\/www.suonpaa.net\/wp-content\/uploads\/2017\/08\/punkkis2013_05.jpg\" \/>Ep\u00e4ilin, ett\u00e4 meille tulee kiire, joten huoltoauto l\u00e4hti liikenteeseen jo v\u00e4h\u00e4n ennen kuin ratsukot saivat l\u00e4ht\u00f6luvan. Harmi homma, Rico j\u00e4i tauolle. Ennakkoon oli nyt sovittu, ett\u00e4 varaa ei ole passailla. Tanja oli pahassa paikassa. Kari pr\u00e4ss\u00e4si ja pr\u00e4ss\u00e4si ja jos Tanja alkoi himmailemaan, niin Kari p\u00e4\u00e4steli ohi. In Finland we have this thing called reilu meininki. Mutta niin se vaan on, ett\u00e4 ei hyv\u00e4ksyttyj\u00e4 suorituksia, saati voittoja, koskaan tule, jos ei pienell\u00e4 riskill\u00e4 ajella.<\/p>\n<p>Ehdittiin huoltopaikkaan hyvin ja saatiin seurailla pitk\u00e4n luokan ohilaukka. Loivaa alam\u00e4ke\u00e4 p\u00e4\u00e4steliv\u00e4t reipasta 20km\/h ensin Sonja ja Nea. Kivet lenteliv\u00e4t, kun kaksikko tavoitteli yli 14 km\/h tulosta, sill\u00e4 Sonjalta puuttui viel\u00e4 SM-kvaali, joka nyt saavutettiin! L\u00e4hes yht\u00e4 reippaasti, hymy kasvoillaan, saapui Emma, joka haki ensimm\u00e4ist\u00e4 suoritusta tasolta 2.4. My\u00f6s Mari M. viuhahti ohi. Huomattavasti maltillisemmin tulivat sitten TT ja Kari. Tehtiin nopea huolto, hevoset joivat \u00e4mp\u00e4rilliset vett\u00e4 ja jo usutettiin niit\u00e4 eteenp\u00e4in. Aikaa ei ollut hukattavaksi, jos nyt ei mielet\u00f6nt\u00e4 kiirett\u00e4k\u00e4\u00e4n ollut.<\/p>\n<p>Autolla siirryimme nopeasti takaisin kilpailukeskukseen ja laittelimme vastaanoton valmiiksi. V\u00e4h\u00e4n ennen kuin tunti oli t\u00e4ysi, saimme iloiset ratsastajat maaliin. Sykkeet olivat heti valmiit. Huuhdeltiin molempia v\u00e4h\u00e4n ja vietiin nelj\u00e4n minuutin palautumisen j\u00e4lkeen tarkastukseen. Taisivat olla luokkansa ensimm\u00e4iset. Muut halusivat hy\u00f6dynt\u00e4\u00e4 palautumisaikaa enemm\u00e4n. Mit\u00e4\u00e4n huomautettavaa ei ollut lopputarkastuksessa kummallakaan. Kaikki aata! Valton syke oli 51 ja S\u00e4mpyn 45. Ja Tanja viel\u00e4 ep\u00e4ili, ett\u00e4 eiv\u00e4t suoriudu matkasta! Me olemme olleet jo alkukes\u00e4st\u00e4 sit\u00e4 mielt\u00e4, ett\u00e4 80km menisi l\u00e4pi heitt\u00e4m\u00e4ll\u00e4 ja nyth\u00e4n se on todistettu. hevoset eiv\u00e4t olleet miss\u00e4\u00e4n vaiheessa v\u00e4syneit\u00e4 tai haluttomia siin\u00e4 m\u00e4\u00e4rin, ett\u00e4 kisaa ei olisi voinut jatkaa viel\u00e4 yhden lenkin verran.<\/p>\n<p>Mit\u00e4p\u00e4s siin\u00e4 muuta kuin kovasti taas onniteltiin toisiamme ja muitakin kisaajia. Hienoa oli, ett\u00e4 niin moni sai kvaalit SM-kisoihin ja eteni uudelle tasolle. Pettymyksi\u00e4kin tuli, mutta jokainen pettymys vie kohti seuraavaa onnistumista ja sen takia niist\u00e4 ei kannata t\u00e4ysin masentua. T\u00e4ss\u00e4 lajissa vaan panostus on niin suurta, ett\u00e4 pettymykset ly\u00f6v\u00e4t voimalla, kun niit\u00e4 eteen tulee.<\/p>\n<p><b>Kaikki loppuu aikanaan<\/b><\/p>\n<p><img decoding=\"async\" class=\"alignleft\" src=\"http:\/\/www.suonpaa.net\/wp-content\/uploads\/2017\/08\/punkkis2013_06.jpg\" \/>Laiteltiin hevoset ja tavarat paikoilleen. Tanjalla oli hienot loimet, joka viimeisteli yhten\u00e4isen ilmeen. Palkintojenjaossa oli hymyilevi\u00e4 kasvoja, niin kuin pit\u00e4\u00e4kin. Tiimit olivat siististi yhten\u00e4isiss\u00e4 asuissa ja paikallaolijat saivat hienoa kuvasatoa. Aurinkokin alkoi pilkistell\u00e4 ja hellekausi oli ilmeisesti tappanut paarmat, sill\u00e4 ymp\u00e4rill\u00e4 hy\u00f6ri ainoastaan limen v\u00e4rist\u00e4 innostuneita kukkak\u00e4rp\u00e4si\u00e4. Seremonioiden j\u00e4lkeen kruunattiin p\u00e4iv\u00e4 viel\u00e4 perinteisesti makkaroilla ja letuilla. Viimeisin\u00e4 oltiin taas kilpailupakalla, mutta mik\u00e4p\u00e4s oli ollessa, hyv\u00e4ss\u00e4 seurassa ja hyvill\u00e4 mielin. Kiire kuitenkin v\u00e4h\u00e4n, sill\u00e4 Dottie odotteli jo kotona. Ihanaa kuitenkin, ett\u00e4 Tiina oli hengess\u00e4 mukana ja oli k\u00e4ynyt typyk\u00e4n kanssa tunnin mets\u00e4lenkill\u00e4 sy\u00f6m\u00e4ss\u00e4 marjoja ja nuuhkimassa mets\u00e4ilmaa. Iso kiitos Tiinalle siit\u00e4. Tiimity\u00f6t\u00e4h\u00e4n t\u00e4m\u00e4 on ja osa tiimist\u00e4 hoitaa my\u00f6s kotihommeleita, kun osa on kilpailupaikalla.<\/p>\n<p>Kotimatka sujui Karin kuorsatessa ja yleisurheilun MM-kilpialujen selostusta kuunnellen. Ajelin hetken matkaa Ollin ja Alean per\u00e4ss\u00e4 Lopintiell\u00e4, mutta ohituskaistojen alkaessa vilkutin heipat ja kiihdyttelin kotiin. Kotona purettiin auto, sy\u00f6tiin v\u00e4h\u00e4n, k\u00e4ytiin kisaa l\u00e4pi ja mentiin nukkumaan. Ei tarvinnut lampaita laskea.<\/p>\n<p><img decoding=\"async\" class=\"alignleft\" src=\"http:\/\/www.suonpaa.net\/wp-content\/uploads\/2017\/08\/punkkisteam2013.jpg\" \/>Hyvin on kausi mennyt Tanjan hevosilla suunnitelmien mukaan ja v\u00e4h\u00e4n jopa yli. Viel\u00e4 aluemestaruus ja loppukaudesta ihan oikea 80km kisa, niin homma on siin\u00e4. Tanja alkaa nyt olla v\u00e4h\u00e4n liian tuttu ja pist\u00e4\u00e4 hanttiin. Mutta koko ajan asiat etenev\u00e4t. Me vaaditaan kohtuuttomia ja Tanja pehmentelee, niin lopputulos on aika kiva. Laukon kylpyl\u00e4sessiot tekev\u00e4t hevosille hyv\u00e4\u00e4 ja muutenkin kumpikin kehittyy koko ajan. Viel\u00e4 kun viilent\u00e4minen alkaa sujua, tai se, ett\u00e4 ratsastaja voi ottaa jotain k\u00e4teens\u00e4. Treeni\u00e4, treeni\u00e4. Ja koko ajan pit\u00e4\u00e4 my\u00f6s valmistautua siihen, ett\u00e4 vastoink\u00e4ymisi\u00e4kin ihan varmasti tulee. Jopa putoamisia ja kaatumisia. Niist\u00e4kin t\u00e4ytyy sitten vaan p\u00e4\u00e4st\u00e4 yli ja jatkaa entiseen malliin. Valedro ja S\u00e4mpy ovat hyv\u00e4ll\u00e4 tiell\u00e4 ja Tanja varmasti debytoi ensi vuonna jo kv-tasollakin.<\/p>\n<\/div>\n<\/div><\/div><\/div><\/div><\/div>","protected":false},"excerpt":{"rendered":"<p>L\u00e4ht\u00f6lista taso 2.4 6. Kari K\u00e4rkk\u00e4inen (RieRat) \u2013 Kuvaharjun Valedro, 8-v. arabialainen t\u00e4ysiverinen, ruuna7. Kirsi Oittinen (GWR) \u2013 Ruk Rotrico, 7-v. arabialainen t\u00e4ysiverinen, ruuna8. Emma Siuvo (PIRMA) \u2013 El Sahram, 12-v. lv-ox-risteytys, tamma9. Tanja Turunen (RieRat) \u2013 GR Safeer DE, 8-v. arabialainen t\u00e4ysiverinen, ruuna19. Olli Tahkokallio (SuMaRa) &#8211; Alea SE, 15-v. arabialainen t\u00e4ysiverinen, tamma Tulokset [&hellip;]<\/p>\n","protected":false},"author":3,"featured_media":0,"parent":663,"menu_order":9,"comment_status":"closed","ping_status":"closed","template":"templates\/template-full.php","meta":{"footnotes":""},"class_list":["post-5242","page","type-page","status-publish","hentry","post"],"_links":{"self":[{"href":"https:\/\/www.suonpaa.net\/index.php?rest_route=\/wp\/v2\/pages\/5242","targetHints":{"allow":["GET"]}}],"collection":[{"href":"https:\/\/www.suonpaa.net\/index.php?rest_route=\/wp\/v2\/pages"}],"about":[{"href":"https:\/\/www.suonpaa.net\/index.php?rest_route=\/wp\/v2\/types\/page"}],"author":[{"embeddable":true,"href":"https:\/\/www.suonpaa.net\/index.php?rest_route=\/wp\/v2\/users\/3"}],"replies":[{"embeddable":true,"href":"https:\/\/www.suonpaa.net\/index.php?rest_route=%2Fwp%2Fv2%2Fcomments&post=5242"}],"version-history":[{"count":6,"href":"https:\/\/www.suonpaa.net\/index.php?rest_route=\/wp\/v2\/pages\/5242\/revisions"}],"predecessor-version":[{"id":5257,"href":"https:\/\/www.suonpaa.net\/index.php?rest_route=\/wp\/v2\/pages\/5242\/revisions\/5257"}],"up":[{"embeddable":true,"href":"https:\/\/www.suonpaa.net\/index.php?rest_route=\/wp\/v2\/pages\/663"}],"wp:attachment":[{"href":"https:\/\/www.suonpaa.net\/index.php?rest_route=%2Fwp%2Fv2%2Fmedia&parent=5242"}],"curies":[{"name":"wp","href":"https:\/\/api.w.org\/{rel}","templated":true}]}}