{"id":5167,"date":"2017-08-06T21:16:40","date_gmt":"2017-08-06T18:16:40","guid":{"rendered":"http:\/\/www.suonpaa.net\/?page_id=5167"},"modified":"2017-08-06T21:20:45","modified_gmt":"2017-08-06T18:20:45","slug":"11-5-13-sastamala-myllymaa","status":"publish","type":"page","link":"https:\/\/www.suonpaa.net\/?page_id=5167","title":{"rendered":"11.5.13 Sastamala, Myllymaa"},"content":{"rendered":"<div id=\"pl-5167\"  class=\"panel-layout\" ><div id=\"pg-5167-0\"  class=\"panel-grid panel-no-style\" ><div id=\"pgc-5167-0-0\"  class=\"panel-grid-cell\" ><div id=\"panel-5167-0-0-0\" class=\"so-panel widget widget_sow-editor panel-first-child panel-last-child\" data-index=\"0\" ><div\n\t\t\t\n\t\t\tclass=\"so-widget-sow-editor so-widget-sow-editor-base\"\n\t\t\t\n\t\t>\n<div class=\"siteorigin-widget-tinymce textwidget\">\n\t<p><i>L\u00e4ht\u00f6lista, taso 2.3 <\/i><\/p>\n<\/div>\n<\/div><\/div><\/div><div id=\"pgc-5167-0-1\"  class=\"panel-grid-cell\" ><div id=\"panel-5167-0-1-0\" class=\"so-panel widget widget_sow-editor panel-first-child panel-last-child\" data-index=\"1\" ><div\n\t\t\t\n\t\t\tclass=\"so-widget-sow-editor so-widget-sow-editor-base\"\n\t\t\t\n\t\t>\n<div class=\"siteorigin-widget-tinymce textwidget\">\n\t<p><i>Tulokset, taso 2.3 <\/i><\/p>\n<\/div>\n<\/div><\/div><\/div><\/div><div id=\"pg-5167-1\"  class=\"panel-grid panel-no-style\" ><div id=\"pgc-5167-1-0\"  class=\"panel-grid-cell\" ><div id=\"panel-5167-1-0-0\" class=\"so-panel widget widget_sow-editor panel-first-child panel-last-child\" data-index=\"2\" ><div\n\t\t\t\n\t\t\tclass=\"so-widget-sow-editor so-widget-sow-editor-base\"\n\t\t\t\n\t\t>\n<div class=\"siteorigin-widget-tinymce textwidget\">\n\t<p>Jotain kamoja ker\u00e4iltiin jo illalla. Aamulla kuitenkin todettiin, ett\u00e4 iso osa oli ker\u00e4\u00e4m\u00e4tt\u00e4 ja kiire oli j\u00e4lleen kerran melkoinen. Suurin mekastus ja k\u00e4sien heiluttelu tuli siit\u00e4, kun flexicurve oli totaalisesti kadonnut. Kari p\u00f6nki mun ty\u00f6huoneessa ja m\u00e4 h\u00e4nen. Kummallakin oli vakaa k\u00e4sitys siit\u00e4, ett\u00e4 toinen on sen jemmannut johonkin. Ei l\u00f6ytynyt, ei, ja her\u00e4tettiin sitten h\u00e4t\u00e4p\u00e4iss\u00e4 pari ulkopuolistakin ihmist\u00e4. My\u00f6h\u00e4ss\u00e4 p\u00e4\u00e4stiin liikkeelle ja sitten piti viel\u00e4 k\u00e4yd\u00e4 tallilla. Motarilla Texu sai aika paljon monoa ja ilmoittelimmekin Tanjalle, ett\u00e4 my\u00f6h\u00e4ss\u00e4 tullaan. Tanja totesi, ett\u00e4 eip\u00e4 h\u00e4t\u00e4\u00e4, he hoitavat Tiinan kanssa toimistomuodollisuudet ja k\u00e4ytt\u00e4v\u00e4t hevoset tarkastuksessa. Tyylikk\u00e4\u00e4sti me ajettiin viel\u00e4 tutkatolppaan Marskin salonkivaunun kohdalla, kun tuijotettiin kumpikin sit\u00e4 vaunua, eik\u00e4 huomattu tolppaa saati rajoituksen vaihtumista.<\/p>\n<p>Oltiin kilpailukeskuksessa kolme minuuttia vaille yhdeks\u00e4n (l\u00e4ht\u00f6 10:00). Tanjan porukka oli piirun verran per\u00e4ss\u00e4, joten saatiin katsoa pidemm\u00e4n luokan starttaaminen ja k\u00e4yd\u00e4 vessassa. Hevoset tulivat paikalle varttia yli yhdeks\u00e4n. Siin\u00e4 ei kauaa nokka tuhissut, kun osa porukasta juoksi toimistoon. Sitten hevoset ulos kopista, muutama askel ravia ja tarkastukseen. Valedrolla kaikki oli aata ja hevonen n\u00e4ytti oikein hyv\u00e4lt\u00e4.<\/p>\n<p>Nopeasti pistettiin hevoset valmiiksi. Pient\u00e4 riuhtomista kamojen kanssa, ett\u00e4 mik\u00e4 kuuluu kenellekin. Meill\u00e4 oli sill\u00e4 tavalla kiire, ett\u00e4 haluttiin edes v\u00e4h\u00e4n pelivaraa selk\u00e4\u00e4nnousuun. Valto on kehitt\u00e4nyt uuden tempun. Se ei mill\u00e4\u00e4n olisi antanut laittaa kuolaimia, tai ottaa niit\u00e4 pois. Tanjan apua tarvittiin siihen hommaan ja omppua. Kun selk\u00e4\u00e4nnousun aika tuli, niin n\u00e4yt\u00f6styylisesti Valto py\u00f6ri muutaman kierroksen itsens\u00e4 ymp\u00e4ri Kari jalka jalustimella ja sitten hops vaan selk\u00e4\u00e4n. T\u00e4m\u00e4n j\u00e4lkeen yksi kontrolloimaton singahdus ja isompi kaari, mutta sitten homma alkoi rauhoittua. El\u00e4inl\u00e4\u00e4k\u00e4ri oli todennut, ett\u00e4 hyvinh\u00e4n se meni. Sama vet on ollut jo muutamassa kisassa katsomassa r\u00e4j\u00e4ht\u00e4v\u00e4\u00e4 selk\u00e4\u00e4nnousua. Homma sujuu jo kotona ihan hyvin, mutta kisapaikalla on v\u00e4h\u00e4n enemm\u00e4n j\u00e4nnitteit\u00e4. Mutta tottuuhan se, kun tulee vaan toistoja toistojen per\u00e4\u00e4n.<\/p>\n<p><img decoding=\"async\" class=\"alignleft\" src=\"http:\/\/www.suonpaa.net\/wp-content\/uploads\/2017\/08\/sastamala110513_01.jpg\" \/>Ehtiv\u00e4t hetken py\u00f6ri\u00e4 ympyr\u00e4\u00e4. Menin l\u00e4ht\u00f6viivalle norkoilemaan. Koitin komentaa, ett\u00e4 eiv\u00e4t menisi stilettisepeliin survomaan. Kun l\u00e4ht\u00f6lupa annettiin, niin ihan rauhallisesti l\u00e4htiv\u00e4t liikkeelle. Kanssakilpailijat kai kuitenkin tajusivat, ett\u00e4 kannattaa antaa tuon kaksikon taivaltaa ihan kesken\u00e4\u00e4n. Ja jos eiv\u00e4t heti alkuunsa ymm\u00e4rt\u00e4neet, niin hevoset ja ratsastajat tekiv\u00e4t sen varmasti selv\u00e4ksi. Kumpikaan kun ei sied\u00e4 sit\u00e4, ett\u00e4 roikutaan ihan kintereill\u00e4. Jotenkin toivoisi kyll\u00e4, ett\u00e4 kanssakilpailijat aina arvostaisivat sit\u00e4, jos ratsastaja suusanallisesti kertoo, ett\u00e4 ihan h\u00e4nn\u00e4ss\u00e4 ei kannata roikkua.<\/p>\n<p>Oli ennakkoon sovittu, ett\u00e4 kilpailu vied\u00e4\u00e4n l\u00e4pi 13-14 km\/h nopeudella ja alun kivisilta kierret\u00e4\u00e4n. Reittiselostuksessa otin ohjeet vastaan pidin ennen starttia briiffauksen ratsastajille. Sovittiin, ett\u00e4 j\u00e4\u00e4mme antamaan viittomia siihen kohtaan, jossa l\u00e4htev\u00e4t siltaa kiert\u00e4v\u00e4lle reitille. Kalilei tulikin paikalle ensimm\u00e4isen\u00e4, sill\u00e4 muut eiv\u00e4t olleet tulleet yli aiemmastakaan sillasta. Kari v\u00e4h\u00e4n harmitteli, ett\u00e4 ei enn\u00e4tt\u00e4nyt Valton kanssa Kalilein imuun, sill\u00e4 Valto olisi toisen hevosen per\u00e4ss\u00e4 ylityksen tehnyt, mutta olivat v\u00e4h\u00e4n sivussa, joten v\u00e4lit\u00f6n vetoapu j\u00e4i k\u00e4ytt\u00e4m\u00e4tt\u00e4. Muutama minuutti hommassa tuhraantui, mutta sitten Kitka talutettiin yli ja muut meniv\u00e4t per\u00e4ss\u00e4.<\/p>\n<p>Otettiin eka nopea huolto kiertotieosuudelle. Paikkaan oli matkaa n. 5km ja olivat k\u00e4ytt\u00e4neet aikaa 20 minuuttia. Nopea huolto, Valedro v\u00e4h\u00e4n k\u00e4ytti huulia melassivesi\u00e4mp\u00e4riss\u00e4 ja kumpikin sai Tiinalta pari porkkana ja omenaa suuhunsa. Saatiin v\u00e4h\u00e4n huijattua Valtoa ja Kari onnistui nappaamaan aurinkolasit mun kuupasta ja asettelemaan ne omaan p\u00e4\u00e4h\u00e4ns\u00e4. Sitten matka jatkui. Totesimme, ett\u00e4 suoraan menneet eiv\u00e4t olleet viel\u00e4 omalta osuudeltaan tulleet. Kuinka ollakaan tyypit ratsastivat j\u00e4lleen riemukkaasti harhaan. Kaipailivat kuulemma k\u00e4\u00e4ntymismerkki\u00e4 ja kun sit\u00e4 ei tullut, niin painoivat suoraan. Siin\u00e4 ehtiv\u00e4t sitten sillan kautta tulleetkin pyyh\u00e4lt\u00e4\u00e4 ohi, kun palailivat k\u00e4si\u00e4\u00e4n levitellen harharetkilt\u00e4\u00e4n. Pablo totesikin, ett\u00e4 ihan reilua toisaalta antaa tasoitusta, kun toiset valitsivat haastavan sillan.<\/p>\n<p><img decoding=\"async\" class=\"alignleft\" src=\"http:\/\/www.suonpaa.net\/wp-content\/uploads\/2017\/08\/sastamala110513_02.jpg\" \/>L\u00e4hdettiin kohti seuraavaa huoltopaikkaa. Valitsimme reittiselostuksessa neuvotusti sellaisen vaihtoehdon, ett\u00e4 ajelimme reitti\u00e4 vastaan l\u00e4pi lammastilan yms. Tie oli sit\u00e4 verta t\u00f6yssyinen, ett\u00e4 kyll\u00e4 tyr\u00e4t rytkyiv\u00e4t. Ik\u00e4v\u00e4n paljon oli ter\u00e4v\u00e4\u00e4 soraa. Pohjalliset olisivat olleet ihan paikallaan. Kosteat kohdat olivat olleet todella kosteita ja ratsastajille oli ylitysten j\u00e4lkeen aina huoli siit\u00e4, olivatko keng\u00e4t edelleen jaloissa. T\u00e4ll\u00e4 kertaa oli onni my\u00f6den. Tanja oli kyll\u00e4 todennutkin, ett\u00e4 molempien starttinumerot ovat h\u00e4nen onnennumeroitaan ja meill\u00e4kin on kokemusta, ett\u00e4 7 on erinomainen l\u00e4ht\u00f6numero. Homma eteni reitill\u00e4 toivotulla tavalla.<\/p>\n<p>Seuraava huolto oli 16km:n kohdalla. Valto oli aika hikinen ja olisin niin toivonut, ett\u00e4 voitaisiin v\u00e4h\u00e4n huljutella hevosia, mutta t\u00e4ll\u00e4 kertaa se homma ei ollut ohjelmassa. Olen jo ideoinutkin, ett\u00e4 aloitettaisiin se niin, ett\u00e4 juotto\u00e4mp\u00e4rist\u00e4 huollon p\u00e4\u00e4tteeksi otettaisiin \u00e4ysk\u00e4rill\u00e4 vett\u00e4 ja kaadettasiin kaulalle. Kun se alkaa sujua, niin sitten v\u00e4hitellen sel\u00e4st\u00e4 k\u00e4sin virutellaan. Kyll\u00e4h\u00e4n ne siihen tottuvat, mutta treenaaminen pit\u00e4\u00e4 aloittaa v\u00e4hitellen ja ihan pienimuotoisesti. N\u00e4ill\u00e4 keleill\u00e4 ja viel\u00e4 aika paksulla karvalla kuuma tulee v\u00e4ist\u00e4m\u00e4tt\u00e4. Valto taas v\u00e4h\u00e4n joi ja porkkanaa\/omppua saivat kumpikin. Hevoset olivat virtavia edelleen.<\/p>\n<p>Otettiin 4-5km:n v\u00e4lein muutama lis\u00e4huolto, jotta alkaisivat juomaan. Valedro joikin aina v\u00e4h\u00e4n, Safeer ei niink\u00e4\u00e4n. Kun lammasfarmin l\u00e4pi piti menn\u00e4, niin j\u00e4imme v\u00e4h\u00e4n odottamaan ja ottamaan irtohevosia kiinni. Tyypit tulivat koko alueen l\u00e4pi ihan reippaasti, mutta oikeastaan ihan viimeisten pikkuruisten lapsilampaiden luona S\u00e4mpy l\u00f6i ensin liinat kiinni ja Vallu tietenkin heti per\u00e4\u00e4n. Tyypit olivat kuin bambit j\u00e4\u00e4tik\u00f6ll\u00e4. Jalat s\u00e4tkiv\u00e4t kaikkiin mahdollisiin suuntiin ja korvien v\u00e4liss\u00e4 py\u00f6ri vimmatusti, ett\u00e4 mit\u00e4 ihmett\u00e4 noi on. Lampaita oli tosiaan kymmeni\u00e4, jos ei satoja, joten ihan j\u00e4nnitt\u00e4v\u00e4 niit\u00e4 oli ihmisenkin katsella. Valto siin\u00e4 taisi ensin ottaa tilanteen haltuun ja jatkoivat matkaa. Mit\u00e4\u00e4n vaaratilanteita ei ollut tarjolla, mutta pieni hassunkurinen hetki kuitenkin.<\/p>\n<p><img decoding=\"async\" class=\"alignleft\" src=\"http:\/\/www.suonpaa.net\/wp-content\/uploads\/2017\/08\/sastamala110513_03.jpg\" \/>Huollettiin viel\u00e4 kerran ja todettiin, ett\u00e4 matkaa on nelisen kilometri\u00e4, joten voivat rauhassa hidastaa ja tulla tauolle niin, ett\u00e4 p\u00e4\u00e4st\u00e4\u00e4n suoraan sykkeeseen. N\u00e4in k\u00e4vikin. K\u00e4yttiv\u00e4t lenkkiin aikaa 2h 10 min (30 km + 1 km eksymislenkki), eli todellinen keskinopues 14,3 km\/h. Kari tiesi jo taluttaessaan, ett\u00e4 sykkeet ovat hyv\u00e4t ja huusi tielt\u00e4, ett\u00e4 satulat pois ja tarkastukseen. N\u00e4in tehtiin, kumpikin oli reippaasti alle 60 iskun. Vallu sai suolisto\u00e4\u00e4nist\u00e4 ja ihopoimusta beet\u00e4, muuten kaikki oli aata. S\u00e4mpy juoksutettiin kahdesti ja sai liikkeest\u00e4 viel\u00e4 aata, mutta alakanttiin. Totesin Tanjalle, ett\u00e4 se kannattaa ainakin uusintajuoksutuksessa juoksuttaa ihan t\u00e4ysill\u00e4, sill\u00e4 liike n\u00e4ytt\u00e4\u00e4 ep\u00e4m\u00e4\u00e4r\u00e4iselt\u00e4, kun l\u00f6nkyttelee. Tahdikkaasti juostessa liike on hyv\u00e4. Hyvill\u00e4 mielin mentiin tauolle. Kari kipitti vessaan ja hevoset saivat sy\u00f6t\u00e4v\u00e4\u00e4. Valedro veteli hyv\u00e4ll\u00e4 halulla m\u00f6ss\u00f6\u00e4\u00e4n, joka olikin ihan suotavaa, jotta suolisto\u00e4\u00e4net saataisiin taas selv\u00e4sti kuuluviksi.<\/p>\n<p>Nopeasti meni tauko. Kari oli ajallaan sel\u00e4ss\u00e4, vauhdikkaasti j\u00e4lleen, mutta pienemm\u00e4ll\u00e4 s\u00e4tkytyksell\u00e4, kuin ensimm\u00e4isell\u00e4 kerralla. Tanjalla ei ollut suurta kiirett\u00e4 ja Tiinan kanssa vaihdettiin aihesta muutama sananen silm\u00e4\u00e4 iskien. V\u00e4h\u00e4n siin\u00e4 oli viel\u00e4 varusteet hukassa yms. Kari huuteli jo talon nurkalta, ett\u00e4 15 sekkaa aikaa. S\u00e4mpy sai pist\u00e4\u00e4 juoksuksi, sill\u00e4 Vallu ei en\u00e4\u00e4 ihmeemmin odotellut, vaan l\u00e4hti kiltisti reitille, kun Kari niin pyysi. Ehdinkin huutaa Tanjalle, ett\u00e4 Kari j\u00e4tt\u00e4\u00e4, jos ei nyt pid\u00e4 kiirett\u00e4. Aina kannattaa v\u00e4h\u00e4n uhkailla.<\/p>\n<p><img decoding=\"async\" class=\"alignleft\" src=\"http:\/\/www.suonpaa.net\/wp-content\/uploads\/2017\/08\/sastamala110513_04.jpg\" \/>Toinen lenkki meni ihan ensimm\u00e4isen kaltaisesti. Saivat kulkea kesken\u00e4\u00e4n, mutta Kitka tuli aika nopeasti selk\u00e4 edell\u00e4 vastaan. Hevoset eiv\u00e4t olleet en\u00e4\u00e4 ihan niin tuoreita, kuin ensimm\u00e4isell\u00e4 lenkill\u00e4. Kuumuus varmasti aiheutti v\u00e4h\u00e4n pehment\u00e4v\u00e4sti, sill\u00e4 l\u00e4mp\u00f6\u00e4 pitk\u00e4lti p\u00e4\u00e4lle 20 asteen. Toinen lenkki oli ratsastajien mielest\u00e4 v\u00e4h\u00e4n puuduttava: asfalttitiet\u00e4 oli paljon ja mit\u00e4\u00e4n uutta kivaa ei ollut tarjolla. 14km lenkin taittoivat reippaaseen tuntiin. Kari taas tullessaan huuteli, ett\u00e4 sykkeet ovat hyv\u00e4t. Niin olivatkin. Otettiin satulat pois ja mentiin sykkeeseen. V\u00e4h\u00e4n hermostutti tyyli, ett\u00e4 kesken tarkastuksenkin el\u00e4inl\u00e4\u00e4k\u00e4ri l\u00e4hti mittaamaan toisen hevosen sykett\u00e4. Toisaalta tietenkin hyv\u00e4, ett\u00e4 sykkeet oikeasti mitataan silloin, kun ilmoitus tulee, eik\u00e4 vartin p\u00e4\u00e4st\u00e4, mutta silti oli h\u00e4iritsev\u00e4\u00e4. Mun mielest\u00e4 vaikka steward voisi kahvalla mitata sykkeen, jos el\u00e4inl\u00e4\u00e4k\u00e4rill\u00e4 on edellinen tarkastus kesken. Jotain tuohon tarkastuskuvioon pit\u00e4isi kehitell\u00e4, kun kahden el\u00e4inl\u00e4\u00e4k\u00e4rin k\u00e4ytt\u00e4minen ei ole taloudellisesti mahdollista.<\/p>\n<p>Sykkeet olivat tarkastuksessa kummallakin matalat. Valedro on v\u00e4h\u00e4n petrannut ja ero Safeerin ei ollut en\u00e4\u00e4 kuin muutama isku. Vallun suolisto\u00e4\u00e4net olivat j\u00e4lleen aata. Ihopoimu oli c, vaikka se oli matkalla juonut hyvin. Safeen sai liikkeest\u00e4 beet\u00e4 ja juoksutettiin taas kahdesti. Oli aika halistelun. Vaikka pieni ja mit\u00e4t\u00f6n kilpailu, niin monessa mieless\u00e4 t\u00e4ll\u00e4 oli suuria merkityksi\u00e4. Tanja sai vakuutta sille, ett\u00e4 voi ihan hyvin siirty\u00e4 seuraavaan luokkaan, kunhan nyt sied\u00e4tet\u00e4\u00e4n hevoset veden kanssa lutraamiseen. Me taas saatiin positiivinen kokemus ja luonnollisesti hyv\u00e4 mieli, kun homma meni rutiinilla ja suunnitelmien mukaan. Nyt pit\u00e4isi vaan katsoa, koska on hyv\u00e4 ajankohta l\u00e4hte\u00e4 60-70km:n kisaan.<\/p>\n<\/div>\n<\/div><\/div><\/div><\/div><\/div>","protected":false},"excerpt":{"rendered":"<p>L\u00e4ht\u00f6lista, taso 2.3 Tulokset, taso 2.3 Jotain kamoja ker\u00e4iltiin jo illalla. Aamulla kuitenkin todettiin, ett\u00e4 iso osa oli ker\u00e4\u00e4m\u00e4tt\u00e4 ja kiire oli j\u00e4lleen kerran melkoinen. Suurin mekastus ja k\u00e4sien heiluttelu tuli siit\u00e4, kun flexicurve oli totaalisesti kadonnut. Kari p\u00f6nki mun ty\u00f6huoneessa ja m\u00e4 h\u00e4nen. Kummallakin oli vakaa k\u00e4sitys siit\u00e4, ett\u00e4 toinen on sen jemmannut johonkin. [&hellip;]<\/p>\n","protected":false},"author":3,"featured_media":0,"parent":663,"menu_order":5,"comment_status":"closed","ping_status":"closed","template":"templates\/template-full.php","meta":{"footnotes":""},"class_list":["post-5167","page","type-page","status-publish","hentry","post"],"_links":{"self":[{"href":"https:\/\/www.suonpaa.net\/index.php?rest_route=\/wp\/v2\/pages\/5167","targetHints":{"allow":["GET"]}}],"collection":[{"href":"https:\/\/www.suonpaa.net\/index.php?rest_route=\/wp\/v2\/pages"}],"about":[{"href":"https:\/\/www.suonpaa.net\/index.php?rest_route=\/wp\/v2\/types\/page"}],"author":[{"embeddable":true,"href":"https:\/\/www.suonpaa.net\/index.php?rest_route=\/wp\/v2\/users\/3"}],"replies":[{"embeddable":true,"href":"https:\/\/www.suonpaa.net\/index.php?rest_route=%2Fwp%2Fv2%2Fcomments&post=5167"}],"version-history":[{"count":4,"href":"https:\/\/www.suonpaa.net\/index.php?rest_route=\/wp\/v2\/pages\/5167\/revisions"}],"predecessor-version":[{"id":5177,"href":"https:\/\/www.suonpaa.net\/index.php?rest_route=\/wp\/v2\/pages\/5167\/revisions\/5177"}],"up":[{"embeddable":true,"href":"https:\/\/www.suonpaa.net\/index.php?rest_route=\/wp\/v2\/pages\/663"}],"wp:attachment":[{"href":"https:\/\/www.suonpaa.net\/index.php?rest_route=%2Fwp%2Fv2%2Fmedia&parent=5167"}],"curies":[{"name":"wp","href":"https:\/\/api.w.org\/{rel}","templated":true}]}}