{"id":5011,"date":"2017-08-06T14:40:28","date_gmt":"2017-08-06T11:40:28","guid":{"rendered":"http:\/\/www.suonpaa.net\/?page_id=5011"},"modified":"2017-08-06T14:45:59","modified_gmt":"2017-08-06T11:45:59","slug":"6-9-2014-pinsio-taso-2-3-aluemestaruus","status":"publish","type":"page","link":"https:\/\/www.suonpaa.net\/?page_id=5011","title":{"rendered":"6.9.2014 Pinsi\u00f6, taso 2.3 -aluemestaruus"},"content":{"rendered":"<div id=\"pl-5011\"  class=\"panel-layout\" ><div id=\"pg-5011-0\"  class=\"panel-grid panel-no-style\" ><div id=\"pgc-5011-0-0\"  class=\"panel-grid-cell\" ><div id=\"panel-5011-0-0-0\" class=\"so-panel widget widget_sow-editor panel-first-child panel-last-child\" data-index=\"0\" ><div\n\t\t\t\n\t\t\tclass=\"so-widget-sow-editor so-widget-sow-editor-base\"\n\t\t\t\n\t\t>\n<div class=\"siteorigin-widget-tinymce textwidget\">\n\t<p><i>L\u00e4ht\u00f6lista<\/i> <\/p>\n<p>1. Keitaanranta Vera - Triippops Phantom<br \/>2. K\u00e4rkk\u00e4inen Kari - Princzis SE ox<br \/>3. L\u00e5ngvik Elina - Prins Henrik<br \/>4. Marjatsalo Mari - Slick Chick<br \/><s>5. Niemel\u00e4 Sanna - Shade<\/s> <i>Peruuttanut<\/i><br \/>6. P\u00e4iv\u00e4ranta Jaana - Yasser Jump<br \/>7. Salop\u00e4\u00e4 Roosa - Go Get'm Girl<br \/>8. Tienhaara Annika - Marvel Apt<br \/>9. Torp Kai - Breget<\/p>\n<\/div>\n<\/div><\/div><\/div><div id=\"pgc-5011-0-1\"  class=\"panel-grid-cell\" ><div id=\"panel-5011-0-1-0\" class=\"so-panel widget widget_sow-editor panel-first-child panel-last-child\" data-index=\"1\" ><div\n\t\t\t\n\t\t\tclass=\"so-widget-sow-editor so-widget-sow-editor-base\"\n\t\t\t\n\t\t>\n<div class=\"siteorigin-widget-tinymce textwidget\">\n\t<p><i>Tulokset<\/i> <\/p>\n<p>1. P\u00e4iv\u00e4ranta Jaana - Yasser Jump<br \/>2. K\u00e4rkk\u00e4inen Kari - Princzis SE ox<br \/>3. Keitaanranta Vera - Triippops Phantom<br \/>4. L\u00e5ngvik Elina - Prins Henrik<br \/>5. Torp Kai - Breget<br \/>6. Tienhaara Annika - Marvel Apt<br \/>7. Marjatsalo Mari - Slick Chick<br \/>8. Salop\u00e4\u00e4 Roosa - Go Get'm Girl<\/p>\n<\/div>\n<\/div><\/div><\/div><\/div><div id=\"pg-5011-1\"  class=\"panel-grid panel-no-style\" ><div id=\"pgc-5011-1-0\"  class=\"panel-grid-cell\" ><div id=\"panel-5011-1-0-0\" class=\"so-panel widget widget_sow-editor panel-first-child panel-last-child\" data-index=\"2\" ><div\n\t\t\t\n\t\t\tclass=\"so-widget-sow-editor so-widget-sow-editor-base\"\n\t\t\t\n\t\t>\n<div class=\"siteorigin-widget-tinymce textwidget\">\n\t<p><b>Perjantai<\/b><\/p>\n<p>Keli oli kohdillaan, jopa v\u00e4h\u00e4n kuumaa n\u00e4in syksyiseen ajankohtaan sijoitettuna. Oltiin hyviss\u00e4 ajoin liikenteess\u00e4 ja tavaratkin p\u00e4\u00e4s\u00e4\u00e4nt\u00f6isesti mukana. Tunnelma muutenkin hyv\u00e4. Uusi auto teki vaikutuksen heti kotipihalla, kun \u00e4ij\u00e4 rehvakkaasti k\u00e4h\u00e4ytti ilmastoinnin p\u00e4\u00e4lle.<\/p>\n<p>Tallilla haettiin Urho talliin. Oli ajateltu, ett\u00e4 pest\u00e4\u00e4n koko hevonen, mutta Karin mielest\u00e4 se ei ollut likainen. Harjailin sit\u00e4 hetken ja esitin eri\u00e4v\u00e4n mielipiteen, mutta p\u00e4\u00e4dyttiin sitten sellaiseen ratkaisuun, ett\u00e4 pest\u00e4\u00e4n vain h\u00e4nt\u00e4. Puhdasta tuli ja sitten alettiin lastaushommiin. 3-5 minuuttia ja hevonen oli kopissa. Sill\u00e4 on omat toiveensa, jotka nyt on opittu. Melkeinp\u00e4 voisi sanoa, ett\u00e4 kerta toisensa j\u00e4lkeen homma menee paremmin. Ja n\u00e4in sanottua varmasti seuraava kerta onkin sitten ihan mahdoton kuuden tunnin sessio.<\/p>\n<p>Ajomatka sujui joutuisasti. Hyvink\u00e4\u00e4ll\u00e4 pys\u00e4hdyttiin pikaisesti. Melkein puhuin puhelimessa koko matkan ajan, kun oli taas niin paljon hoideltavia asioita kaikkiin mahdollisiin ilmansuuntiin. Urho matkusti rauhallisesti. Se on kiva hevonen ottaa reissuihin mukaan. Tyyni ja hillitty, tiettyyn pisteeseen asti.<\/p>\n<p><img decoding=\"async\" class=\"alignleft\" src=\"http:\/\/www.suonpaa.net\/wp-content\/uploads\/2017\/08\/pinsio2014_teltta.jpg\" \/>Majapaikka l\u00f6ytyi helposti. Vastassa oli korrekti nuori mies, joka suvereenisti esitteli meille kuviot ja hevoselle oli tarhakin valmiina. Meit\u00e4 v\u00e4h\u00e4n huvitti, kun nuori is\u00e4nt\u00e4 viittoili hein\u00e4varastot ja kauralaarit. kerroin, ett\u00e4 olemme aika omavaraisia hoidon ja ruokinnan suhteen. J\u00e4tettiin hevonen tarhaan heinille ja kiirehdittiin Pirttisillan tilalle. Siell\u00e4 ahkerat ty\u00f6muurahaiset touhuilivat ja matkalla n\u00e4htiin jo reittimerkkej\u00e4kin. Majapaikkamme v\u00e4ki osasi neuvoa sujuvan oikoreitin ja matka kesti vajaan vartin. Vaihdoimme pikaiset kuulumiset ja aloimme pist\u00e4\u00e4 paikkaa kuntoon. Kannettiin jopa seuraavan p\u00e4iv\u00e4n vedet valmiiksi. Kari ronttasi kellot kansliaan ja sitten meill\u00e4 oli jo kiire takaisin tallille.<\/p>\n<p>Laiteltiin hevonen ratsastuskuntoon ja Kari hypp\u00e4si selk\u00e4\u00e4n. Tallin v\u00e4ki kertoi hyv\u00e4n lenkin ja ratsukko k\u00e4vi heitt\u00e4m\u00e4ss\u00e4 vajaan tunnin lenkin. Kaikki askellajit k\u00e4ytiin l\u00e4pi ja hyv\u00e4lt\u00e4 tuntui. Sitten kevyt pyyhk\u00e4isy, iltap\u00f6perot, buusterit, hein\u00e4t ja vedet ja hevoselle heipat.<\/p>\n<p>Oma aittamme oli vajaan 100 metrin p\u00e4\u00e4ss\u00e4, joten nopeasti olimme majapaikassa. Sy\u00f6tiin iltapalaksi aamulla py\u00f6r\u00e4ytt\u00e4m\u00e4\u00e4ni juusto-kinkkupiirakkaa ja h\u00f6rp\u00e4ttiin colaa p\u00e4\u00e4lle. Ilmoitin per\u00e4st\u00e4 tulevalla huoltojoukolle v\u00e4h\u00e4n aikatauluja ja suunniteltiin viel\u00e4 v\u00e4h\u00e4n tulevaa p\u00e4iv\u00e4\u00e4. Tabletilta katsottiin tennist\u00e4 ja ennen kymment\u00e4 multa katkesi jo filmi. N\u00e4in ollen aamulla her\u00e4tys ei tehnyt tuskaa.<\/p>\n<p><b>Lauantai<\/b><\/p>\n<p>Her\u00e4simme ajoissa ja s\u00f6imme kevyen aamupalan. Kamat ly\u00f6tiin nopeasti nippuun ja todettiin, ett\u00e4 saapaskeli. Uhkea usva verhosi maisemaa. Kun l\u00e4hestyimme tallia, niin h\u00f6rin\u00e4 vaan kuului ja her\u00e4iliv\u00e4t tietenkin kaikki. Napattiin Urho mukaan ja lastattiin v\u00e4h\u00e4n kauempana pihasta. Ei ollut taas mit\u00e4\u00e4n erimielisyytt\u00e4. Hetken sain houkutella ja Kari pari kertaa py\u00f6r\u00e4ytt\u00e4\u00e4 narua, niin polle oli kopissa. Sai sy\u00f6d\u00e4 siin\u00e4 puolet aamukauroistaan ja sitten l\u00e4hdettiin hiljakseen ajelemaan kohteeseen. Matka meni hyvin ja v\u00e4h\u00e4n h\u00e4mm\u00e4stelimme, kun emme olleet edes ensimm\u00e4iset Pirttisillan pihassa.<\/p>\n<p>Omaan silm\u00e4\u00e4ni kilpailukeskus n\u00e4ytti oikein toimivalta ja ennen kaikkea tilavalta. Inhoan ahtaita sumppuja, joten t\u00e4m\u00e4 avara alue oli oikein mieleen. Juoksutin hevosta p\u00e4tk\u00e4n ja Kari katsoi, sitten vaihdettiin rooleja ja vietiin hevonen tarkastukseen. Ell kehui hevosta kokeneeksi, koska se k\u00e4ytt\u00e4ytyi hienosti, juoksi hienosti ja sykett\u00e4 oli vaikea edes l\u00f6yt\u00e4\u00e4. Se oli 44 ja meid\u00e4n mielest\u00e4 v\u00e4h\u00e4n yl\u00e4kanttiin. Starttilupa oli lunastettu joten Kari kantoi viimeiset tavarat ja me Urhon kanssa tutustuimme paikkoihin ja nappailtiin m\u00e4rk\u00e4\u00e4 ruohoa. Nostettiin teltta t\u00e4yteen harjaansa ja t\u00e4ss\u00e4 vaiheessa Pauliina ja Matias saapuivat paikalle. Aika kunnioitettavaa kiinnostusta asiaan, kun ajelivat p\u00e4iv\u00e4n aikana 500km vain huoltamaan ja auttamaan meit\u00e4. Take away -kahvimukit oli kummallakin k\u00e4dess\u00e4 ja heti alkoivat ty\u00f6n touhuun. Kantoivat v\u00e4h\u00e4n varusteita autoonsa ja Pauliina talutteli hevosta. Porukalle mentiin reittiselostukseen, joka olikin napakka ja selv\u00e4piirteinen. Kartat ihan oikeat suunnistuskartat, joten ainut ongelma reitin seuraamissa oli ik\u00e4n\u00e4k\u00f6.<\/p>\n<p>V\u00e4ke\u00e4 oli virrannut paikalle ja kaikkialla oli hyv\u00e4 tekemisen meininki. Olin aika keskittynyt omaan tekemiseen, joten suuremmin en ehtinyt seurailla muiden kuvioita. Meill\u00e4 oli tarkoitus saada Kari puolelta selk\u00e4\u00e4n, ett\u00e4 ehtisi verkata kunnolla, koska tarkoitus oli l\u00e4hte\u00e4 sit\u00e4 jo perinteeksi tullutta 20km\/h alkuvauhtia ja sen j\u00e4lkeen tasoittaa tahtia ja edet\u00e4 omaan tahtiin kuitenkin niin, ett\u00e4 koko porukka ei ole vedett\u00e4v\u00e4n\u00e4. Koska alkuvauhti tiedettiin kovaksi, niin sovittiin, ett\u00e4 huollan n. 15km:n kohdalla, Pauliina ja Matias n.25km:n kohdalla ja siin\u00e4 se. Ensimm\u00e4isen lenkin mitaksi ilmoitettiin 35km. Se olisi kahden tunnin pieti.<\/p>\n<p><img decoding=\"async\" class=\"alignleft\" src=\"http:\/\/www.suonpaa.net\/wp-content\/uploads\/2017\/08\/pinsio2014_01.jpg\" \/>Startti tapahtui ajallaan ja Kari l\u00e4hti liikkeelle mielest\u00e4ni jopa v\u00e4h\u00e4n aiottua r\u00e4v\u00e4k\u00e4mmin. Ja eik\u00f6s siin\u00e4 l\u00e4htenyt koko porukka peesiin. Parin kilsan p\u00e4\u00e4st\u00e4 porukka v\u00e4h\u00e4n alkoi rakoilla. Kari ihmetteli, ett\u00e4 porukat vetelee ihan tyytyv\u00e4isen\u00e4 20-23 km\/h vauhteja. Urholla sykkeet v\u00e4h\u00e4n p\u00e4\u00e4lle sadan, joten p\u00e4\u00e4tti pist\u00e4\u00e4 v\u00e4h\u00e4n viel\u00e4 lis\u00e4\u00e4 vauhtia ja sykkeet n. 115 iskuun. Kuuden kilsan kohdalla porukka hajaantui, koska muut varmasti tulivat j\u00e4rkiins\u00e4 ja n\u00e4in ollen saatiin se toivottu ero aikaiseksi. Kaitsu ja Repe pysyiv\u00e4t kuitenkin tiukasti peesiss\u00e4. Kari v\u00e4h\u00e4n h\u00e4mm\u00e4steli, ett\u00e4 sitke\u00e4 on ukko ja sitke\u00e4 on hevonen, mutta alkoi v\u00e4hitellen pudottaa vauhtia. Sykkeet olivat edelleen hyv\u00e4\u00e4 tasoa ja koko lenkin aikana maksimit olivat korkeimman m\u00e4en p\u00e4\u00e4ll\u00e4 140. Alam\u00e4kiosuuksilla putosivat aina alle sadan. Helppoa menoa siis kaiken kaikkiaan.<\/p>\n<p>Reitin varrella kohtasivat my\u00f6s valtavan lammaslauman. T\u00e4st\u00e4 oli v\u00e4h\u00e4n jo pient\u00e4 piikki\u00e4 tullut ennakkoon, ett\u00e4 kuinkahan Urho selvi\u00e4\u00e4 lampaista ja yl\u00e4maan karjasta. Karjaa eiv\u00e4t n\u00e4hneet, mutta lammaslauman l\u00e4pi pisteliv\u00e4t kuin vett\u00e4 vaan, eik\u00e4 silm\u00e4k\u00e4\u00e4n muljahtanut, vaikka lampaitai sinkoili ymp\u00e4rill\u00e4 kaikkiin mahdollisiin suuntiin.<\/p>\n<p>Odottelin huollossa n. 15km:n kohdalla ja siihen tulivat noin 20km\/h vauhdissa. M\u00e4rk\u00e4 hevonen oli ja huuhdeltiin useammalla pullolla. Toppuuttelin jo v\u00e4h\u00e4n tahtia. Huollossa syke putosi heti 80 iskuun. Kaitsun kanssa jatkoivat matkaa. Minuutin p\u00e4\u00e4ss\u00e4 tuli Elina ja h\u00e4nen prinssins\u00e4 ja joku toinen. Seuraavaan porukkaan oli 5 minuuttia eroa. Mielest\u00e4ni ihan riitt\u00e4v\u00e4 ja se olisi jo riitt\u00e4nyt. Ilmoitin asiasta seuraavaan huoltopisteeseen.<\/p>\n<p>Huollon j\u00e4lkeen matka jatkui ja tulivat pitk\u00e4n suoran alkuun. Suoran puolessa v\u00e4liss\u00e4 traktori peruuttaa ison per\u00e4k\u00e4rryn kanssa ja alkaa k\u00e4\u00e4nt\u00e4\u00e4 sit\u00e4 ladon taakse. L\u00e4hestyiv\u00e4t laukoilla traktoria ja Kari ajatteli, ett\u00e4 traktori k\u00e4\u00e4ntyy ja antaa tiet\u00e4, joten jatkoi laukoilla. Traktori puikahtikin takaisin eteen ja l\u00e4hti kaahaamaan karkuun. \u00c4ij\u00e4 ajatteli ett\u00e4 onpa hyv\u00e4, niin ei roiku perseess\u00e4 sitten, jos kerta on sama matka. Ajoi eteenp\u00e4in ja \u00e4kki\u00e4 stoppasi keskelle tiet\u00e4. Mets\u00e4st\u00e4 tuli kaivinkoneen kauha, joka nosti jo t\u00e4ydelle lavalle lis\u00e4\u00e4 maata. T\u00e4ss\u00e4 vaiheessa ratsastaja ajatteli ett\u00e4 voi hemmetti, taisi tulla ongelmia. Kauha alkoi kadota takaisin mets\u00e4\u00e4n ja traktori painoi kaasun pohjaan. Koska edess\u00e4 oli jyrk\u00e4hk\u00f6 yl\u00e4m\u00e4ki, niin traktori ei oikein kiihtynyt kuorma p\u00e4\u00e4ll\u00e4. Viuhahtivat siit\u00e4 kaivinkoneen kauhan ohi, \u00e4ij\u00e4 moikkasi konekuskia ja painelivat traktorin per\u00e4\u00e4n. Suunnilleen turpa per\u00e4k\u00e4rryn takalaidassa pisteliv\u00e4t viel\u00e4 m\u00e4en yl\u00f6s, kunnes traktori sai taas kierroksia koneeseen ja vauhtia niin ett\u00e4 hevonen j\u00e4i j\u00e4lkeen. T\u00e4m\u00e4n kaiken aikana ja j\u00e4lkeen \u00e4ij\u00e4 ajatteli ett\u00e4 on t\u00e4ss\u00e4 kyll\u00e4 kylm\u00e4p\u00e4inen hevonen alla. Ja tietty myh\u00e4ili itsekseen. Leijui, niin kuin joissain piireiss\u00e4 puhutaan.<\/p>\n<p>K\u00e4rkikaksikko oli kuitenkin pit\u00e4nyt viel\u00e4 jonkin aikaa hyv\u00e4\u00e4 vauhtia yll\u00e4, sill\u00e4 Elinan tietojen mukaan jossain vaiheessa ero olisi ollut jo 9 minuutin luokkaa. Loppua kohden tahti kuitenkin tasaantui, sill\u00e4 haluttiin vied\u00e4 hevonen suoraan tarkastukseen. Pauliina ilmoitti, kun ratsukko oli ohittanut heid\u00e4n kohtansa. Kovasti olivat kannustaneet ja siell\u00e4 oli my\u00f6s todettu, ett\u00e4 heti hevosen pys\u00e4hdytty\u00e4 syke oli 70. Hyv\u00e4lt\u00e4 vaikutti, sill\u00e4 meno oli helppoa ja letke\u00e4\u00e4. Molemmille. Viilenteliv\u00e4t v\u00e4h\u00e4n ja usuttivat ratsukkoa eteenp\u00e4in.<\/p>\n<p>Matkan edetess\u00e4 jollain pihalla haukahti koira tai tapahtui jotain muuta yll\u00e4tt\u00e4v\u00e4\u00e4. Urho p\u00e4\u00e4tti v\u00e4h\u00e4n kirist\u00e4\u00e4 tahtia yl\u00e4m\u00e4keen ja Repe teki jonkun sortin tanssiliikkeen. Kari kuuli takaansa jotain kummallista ja vilkaisi taakse p\u00e4in. Kaitsu siell\u00e4 roikkui hevosen kyljell\u00e4 ja hevonen pisteli t\u00e4ytt\u00e4 laukkaa menem\u00e4\u00e4n. Ei muuta, kuin pelit seis ja Urho poikittain tielle. V\u00e4litt\u00f6m\u00e4sti t\u00e4m\u00e4n j\u00e4lkeen kilpakumppani muksahtikin kanveesiin. V\u00e4h\u00e4n otti kipe\u00e4stikin, mutta ukko selk\u00e4\u00e4n ja ja matka jatkui.<\/p>\n<p>Odottelin taukopaikalla ja samalla toivottelin Tanjalle onnea omalle matkalle, jolle l\u00e4hti urheasti suokkip\u00e4iv\u00e4n hengess\u00e4 suomenhevosella. Startti oli Tanjalla 12:00 ja odotin Karia tauolle samaan aikaan. Juuri kun saivat l\u00e4ht\u00f6luvan, niin \u00e4ij\u00e4 tulikin talutellen saman suoran p\u00e4\u00e4h\u00e4n. Eli aika tarkkaan oltiin suunnitellussa vauhdissa. Eka lenkki oli tarkoituskin tulla noin 17km\/h, jotta toiselle lenkille voi h\u00f6ll\u00e4t\u00e4 ja tulla k\u00e4vellen maaliin tarkalleen minimiajassa.<\/p>\n<p>Tarkastukseen mentiin suoraan. Syke oli heti valmis. Siirtyminen maaliviivalta tarkastuspaikalle vei 1-2 minuuttia ja juuri sen verran homma otti aikaa. Pauliina ronttasi satulaa ja Matias tarjoili paria viilennyspulloa ja homma oli siin\u00e4. Ehdin ehk\u00e4 pari kauhallista heitt\u00e4\u00e4 vett\u00e4 kauhalle, kun jo mentiin. Syke oli 60 ja kaikki arviointikohteet A. Huomattiin itse, ett\u00e4 oikeassa takasessa oli joku nirhauma ja esittelin sen el\u00e4inl\u00e4\u00e4k\u00e4rille. Nopea ja ammattimainen tarkastus el\u00e4inl\u00e4\u00e4k\u00e4rilt\u00e4 ja siit\u00e4 nopeasti tauolle. Sy\u00f6t\u00e4v\u00e4\u00e4 ja juotavaa molemmille. Urholle maistui v\u00e4kk\u00e4risekoitus ja kostea tuore, mit\u00e4 taukopellolla kasvoi. Olin sit\u00e4 mielt\u00e4, ett\u00e4 siit\u00e4 se saa vett\u00e4 niin hyvin, ett\u00e4 en kantaisi huolta juomattomuudesta. Se oli my\u00f6s y\u00f6ll\u00e4 juonut hyvin.<\/p>\n<p>Kari saatiin kymment\u00e4 vaille l\u00e4ht\u00f6ajan selk\u00e4\u00e4n. Verkkasivat hetken ja l\u00e4htiv\u00e4t liikkeelle. Olisi pit\u00e4nyt olla videokamera, sill\u00e4 l\u00e4htiv\u00e4t hienoa koivukujaa ja Urho paineli harja hulmuten hienoa hidasta, mutta eteenp\u00e4in viev\u00e4\u00e4 laukkaansa. N\u00e4ytti hienolta. Kaulaa oli kuutisen minuuttia, joten juuri sopivasti. Me olimme Pauliinan kanssa taas sopineet huolloista. Min\u00e4 ottaisin ensimm\u00e4isen stopin ja Pauliina Matiaksen kanssa toisen. Ihan ajank\u00e4yt\u00f6llisist\u00e4 syist\u00e4 haluttiin ottaa lyhyelle 15 km lenkille kaksi huoltoa ja tein omavaltaisen p\u00e4\u00e4t\u00f6ksen ja lis\u00e4sin viel\u00e4 kolmannen.<\/p>\n<p>Eka huolto otettiin n. 6km:n kohdalle. Kaukaa jo n\u00e4in, kun laskettelivat tulemaan. Tehtiin ihan rauhallinen huolto. Muutama omena upposi hevoselle ja \u00e4ij\u00e4 joi. Huljuteltiin ja viilennettiin huolella ja niistin Urholta nen\u00e4n. Paikalla oli v\u00e4h\u00e4n yleis\u00f6\u00e4kin, jolle selitin, mist\u00e4 on kyse. Sovittiin Karin kanssa, ett\u00e4 k\u00e4velee hetken ja p\u00e4\u00e4st\u00e4\u00e4 mut ohi ja sitten huolletaan muutaman kilsan p\u00e4\u00e4st\u00e4 uudelleen. Muistutin viel\u00e4, ett\u00e4 matka hupenee, joten vauhtia pit\u00e4isi entisest\u00e4\u00e4n laskea. Olivat tulleet n. 16km\/h vauhtia.<\/p>\n<p>Uusi huolto 9km:n kohdalle. Kaikessa rauhassa ja toppuuttelin edelleen. Kun aloin tehd\u00e4 l\u00e4ht\u00f6\u00e4, niin muut autot saapuivat paikalle. Eli olivat jo varsin l\u00e4hell\u00e4. Oli ajateltu, ett\u00e4 vikat 2km tullaan ihan k\u00e4ynnill\u00e4 ja tasan 15km\/h vauhdilla maaliin. Olin esitt\u00e4nyt kaksi toivetta, ei maalilaukkaa, ei maalilinjalla kytt\u00e4\u00e4mist\u00e4.<\/p>\n<p>Kolmas huolto joku 3-4 km ennen maalia. Kannustus oli kovaa ja oltiin aika luottavaisia, ett\u00e4 Kari p\u00e4\u00e4see yksin\u00e4\u00e4n maalilinjalle, koska kaikkien on pakko hidastaa. N\u00e4in ei kuitenkaan k\u00e4ynyt. Takajoukot ajoivat karkulaisia kiinni ja joukko kasvoi ja tiivistyi. Ottivat Karin kiinni pari kilsaa ennen maalia. \u00c4ij\u00e4ll\u00e4 ei hermo pit\u00e4nyt, ett\u00e4 olisi luottanut laskelmiimme ja jatkanut k\u00e4velemist\u00e4. Sen sijaan liittyi joukkoon tummaan ja h\u00f6lk\u00f6tteliv\u00e4t tempoillen kohti maalia. Ja siin\u00e4h\u00e4n se sitten oli. Huono juttu oli kuitenkin se, ett\u00e4 aikaa oli 10 minuuttia k\u00e4ytt\u00e4m\u00e4tt\u00e4. Eip\u00e4 mit\u00e4\u00e4n, ensin py\u00f6riv\u00e4t tiell\u00e4, mutta onneksi joku p\u00e4\u00e4tti, taisi olla Kaitsu, ett\u00e4 menn\u00e4\u00e4n kapeasta kohdasta ohi ja kaikki siirtyiv\u00e4t maalisuoran pellolle py\u00f6rim\u00e4\u00e4n. Ih\u00e4n \u00e4lyt\u00f6n loppuratkaisu ja mulla v\u00e4h\u00e4n oikein syke hakkasi, kun pelk\u00e4sin, ett\u00e4 l\u00e4htev\u00e4t pellon p\u00e4\u00e4st\u00e4 laukoille koko porukka. Oli sovittu, ett\u00e4 jos t\u00e4h\u00e4n menn\u00e4\u00e4n, niin laitan h\u00e4l\u00e4rin muutaman sekunnin ennen aikaa. Siirtelin jo huolissani Turusen j\u00e4lkikasvun sivummalle. Onneksi hivuttautuvat metri metrilt\u00e4 l\u00e4hemm\u00e4s maaliviivaa ja lopulta olivat paririviss\u00e4 linjan takana. Kilpailijat seurasivat itse kelloa ja astelivat rauhallisesti maalilinja yli. Kari piti mielest\u00e4\u00e4n huolen, ett\u00e4 oli ensimm\u00e4inen tai toinen. Olin my\u00f6s katsovinani, ett\u00e4 ekana tuli Urhon iso p\u00e4\u00e4 linjan yli.<\/p>\n<p>Ja sitten vasta alkoikin hulina. Tiimit hosuivat kaikkiin suuntiin. Meill\u00e4 oli hevonen heti valmis, mutta Kari oli h\u00e4t\u00e4p\u00e4iss\u00e4\u00e4n kaatanut annetut vedet s\u00e4\u00e4n p\u00e4\u00e4lle, ei kaulalle. Ei muuta, kuin suoraan sykkeeseen. Kari ilmoitti meid\u00e4t ekana, Elina k\u00e4veli linjan yli ekana. Sykkeeseen p\u00e4\u00e4stiin heti ja muut sitten vuorollaan. Meill\u00e4 on v\u00e4h\u00e4n eri\u00e4v\u00e4 havainto siit\u00e4, mit\u00e4 se syke oli, mutta reilusti hyv\u00e4ksytty kuitenkin. Mielest\u00e4ni se oli sama, kuin alkutarkastuksessa, ja hengitystiheys nelj\u00e4 v\u00e4hemm\u00e4n. Ihopoimun palautumisesta tuli B ja kaikesta muusta tuli A. Yksi B kuitenkin tarkoitti sit\u00e4, ett\u00e4 mestaruutta ei tulisi, joten peli oli sill\u00e4 selv\u00e4.<\/p>\n<p>Pestiin hevonen ja Kari alkoi musta kiehkura p\u00e4\u00e4n p\u00e4\u00e4ll\u00e4 kantamaan kamoja. Pauliina ja Matias auttoivat ahkerina ja olimme varsin pian l\u00e4ht\u00f6valmiina. Taluttelin hevosta ja se nappaili ruohoa ja nautti olostaan aurinkoisessa s\u00e4\u00e4ss\u00e4. Pikantti lis\u00e4 hatutukseen seurasi, kun todettiin, ett\u00e4 trailerista oli rengas puhki. Eik\u00e4 mitenk\u00e4\u00e4n ihan v\u00e4h\u00e4\u00e4, vaan sihin\u00e4 kuului paikka-aineesta huolimatta koko ajan.<\/p>\n<p>Kesken p\u00e4hk\u00e4ilyn Kari kiirehti palkintojenjakoon. Urho k\u00e4ytt\u00e4ytyi taas hyvin ja otti tyynesti vastaan nelj\u00e4nnen sijansa ja ruusukkeensa. Sit\u00e4 ei harmittanut yht\u00e4\u00e4n. Porukalla siin\u00e4 puhuttiin, ett\u00e4 ei t\u00e4m\u00e4n tyyppisiss\u00e4 kisoissa kyll\u00e4 mit\u00e4\u00e4n j\u00e4rke\u00e4 ole, kun kaikki voivat huoletta menn\u00e4 maksiminopeutta kyseisen matkan. Toisena vuonna per\u00e4kk\u00e4in tilanne on sama, joten muutosta on varmaankin syyt\u00e4 harkita.<\/p>\n<p>Kari joi viel\u00e4 pikaisesti kahvit ja m\u00e4 siin\u00e4 vaiheessa ilmeisesti j\u00e4tin j\u00e4rkk\u00e4rin johonkin. Hevonen saatiin taas parissa minuutissa koppiin, joten silt\u00e4 osin reissu oli eritt\u00e4in onnistunut. K\u00e4vin viel\u00e4 kiitt\u00e4m\u00e4ss\u00e4 j\u00e4rjest\u00e4ji\u00e4 ja l\u00e4hdettiin kotiin. Matkaev\u00e4\u00e4n\u00e4 oli juustonaksuja ja vaniljacolaa, joten tunnelma kohosi varsin nopeasti. Mietittiin my\u00f6s, ett\u00e4 kaikkien vaikeuksien j\u00e4lkeen hevonen on nyt siin\u00e4 kunnossa, ett\u00e4 se helposti menee 50km tai 65km keskinopeudella 15km\/h ja ylikin. Jalka tuntuu kest\u00e4v\u00e4n ja moni antoi p\u00e4iv\u00e4n aikana palautetta, ett\u00e4 se n\u00e4ytt\u00e4\u00e4 todella hyv\u00e4lt\u00e4 ja n\u00e4ytti kaikissa tarkastuksissa hyv\u00e4lt\u00e4. On kuitenkin ihmisi\u00e4, joiden arvioinnit ja sanomiset arvostaa v\u00e4h\u00e4n toisten sanomisia korkeammalle, joten niit\u00e4 lausahduksia vaalitaan. Sellaiset kommentit, kuten amat\u00f6\u00f6rim\u00e4ist\u00e4 ratsastusta, j\u00e4tet\u00e4\u00e4n ihan omaan arvoonsa. Kuittiahan t\u00e4ss\u00e4 on totuttu ottamaan vastaan ja varmasti my\u00f6s annettu, joten se menee ihan kilpailutoiminnan piikkiin, mutta positiiviset kommentit antavat aina intoa jatkaa ja kehitt\u00e4\u00e4 tekemist\u00e4.<\/p>\n<p>Kotona meit\u00e4 odotti iloinen talliv\u00e4ki ja saimme kovaa kannustusta kaikesta huolimatta. Urhokin otettiin lempe\u00e4sti vastaan Hopon ja Sellan osalta, kun se p\u00e4\u00e4si takaisin laitumelle omiensa seuraan. Tallilla vaadittiin Karilta kakkua kaikesta huolimatta. Tapana kun on menestyksen j\u00e4lkeen hoitaa tarjoilua. Jotain suklaista tai pirtsakkaa. N\u00e4ht\u00e4v\u00e4ksi j\u00e4\u00e4, mink\u00e4 Kari valitsee. M\u00e4 ehdotin mutakakkua, koska seh\u00e4n muistuttaa v\u00e4h\u00e4n ep\u00e4onnistunutta ja l\u00e4ss\u00e4ht\u00e4nytt\u00e4, vaikka on kuitenkin \u00e4lytt\u00f6m\u00e4n hyv\u00e4\u00e4.<\/p>\n<p>Mietin viel\u00e4 illalla, ett\u00e4 talliin olisi pit\u00e4nyt j\u00e4tt\u00e4\u00e4 enemm\u00e4n y\u00f6ksi juotavaa, koska kippo oli tyhj\u00e4 ja arvelin, ett\u00e4 Urho ei kova\u00e4\u00e4nisest\u00e4 automaatista juo. Ja tietenkin Karin olisi pit\u00e4nyt malttaa tulla k\u00e4ynti\u00e4 vikat 2km, niin olisi v\u00e4lttynyt silt\u00e4, ett\u00e4 joutui muiden kanssa maalialueelle py\u00f6rim\u00e4\u00e4n. Haluaisin kuitenkin sen ratsastajan n\u00e4iss\u00e4 meid\u00e4n kotikuvioissa n\u00e4hd\u00e4, jonka p\u00e4\u00e4 olisi siin\u00e4 vaiheessa pit\u00e4nyt. Pauliina ja Matias olivat suunnaton apu ja homma toimi hyvin. Tosin ovat enemm\u00e4n sparraajia, kuin toppuuttelijoita, joten nopeuskisoissa heid\u00e4n vahvuutensa varmasti tulisi esille parhaiten. Ei muuta, kuin kohti uusia haasteita.<\/p>\n<p><b>Maanantai<\/b><\/p>\n<p>Illalla julkaistiin tulokset ev\u00e4styksell\u00e4, ett\u00e4 muutoksia on. Sielt\u00e4 saatiin sitten lukea, ett\u00e4 Urho oli toinen. Ei suuria tunteita, paitsi ehk\u00e4 ihmetys, miten t\u00e4ss\u00e4 n\u00e4in k\u00e4vi.<\/p>\n<p><img decoding=\"async\" class=\"aligncenter\" src=\"http:\/\/www.suonpaa.net\/wp-content\/uploads\/2017\/08\/tuloksetpinsio.jpg\" border=\"1\" \/><\/p>\n<\/div>\n<\/div><\/div><\/div><\/div><\/div>","protected":false},"excerpt":{"rendered":"<p>L\u00e4ht\u00f6lista 1. Keitaanranta Vera &#8211; Triippops Phantom2. K\u00e4rkk\u00e4inen Kari &#8211; Princzis SE ox3. L\u00e5ngvik Elina &#8211; Prins Henrik4. Marjatsalo Mari &#8211; Slick Chick5. Niemel\u00e4 Sanna &#8211; Shade Peruuttanut6. P\u00e4iv\u00e4ranta Jaana &#8211; Yasser Jump7. Salop\u00e4\u00e4 Roosa &#8211; Go Get&#8217;m Girl8. Tienhaara Annika &#8211; Marvel Apt9. Torp Kai &#8211; Breget Tulokset 1. P\u00e4iv\u00e4ranta Jaana &#8211; Yasser Jump2. [&hellip;]<\/p>\n","protected":false},"author":3,"featured_media":0,"parent":660,"menu_order":5,"comment_status":"closed","ping_status":"closed","template":"templates\/template-full.php","meta":{"footnotes":""},"class_list":["post-5011","page","type-page","status-publish","hentry","post"],"_links":{"self":[{"href":"https:\/\/www.suonpaa.net\/index.php?rest_route=\/wp\/v2\/pages\/5011","targetHints":{"allow":["GET"]}}],"collection":[{"href":"https:\/\/www.suonpaa.net\/index.php?rest_route=\/wp\/v2\/pages"}],"about":[{"href":"https:\/\/www.suonpaa.net\/index.php?rest_route=\/wp\/v2\/types\/page"}],"author":[{"embeddable":true,"href":"https:\/\/www.suonpaa.net\/index.php?rest_route=\/wp\/v2\/users\/3"}],"replies":[{"embeddable":true,"href":"https:\/\/www.suonpaa.net\/index.php?rest_route=%2Fwp%2Fv2%2Fcomments&post=5011"}],"version-history":[{"count":6,"href":"https:\/\/www.suonpaa.net\/index.php?rest_route=\/wp\/v2\/pages\/5011\/revisions"}],"predecessor-version":[{"id":5022,"href":"https:\/\/www.suonpaa.net\/index.php?rest_route=\/wp\/v2\/pages\/5011\/revisions\/5022"}],"up":[{"embeddable":true,"href":"https:\/\/www.suonpaa.net\/index.php?rest_route=\/wp\/v2\/pages\/660"}],"wp:attachment":[{"href":"https:\/\/www.suonpaa.net\/index.php?rest_route=%2Fwp%2Fv2%2Fmedia&parent=5011"}],"curies":[{"name":"wp","href":"https:\/\/api.w.org\/{rel}","templated":true}]}}