{"id":4436,"date":"2017-05-22T19:27:04","date_gmt":"2017-05-22T16:27:04","guid":{"rendered":"http:\/\/www.suonpaa.net\/?page_id=4436"},"modified":"2017-05-25T23:52:19","modified_gmt":"2017-05-25T20:52:19","slug":"18-20-5-2017-korvemaa-endurance-ride-estonia","status":"publish","type":"page","link":"https:\/\/www.suonpaa.net\/?page_id=4436","title":{"rendered":"19.-21.5.2017 K\u00f5rvemaa Endurance Ride, Estonia"},"content":{"rendered":"<h3>19.-21.5.2017 K\u00f5rvemaa Endurance Ride, Estonia<br \/>\nMember on the ground jury<\/h3>\n<p><strong>Iltatouhut kisapaikalla<\/strong><\/p>\n<p>T\u00e4ll\u00e4 kertaa Karin ty\u00f6kiireet ja hevosten vajaavainen kunto estiv\u00e4t osallistumisen kilpailevana tiimin\u00e4. Otettiin k\u00e4ytt\u00f6\u00f6n vaihtoehto B ja l\u00e4hdin K\u00f5rvemaalle FEI tuomarin ominaisuudessa. Jossain vaiheessa ehdin jo mietti\u00e4, ett\u00e4 otan Pedronkin mukaan, mutta lopulta tilanteet olivat muuttuneet siihen suuntaan, ett\u00e4 Karin ty\u00f6hommat eiv\u00e4t veisik\u00e4\u00e4n koko y\u00f6t\u00e4, joten koira sai j\u00e4\u00e4d\u00e4 kotiin. T\u00e4ll\u00e4 kertaa raporttini onkin kirjoitettu siis tuomarin silmin katsottuna. Kokemuksena mielenkiintoinen siit\u00e4 syyst\u00e4, ett\u00e4 suomalaisia ratsukoita oli mukana leikissa 11.<\/p>\n<p>Olisi varmaan ollut hyv\u00e4 l\u00e4hte\u00e4 jo torstaina, mutta koska t\u00f6iss\u00e4 on t\u00e4h\u00e4n aikaan aina aika pahat paikat, niin p\u00e4\u00e4tin venkoilla viel\u00e4 torstain t\u00f6iss\u00e4 ja nostaa kytkint\u00e4 vasta perjantaina. Reilu viikko sitten olin jo varaillut lauttaliput ja sopinut, ett\u00e4 menen Team T\u00f6pperssin kakkosauton kyydiss\u00e4 kohteeseen. Maajoukkuevalmennettavien tapaamisessa keksittiin, ett\u00e4 Rita voisi hyp\u00e4t\u00e4 samalle siivelle. Ninan piti tulla my\u00f6s, mutta muutaman mutkan kautta h\u00e4n sitten l\u00e4htikin omalla kyydill\u00e4. Puolilta p\u00e4ivin oltiin jo keskustan ruuhkassa ja varsin hyviss\u00e4 ajoin satamassa. Hevoset oli viety kisapaikalle jo torstaina. Otettiin luukulta priority-kyltti kympill\u00e4 ja n\u00e4in olleen varmistettiin, ett\u00e4 p\u00e4\u00e4st\u00e4\u00e4n nopeasti ulos ja mulla olisi jonkin sortin sauma ehti\u00e4 tuomaritapaamiseen. Ritan kanssa vet\u00e4ydyttin hyttiin. Tytt\u00f6 teki koulujuttuja ja surffalin netiss\u00e4. Pommitin uuttulaisa ja muutamaa muuta jo kohteessa olevaa.\u00a0 Nopeasti se parituntinen taas meni. Jotenkin nopeammin ja nopeammin joka kerta.<\/p>\n<p>Reilu tunti ajettiin K\u00f5rvemaalle. Kirmasin ilmoittautumaan ja hommat polkaistiin k\u00e4yntiin. Virolaiset olivat hukanneet numero- ja toimariliivins\u00e4 mystiseen paikkaan. Heill\u00e4 on v\u00e4h\u00e4isempi m\u00e4\u00e4r\u00e4 liivej\u00e4 kansalliseen kisak\u00e4ytt\u00f6\u00f6n ja suurempi m\u00e4\u00e4r\u00e4 numeroita kv-toimintaan. Kv-liivit olivat kateissa, l\u00f6ytyv\u00e4t varmasti heti kisan j\u00e4lkeen. Totesin kisaj\u00e4rjest\u00e4jille, ett\u00e4 eiv\u00e4t ne ainakaan Suomessa ole ja sitten h\u00f6r\u00f6tettiin porukalla. Vitsi on se, ett\u00e4 meill\u00e4 on numeroliivitilanne ollut pitk\u00e4\u00e4n aika surkea. Kovasti pahoitellen Katrin ojenteli mulle STEWARD-liivin. Mulle se nyt on ihan sama, mik\u00e4 liivi on p\u00e4\u00e4ll\u00e4. Otin liivin ja vetelin sen p\u00e4\u00e4lleni. K\u00e4ytiin nopeasti specsej\u00e4 l\u00e4pi ja totesin heti k\u00e4ttelyss\u00e4, ett\u00e4 nyt on kyll\u00e4 er\u00e4\u00e4n sortin v\u00e4nkyr\u00e4 sattunut tekniseksi asiantuntijaksi. Tyyppi esitti ihan kumallisia vaatimuksia. Onneksi ymm\u00e4rsin paremmin kuin hyvin, ett\u00e4 olin ravintoketjun alimmalla portaalla, joten ny\u00f6kyttelin vain hiljaisuuden vallitessa. Ajattelin, ett\u00e4 p\u00e4\u00e4tt\u00f6myyksist\u00e4 voisi ehk\u00e4 viel\u00e4 my\u00f6hemmin keskustella. Ei voinut. Tai olisi toki voinut keskustella, mutta mit\u00e4\u00e4n muutoksia ei tullut. Muutama todella kummallinen huoltokielto ja siihen liittyv\u00e4t ratkaisut mietityttiv\u00e4t jo heti ja my\u00f6hemmin viel\u00e4kin enemm\u00e4n. Tehtiin siin\u00e4 viel\u00e4 t\u00e4ysin yksimielinen p\u00e4\u00e4t\u00f6s, ett\u00e4 kaikissa luokissa viimeinen tauko tulee olemaan 50 min helteen vuoksi. Samaan aikaan toisaalla muutama hevonen nesteytettiin ja hyv\u00e4 n\u00e4in, sill\u00e4 s\u00e4\u00e4 tuntui todella tukalan helteiselt\u00e4, kuumalta ja kostealta. Nesteet olisi vaan pit\u00e4nyt tuoda itse mukana, niin kuin ohjeistus kuuluu, sill\u00e4 nesteytyst\u00e4 suorittavalla el\u00e4inl\u00e4\u00e4k\u00e4rill\u00e4 varasto oli eritt\u00e4in rajallinen. Suomalaiset joutuivat v\u00e4h\u00e4n neuvottelemaan, kuka nesteytyst\u00e4 eniten tarvitsee. Jos homma hoidetaan asiantuntevasti, niin mit\u00e4\u00e4n haittaahan nesteytyksest\u00e4 ei koskaan ole. Ainoastaan hy\u00f6ty\u00e4.<\/p>\n<p><img loading=\"lazy\" decoding=\"async\" class=\"alignleft size-medium wp-image-4447\" src=\"http:\/\/www.suonpaa.net\/wp-content\/uploads\/2017\/05\/Korve1-375x250.jpg\" alt=\"\" width=\"375\" height=\"250\" srcset=\"https:\/\/www.suonpaa.net\/wp-content\/uploads\/2017\/05\/Korve1-375x250.jpg 375w, https:\/\/www.suonpaa.net\/wp-content\/uploads\/2017\/05\/Korve1-1024x683.jpg 1024w, https:\/\/www.suonpaa.net\/wp-content\/uploads\/2017\/05\/Korve1-272x182.jpg 272w, https:\/\/www.suonpaa.net\/wp-content\/uploads\/2017\/05\/Korve1.jpg 1600w\" sizes=\"auto, (max-width: 375px) 100vw, 375px\" \/>Kilpailukeskuksessa oli kova tohina ja viidelt\u00e4 tarkastusten alkaessa minun paikkani oli ohjailla ratsukoita tarkastukseen ja silm\u00e4ill\u00e4, ett\u00e4 kaikki toimii s\u00e4\u00e4detyll\u00e4 tavalla. Ja johan siin\u00e4 pient\u00e4 s\u00e4\u00e4t\u00f6\u00e4 olikin. Kaikille paikalla olleille tuli viimeist\u00e4\u00e4n nyt varmaan selv\u00e4ksi, ett\u00e4 jos FEI-passi on uudehko ja hevosta ei ole sen my\u00f6nt\u00e4misen yhteydess\u00e4 tunnistettu, niin tunnistamista varten t\u00e4ytyy kuljettaa my\u00f6s hevosen alkuper\u00e4ist\u00e4 passia mukana. Sit\u00e4 ei t\u00e4ss\u00e4 kohtaa kannata j\u00e4tt\u00e4\u00e4 autoon tai majapaikkaan tai kotiin. T\u00e4ll\u00e4 kertaa ihan kaikilta ei tunnistepassia l\u00f6ytynyt, eik\u00e4 siruakaan. Olin sit\u00e4 mielt\u00e4, ett\u00e4 tasapuolisuuden nimiss\u00e4 kaikki tulee kohdella samalla tavalla. Pienimuotoista draamaa ja oikeastaan tein itseni t\u00e4rke\u00e4ksi, jos en jopa korvaamattomaksi, jo kisojen t\u00e4ss\u00e4 vaiheessa. Loppuajan voisin sitten vihellell\u00e4 vaan tyytyv\u00e4isen\u00e4. Mulle annettiin my\u00f6s aika paljon sellaisia teht\u00e4vi\u00e4, ett\u00e4 piti menn\u00e4 selitt\u00e4\u00e4 suomalaisille milloin mit\u00e4kin asiaa, muutosta tai muuta s\u00e4l\u00e4\u00e4. Juoksetelin viestitt\u00e4m\u00e4ss\u00e4 milloin mit\u00e4kin Jos totta puhutaan, niin ihan jo n\u00e4in kisojen alkumetreill\u00e4 tuli esiin se tosiseikka, ett\u00e4 siit\u00e4 on aina kilpailijoille etua ja apua, jos kilpailuissa on oman maan toimihenkil\u00f6it\u00e4. Tai joskus se kai voi olla negatiivinenkin asia, mutta jos toimihenkil\u00f6t kokevat olevansa samaa kansallista joukkuetta, niin toki heid\u00e4n olemassaolonsa my\u00f6s kilpailijoiden tekemist\u00e4 helpottaa.\u00a0 J\u00e4nn\u00e4n \u00e4\u00e4rell\u00e4 oli ainakin Laura, jonka hain nopean p\u00e4\u00e4t\u00f6ksen j\u00e4lkeen tarkastukseen. Syd\u00e4n hakkasi kuulemma kiivaasti viel\u00e4 puoli tuntia taahtuman j\u00e4lkeenkin ja Turunenkin joutui antamaan groomilleen valtaisasti greditti\u00e4. Tarkastukset saatiin viety\u00e4 p\u00e4\u00e4tk\u00f6seen ja kaikki tarkastetut ratsukot saivat l\u00e4ht\u00f6luvan. Osa kansallisista hevosista j\u00e4tt\u00e4ytyi aamun tarkastukseen.<\/p>\n<p>Viel\u00e4 siin\u00e4 hetki ihmeteltiin ja vaihdettiin kuulumisia muualta tulleiden yst\u00e4vien kanssa. Heit\u00e4 on aina ihana tavata. Kari kyseliv\u00e4t kovasti ja ihmetteliv\u00e4t, kun ei olla kisoissa mukana. Ja samalla kertoivat kyll\u00e4 huomioineensa, ett\u00e4 suomalaisia on valtavasti mukana. Se on merkitt\u00e4v\u00e4 juttu ja toivoisin my\u00f6s kotimaassa ihmisten ymm\u00e4rt\u00e4v\u00e4n, miten valtava ty\u00f6 lajin parissa on tehty, ett\u00e4 yli 10 ratsukkoa on saatu kilpailuun mukaan. Se ett\u00e4 jotkut tahot haluavat vaieta kuoliaaksi kv-tason tekemisen ja nostaa ennemmin esille jotain keppihevojuttuja kuin alkutarkastuksessa olevia ulkomailla kisaavia ratsukoita, on p\u00f6yristytt\u00e4v\u00e4\u00e4. Ymm\u00e4rr\u00e4n hyvin mukana olleiden ratsukoiden harmistuksen ja olen itsekin sisint\u00e4 my\u00f6ten harmistunut siit\u00e4, ett\u00e4 ei ymm\u00e4rret\u00e4 t\u00e4m\u00e4n tyyppisen vy\u00f6ryn kilpailutantereelle olevan merkitt\u00e4v\u00e4 juttu koko lajille ja sit\u00e4 kannattaisi julkisuusarvona jopa k\u00e4ytt\u00e4\u00e4. Mutta ei. Tyls\u00e4 juttu. Koska rahallista kannustusta on turha odottaa, niin voisi komitean suunnalta vaikkapa saada edes henkist\u00e4 tukea. Se ilmenisi helposti my\u00f6t\u00e4el\u00e4misen\u00e4.<\/p>\n<p>Niin tai n\u00e4in, kisapaikalla henki oli hyv\u00e4 ja pirskahtelevan iloinen. Joskus tuntuu, ett\u00e4 jopa v\u00e4h\u00e4n lahkolainen, mutta t\u00e4m\u00e4 on nyt usealle niin uutta, ett\u00e4 mukana ollaan ja viel\u00e4 isolla porukalla, nin helpsotihan siin\u00e4 tulee hurmoshenkiseksi. Varmasti honeymoon joskus loppahtaa ja ihan kaikkea ei tehd\u00e4 yhdess\u00e4 ja saman kaavan mukaan. Mutta uskon ett\u00e4 siltikin yhteen hiileen puhalletaan ja huollot, vesirumbat ja muut tullaan tekem\u00e4\u00e4n jatkossakin yhdess\u00e4, kun se malli on nyt otettu k\u00e4ytt\u00f6\u00f6n ja hyv\u00e4ksi todettu. V\u00e4hitellen porukat alkoivat hajaantua ja mekin suuntasimme Ritan kanssa kohti majapaikkaamme. Pient\u00e4 s\u00e4\u00e4t\u00f6\u00e4 oli y\u00f6pymisj\u00e4rjestelyiss\u00e4 ja itse olin aika tiukkana siit\u00e4, ett\u00e4 menen juuri siihen hotelliin ja juuri siihen huoneeseen, joka mulle oli varattu. Minulle ja koiralleni.\u00a0 Koira vaa oli nyt vaihtunut nuoreksi naiseksi. Huone l\u00f6ytyi ja levollisin mielin painoin p\u00e4\u00e4n tyynyyn. Itse nukuin hyvin, mutta Rita rutisi aamulla, ett\u00e4 olin kuorsannut ja h\u00e4nen unensa oli ollut katkonaista.<\/p>\n<p>&nbsp;<\/p>\n<p><strong>Kilpailup\u00e4iv\u00e4<\/strong><\/p>\n<p>Aamulla her\u00e4ttiin viidelt\u00e4 ja hoiperreltiin aamupalalle. Tavanomaiseen tapaan n\u00e4roin jotain ja l\u00e4hdettiin valumaan kohti kilpailukeskusta. Sara ja Tanja ja varmaan moni muukin olivat jo menneet ruokkiman hevosia. Tanja soittikin, ett\u00e4 saavatko vied\u00e4 hevoset ulos. Annoin luvan. Olisi mit\u00e4 ilmeisemmin pit\u00e4nyt osata sanoa, ett\u00e4 voi vied\u00e4 tarhaan, jos langoissa kulkee s\u00e4hk\u00f6 tai vaihtoehtoisesti joku j\u00e4\u00e4 nit\u00e4 vahtimaan. Ehdin hetken olla kisapaikalla, kun ihmisjoukosta huudettiin, ett\u00e4 reitill\u00e4 on hevosia. L\u00e4hdin kyseiseen suuntaan ja luulin, ett\u00e4 suomalaiset verkkaavat reitill\u00e4, mutta tilanne olikin se, ett\u00e4 Heppu ja Vallu kirmailivat irtona pitkin pihaa. Vetiv\u00e4t pari kunniakierrosta ja sitten poistuivat maalisuoraa vastakkaiseen suuntaan. Siit\u00e4 alkoikin melkoinen pyydystys ja sinihousuinen suomalaisarmeija sinkosi mets\u00e4\u00e4n hevosten per\u00e4\u00e4n. Ehtiv\u00e4t aika pitk\u00e4\u00e4n juoksentelemaan ja lopulta ne saatiin n. 7 km:n p\u00e4\u00e4st\u00e4 pyydystetty\u00e4. Olivat hyvinkin heitt\u00e4neet 15-20 kilsan lenkin heti aamuun. Snadisti olivat hiess\u00e4kin. V\u00e4h\u00e4n siin\u00e4 puhuttiin varoituksestakin, mutta lopputuloksena homma meni niin, ett\u00e4 sain teht\u00e4v\u00e4kseni puhutella tiimit. Huolimattomuudesta. Olimme kaikki lopulta sit\u00e4 mielt\u00e4, ett\u00e4 t\u00e4m\u00e4 ei tule toistumaan. Turunen pohti, ett\u00e4 olisiko viel\u00e4 joku juttu, miten voisi itsens\u00e4 nolata. Tuskin. Mutta tosiasiahan on, ett\u00e4 jokainen keskittyy omaan tekemiseens\u00e4, joten ei siin\u00e4 ehdi jonkun pieni\u00e4 k\u00f6mm\u00e4hdyksi\u00e4 hihitell\u00e4.<\/p>\n<p>Tuomaristossa tehtiin nopea teht\u00e4v\u00e4jako ja min\u00e4 p\u00e4\u00e4dyin l\u00e4ht\u00f6linjalle. N\u00e4in ollen p\u00e4\u00e4sin tallentamaan pienet videoklipit sek\u00e4 2* ett\u00e4 1* l\u00e4d\u00f6ist\u00e4 ja ne l\u00f6ytyv\u00e4t Suonp\u00e4\u00e4n fb-sivulta. L\u00e4hd\u00f6t sujuivat varsin maltillisesti helminauhana. Pidemm\u00e4ll\u00e4 lenkill\u00e4 suomalaiset l\u00e4htiv\u00e4t liikkeelle rinta rinnan ryhm\u00e4n loppup\u00e4\u00e4ss\u00e4, sill\u00e4 kumpikin oli hakemassa suoritusta, ei erityist\u00e4 tulosta. Lyhyem\u00e4ll\u00e4 matkalla Tanja l\u00e4hti liikkeelle kolmantena ja muut takajoukoissa. Olin tosi iloinen siit\u00e4, ett\u00e4 Tanjalla on jo joka kisassa asetettuna tavoitteet ja l\u00e4htee niit\u00e4 m\u00e4\u00e4r\u00e4tietoisesti hakemaa. Kisaamaan ei ratsastelemaan. Ja toki tilanne on jo se, ett\u00e4 voi ottaa v\u00e4h\u00e4n riski\u00e4kin. Nuorten luokat l\u00e4htiv\u00e4t v\u00e4h\u00e4n r\u00e4v\u00e4k\u00e4mmin niin kuin aina ja kansalliset my\u00f6s vauhdikkaasti ja jytin\u00e4ll\u00e4, niin kuin Virossa on tapana, sill\u00e4 olivat molemmat nopeusluokkia ja virolaiset muutenkin kilpailevat matkat alusta loppuun. V\u00e4lill\u00e4 k\u00e4vimme aamupalalla ja sitten l\u00e4hdimmekin odottelemaan ensimm\u00e4isi\u00e4 ratsukoita tauolle.<\/p>\n<p>Vaudikkaastihan sielt\u00e4 tultiinkin. Virolaiset k\u00e4viv\u00e4t omasta mestaruudestaan kovaa kamppailau heti alkumetreilt\u00e4 l\u00e4htien ja Marian H-E antoi oman lis\u00e4ns\u00e4. H\u00e4nh\u00e4n on my\u00f6s aina voitto mielell\u00e4 liikenteess\u00e4. Niin kuin moni muukin. Ja niin kuin kilpailuissa tietenkin pit\u00e4\u00e4kin olla. Kilpailu kun on kilpailu. Suomalaisetkin selt\u00e4 tulivat ihan hyvill\u00e4 vauhdeilla. Varsinkin Tanja pisteli Valedron kanssa ihan tavatonta 18.88 keskinopeutta ekan 40 km. M\u00e4 olin ihan helisem\u00e4ss\u00e4 <img loading=\"lazy\" decoding=\"async\" class=\"alignleft size-medium wp-image-4453\" src=\"http:\/\/www.suonpaa.net\/wp-content\/uploads\/2017\/05\/Roosa-ja-Heidi-375x281.jpg\" alt=\"\" width=\"375\" height=\"281\" srcset=\"https:\/\/www.suonpaa.net\/wp-content\/uploads\/2017\/05\/Roosa-ja-Heidi-375x281.jpg 375w, https:\/\/www.suonpaa.net\/wp-content\/uploads\/2017\/05\/Roosa-ja-Heidi.jpg 640w\" sizes=\"auto, (max-width: 375px) 100vw, 375px\" \/>l\u00e4htett\u00e4mishommissa, sill\u00e4 n\u00e4ytt\u00f6ruutu ei toiminut ihan toivotulla tavalla. Ohjelmaa konffailtiin lennossa ja n\u00e4ytt\u00f6 vilkkui sek\u00e4 v\u00e4lkkyi. Kirjoittelin aikoja vihkoseeni ja se varmaankin pelasti tilanteen. Kisaajat k\u00e4viv\u00e4t samalta n\u00e4yt\u00f6lt\u00e4 tarkastamassa omat l\u00e4ht\u00f6aikansa, joten kyll\u00e4 siin\u00e4 melkoinen soppa oli keitettyn\u00e4. L\u00e4pp\u00e4rin akku loppui aika-ajoin ja paikalle haettiin varakonetta jne. Eli ei se j\u00e4rjestelm\u00e4 ihan viel\u00e4 valmis ja idioottivarma ole. T\u00e4t\u00e4 on v\u00e4h\u00e4n harkittu ostettavaksi meid\u00e4nkin k\u00e4ytt\u00f6\u00f6n, mutta en kyll\u00e4 vakuuttunut asiasta ollenkaan. Osaavaa k\u00e4ytt\u00e4j\u00e4\u00e4 tarvittiin ehdottomasti paikalla. Sain kuitenkin pistetty\u00e4 ratsukot liikkeelle, uudet luokat ja seuraville lenkeille l\u00e4htev\u00e4t ratsukot. Toimihenkil\u00f6it\u00e4 oli aika v\u00e4h\u00e4n ja ihan sai tehd\u00e4 ty\u00f6t\u00e4 palkkansa eteen. Ratsukoita tuli ja ratsukoita meni. Kaikkineen osallistujia oli viitisenkymment\u00e4, joten kyll\u00e4h\u00e4n siin\u00e4 vilin\u00e4\u00e4 ja vilskett\u00e4 piisasi. Aurinko alkoi kuumottaa, mutta l\u00e4ht\u00f6linja oli varjossa ja v\u00e4h\u00e4n jopa viile\u00e4ss\u00e4 paikassa. K\u00e4vin v\u00e4lill\u00e4 sopivan tauon tullen kurkkaamassa toimintaa tarkastusalueella ja sen v\u00e4litt\u00f6m\u00e4ss\u00e4 tuntumassa. Tehokasta toimintaa oli n\u00e4ytill\u00e4. Kyll\u00e4 suomalaisten tekeminen on valtavasti kehittynyt. Kun ihmiset ovat tosissaan, niin tapahtuuhan sit\u00e4 kehityst\u00e4. Muutaman kommentin annoin aina johonkin suuntaan ja hommat sujuivat jouhevasti kaikilla tiimeill\u00e4.<\/p>\n<p>Juuri kun aloin tuntea oloni kotoisaksi, niin Gintaras saapui hieromaan hartioitani ja pyysi samalla, ett\u00e4 voisinko siirty\u00e4 maalilinjalle. Mik\u00e4p\u00e4s siin\u00e4, totesin. P\u00e4\u00e4sisinkin varjosta aurinkoon. Sain pikaisen briiffin maalilinjan toimintoihin. Kellona pieni sekkari, ei isoa digitaalista kelloa, jota jotenkin pid\u00e4n kyll\u00e4 ihan pakollisena juttuna. Varsinkin auringon paisteessa pienen pient\u00e4 sekkaria oli v\u00e4hint\u00e4\u00e4nkin haastavaa tihrustaa. V\u00e4hitellen homma l\u00e4hti rullaamaan ja jossain vaiheessa Meike liittyi seuraan. Teltta houkutti vierailijoita, mutta TD pisti siihen \u00e4kki\u00e4 stopin. K\u00f6k\u00f6ttelin sitten yksin\u00e4ni. Maalisuora oli aika lyhyt, joten ilman GPS-seurantaa olisi saatu monta yll\u00e4tystulemista.\u00a0 Jotenkin vaikuttaa silt\u00e4, ett\u00e4 seurantalaitteet ovat todellakin tulleet j\u00e4\u00e4d\u00e4kseen ja niiden avulla voidaan pienell\u00e4kin porukalla saada valvottua koko lenkki ja ennakoitua kilpailun tapahtumia. Maaliteltan pikkuruinen n\u00e4ytt\u00f6 kiinnosti kovasti ja monia. Samalla kun kisa eteni, mietiskelimme juttuja jo sill\u00e4 silm\u00e4ll\u00e4, miten Morvassa\u00a0 vuoden p\u00e4\u00e4st\u00e4 tehd\u00e4\u00e4n. Ihan ehdoton juttu on GPS-seuranta. Jos ei uusia Trackereita hommata, niin sitten pit\u00e4\u00e4 ostaa seuranta palveluna vaikkap\u00e4 t\u00e4lt\u00e4 virolaiselta firmalta, ett\u00e4 saadaan kaikille osallistujille seurantalaite. Varsinkin kv-kisaan kohdistuva mielenkiinto on helppo her\u00e4tt\u00e4\u00e4 seurantamahdollisuudella joka n\u00e4kyy kaikissa osallistujamaissa. Homma toimi t\u00e4ll\u00e4kin kertaa. Mari, joka oli passitettu kylm\u00e4\u00e4n huoltoon vahdiksi soitteli yhten\u00e4\u00e4n ja kyseli ratsukoiden etenemisest\u00e4 ja jokaisessa huoltoautossa seurattiin tiukasti palleroiden liikehdint\u00e4\u00e4.<\/p>\n<p><img loading=\"lazy\" decoding=\"async\" class=\"alignleft size-medium wp-image-4459\" src=\"http:\/\/www.suonpaa.net\/wp-content\/uploads\/2017\/05\/Judge-under-cover-375x281.jpg\" alt=\"\" width=\"375\" height=\"281\" srcset=\"https:\/\/www.suonpaa.net\/wp-content\/uploads\/2017\/05\/Judge-under-cover-375x281.jpg 375w, https:\/\/www.suonpaa.net\/wp-content\/uploads\/2017\/05\/Judge-under-cover.jpg 640w\" sizes=\"auto, (max-width: 375px) 100vw, 375px\" \/>L\u00e4mp\u00f6 kasvoi, p\u00e4iv\u00e4 etenki, ratsukoita ylitti maalilinjan ja siirtyi tarkastuksiin. Jonkun verta liikkeeseen pohjautuvia hylk\u00e4yksi\u00e4. Suomalaisia j\u00e4i my\u00f6s tarkastuksiin ja v\u00e4ki v\u00e4heni. Meininki oli silti iloista ja innostunutta. N\u00e4in miten hylk\u00e4yksen kokeneet hetken harmituksen j\u00e4lkeen jo kantoivat vesi\u00e4 muille tiimeille ja auttoivat parhaansa mukaan. My\u00f6s turistin statuksella olleet ihmiset k\u00e4\u00e4riv\u00e4t hihansa ja auttelivat innokkaasti. Mulla py\u00e4ri tauot aika huonosti, tai ei siis oikeastaan ollenkaan, joten tilasin safkat suoraan toimipisteeseeni. Tuli annos oikein kakkupalan kera ja juomaa oli runsaasti ja sit\u00e4 my\u00f6s meni. Yritin juoda parhaani mukaan ettei p\u00e4\u00e4ns\u00e4rky p\u00e4\u00e4sisi yll\u00e4tt\u00e4m\u00e4\u00e4n. Mit\u00e4 pidemm\u00e4lle p\u00e4iv\u00e4 eteni, niin sen j\u00e4nnett\u00e4v\u00e4kkisi tilanteet tulivat. Hienoja maaliintuloja ja ehk\u00e4 p\u00e4iv\u00e4n paras oli Tanjan hurja nelj\u00e4n kilometrin loppulaukka ja viimeiset kymmenet metrin kamalasti karjuen.\u00a0 Ja niinh\u00e4n siin\u00e4 k\u00e4vi, ett\u00e4 Valedro voitti haastajansa ja ylittiv\u00e4t maalilinjan kolmansina. Sijoitus oli upea, sill\u00e4 Tanja kroppa sanoi sopparin irti jo 20 km aikaisemmin. Lis\u00e4ksi h\u00e4n oli l\u00f6yt\u00e4nyt kaikista syvimm\u00e4n kohdan ylitt\u00e4\u00e4 reitin varrella olleen vesiesteen, joten oli my\u00f6s m\u00e4rk\u00e4 ja kurassa l\u00e4hes kainaloihin asti. Sarakin oli voittokahinoissa mukana viel\u00e4 viimeisess\u00e4 huollossa, mutta maalin l\u00e4hestyess\u00e4 alkoi py\u00f6ritell\u00e4 mieless\u00e4\u00e4n, ett\u00e4 hylk\u00e4ys viimeisess\u00e4 tarkastuksessa olisi suurempi menetys kuin sijat 1 tai 2 olisivat onni. N\u00e4in ollen tuli maltillisesti maaliin minuutin k\u00e4rkikaksikkoa per\u00e4ss\u00e4 kolmantena. Ihan mahtava suoritus my\u00f6s h\u00e4nelt\u00e4. Muutenkin tulokset olivat kovempia kuin odotin ja olin mieless\u00e4ni ennustanut, ett\u00e4 5-6 saa tuloksen. T\u00e4ll\u00e4 kertaa olin v\u00e4\u00e4r\u00e4ss\u00e4 ja iloisena sen my\u00f6nn\u00e4n. 8 hyv\u00e4ksytty\u00e4 tulosta tuliaisina on joukkueen hieno palata kotiin.<\/p>\n<p>P\u00e4iv\u00e4n paras suoritus oli Annen ja Roopen eka 120 km:n tulos.\u00a0 Anne joka ei v\u00e4ltt\u00e4m\u00e4tt\u00e4 aina kilpailutilanteessa ole hymy korvissa ei kyennyt iloaan peittelem\u00e4\u00e4n. Siin\u00e4 oli Samille syntt\u00e4rilahjaa kerrakseen. Sama juttu oli v\u00e4h\u00e4n Marilla, jolla homma oli matkan varrella tahmaista ja\u00a0 aika vaikeaakin, mutta niin vaan puski itselleen EM-kvaalit ja tuloksen 120 km:n nuorten luokasta. Kari laski lennossa tallilta k\u00e4sin vikan lenkin tavoiteajan, jolla 14 km\/h tulos saataisiin aikaseksi ja seh\u00e4n sielt\u00e4 tuli. Vel\u00e4 kun muut kv ja kansallisen 80 km:n menij\u00e4t saatiin onnistuneesti maaliin, vaikkakin osa v\u00e4h\u00e4n koomisen loppulaukan siivitt\u00e4v\u00e4n\u00e4, niin syyt\u00e4 oli n\u00e4ytt\u00e4\u00e4 peukkua koko porukalle. Oli aika isojen onnitteluiden. Viimeisen\u00e4 maalilinja ylitti yksi kisan j\u00e4rjest\u00e4jist\u00e4, Katrin Liiv ja h\u00e4net saateltiin my\u00f6s maaliin iloisesti hurraten. Multa oli viety jo seurantakone pois, joten perstuntumalta totesin, ett\u00e4 homma on taputeltu ja siirryin seurailemaan tilanteita huoltoteltoille.<\/p>\n<p><img loading=\"lazy\" decoding=\"async\" class=\"alignleft size-medium wp-image-4464\" src=\"http:\/\/www.suonpaa.net\/wp-content\/uploads\/2017\/05\/18620915_1457828410936107_3176410299982628341_o-375x281.jpg\" alt=\"\" width=\"375\" height=\"281\" srcset=\"https:\/\/www.suonpaa.net\/wp-content\/uploads\/2017\/05\/18620915_1457828410936107_3176410299982628341_o-375x281.jpg 375w, https:\/\/www.suonpaa.net\/wp-content\/uploads\/2017\/05\/18620915_1457828410936107_3176410299982628341_o.jpg 640w\" sizes=\"auto, (max-width: 375px) 100vw, 375px\" \/>Iltajuhlan piti alkaa seitsem\u00e4lt\u00e4, joten kuudelta pakattiin T\u00f6p\u00e4r\u00f6iden auto ja sullouduttiin sinne. Ehdittiin pikaisesti k\u00e4yd\u00e4 suihkussa ja k\u00e4vell\u00e4 juhlapaikkaan. Aloitus oli v\u00e4h\u00e4n viiv\u00e4stynyt, mutta aloiteltiin ahmimalla alkupala-astiat tyhjiksi. Palkintojenjako ja iltajuhla vedettiin l\u00e4pi aika maltillisesti. Tallialueelta kantautui v\u00e4h\u00e4n ik\u00e4vi\u00e4 uutisia ja rankka p\u00e4iv\u00e4 oli vienyt aika lailla mehut kaikilta toimijoilta. Suomalaisia taisi iltajuhlassa olla suurin osa ja hurrasimme kyll\u00e4 hurjasti palkituille. P\u00f6ydiss\u00e4 k\u00e4ytiin kiihke\u00e4\u00e4 keskustelua lajin tilasta ja sen tulevaisuudesta. Tulevia NBCH-kilpailuja suunnitellaan jo kovasti ja mieless\u00e4 on my\u00f6s vuotuiset kv-kisat Suomessa. Ehk\u00e4 aika alkaisi jo olla kyps\u00e4 sellaisille. Ennen puolta y\u00f6t\u00e4 taidettiin kaikki olla jo vaakatasossa. Mietin viel\u00e4 ennen nukahtamista p\u00e4iv\u00e4n kulkua ja pidin reissua omalla tavallaan opettavaisena. Aamulla her\u00e4tys olisi taas varhainen ja sill\u00e4 liikenteess\u00e4 pit\u00e4isi olla jo kohta kahdeksan j\u00e4lkeen. Pakattiin Ritan kanssa kamat valmiiksi, jupistiin viel\u00e4 hetki jotain ja painuttiin h\u00f6yhensaarille.<\/p>\n<p>&nbsp;<\/p>\n<p><strong>Kotimatkalle<\/strong><\/p>\n<p>Aamulla sy\u00f6tiin hotellilla nopea aamupala ja l\u00e4hdettiin liikkeelle. Nuoriso-osasto nukkui takapenkill\u00e4 ja m\u00e4 sometin kaikkiin mahdollisiin suuntiin. Porukat l\u00e4htiv\u00e4t liikkeelle kukin v\u00e4h\u00e4n omaan tahtiinsa, mit\u00e4\u00e4n yhteist\u00e4 h\u00e4peningi\u00e4 ei aamulla en\u00e4\u00e4 ollut. Satamassa tavattiin osa porukkaa. Lilan tiimin onni jatkui aiemman kaltaisena ja auton moottori oli alkanut pit\u00e4\u00e4 ep\u00e4m\u00e4\u00e4r\u00e4ist\u00e4 \u00e4\u00e4nt\u00e4. P\u00e4\u00e4siv\u00e4t linkuttamaan laivaan ja m\u00e4 h\u00e4lyytin jo Karia, ett\u00e4 mahdollisesti tulee tallin pihaan pient\u00e4 korjaushommaa. Laivalla k\u00e4ytiin Ritan kanssa Burger Kingiss\u00e4 ja siell\u00e4 olikun l\u00e4hes puolet jengist\u00e4.\u00a0 Fiilis oli hyv\u00e4 ja roskaruoka upposi hyvin. Piipahdettiin viel\u00e4 karkkiostoksilla ja sitten vet\u00e4ydyttiin hyttiin. Rita teki koulujuttuja ja m\u00e4 p\u00f6tk\u00f6ttelin laverillani. Lautasta p\u00e4\u00e4stiin taas priority-lappusen suomana heti ulos. Hyv\u00e4 systeemi!\u00a0 Hetkess\u00e4 oltiin Ridasj\u00e4rvell\u00e4. Ritan \u00e4iti oli tytt\u00f6\u00e4 vastassa ja Kari raapimassa tarhoista paskaa. Aurinko helotti ja kes\u00e4 tuntui vihdoinkin saapuvan. Puitiin viel\u00e4 hetki reissua ja kerrottiin kuumimmat uutiset vastaanottokomitealle. Paljon tapahtui ja yll\u00e4tt\u00e4v\u00e4n hyvin hommat sujuivat noinkin ison lauman kanssa. Uskoisin, ett\u00e4 omasta tuloksesta riippumatta kaikille mukana olleille j\u00e4i positiivinen fiilis reissusta. Seuraava vastaava retki on todenn\u00e4k\u00f6isesti edess\u00e4 hein\u00e4kuussa Padisen enduranse festareille ja kausi varmaankin huipentuu syyskulla Kurtuvenaihin. Mielenkiintoinen kisakausi on k\u00e4ynniss\u00e4 ja reissuihin kannattaa l\u00e4hte\u00e4 mukaan iha miss\u00e4 tahansa roolissa. Apuk\u00e4si tarvitaan ainakin aina.<\/p>\n<p>&nbsp;<\/p>\n<p>&nbsp;<\/p>\n","protected":false},"excerpt":{"rendered":"<p>19.-21.5.2017 K\u00f5rvemaa Endurance Ride, Estonia Member on the ground jury Iltatouhut kisapaikalla T\u00e4ll\u00e4 kertaa Karin ty\u00f6kiireet ja hevosten vajaavainen kunto estiv\u00e4t osallistumisen kilpailevana tiimin\u00e4. Otettiin k\u00e4ytt\u00f6\u00f6n vaihtoehto B ja l\u00e4hdin K\u00f5rvemaalle FEI tuomarin ominaisuudessa. Jossain vaiheessa ehdin jo mietti\u00e4, ett\u00e4 otan Pedronkin mukaan, mutta lopulta tilanteet olivat muuttuneet siihen suuntaan, ett\u00e4 Karin ty\u00f6hommat eiv\u00e4t veisik\u00e4\u00e4n [&hellip;]<\/p>\n","protected":false},"author":3,"featured_media":0,"parent":4430,"menu_order":0,"comment_status":"closed","ping_status":"closed","template":"templates\/template-full-notitle.php","meta":{"footnotes":""},"class_list":["post-4436","page","type-page","status-publish","hentry","post"],"_links":{"self":[{"href":"https:\/\/www.suonpaa.net\/index.php?rest_route=\/wp\/v2\/pages\/4436","targetHints":{"allow":["GET"]}}],"collection":[{"href":"https:\/\/www.suonpaa.net\/index.php?rest_route=\/wp\/v2\/pages"}],"about":[{"href":"https:\/\/www.suonpaa.net\/index.php?rest_route=\/wp\/v2\/types\/page"}],"author":[{"embeddable":true,"href":"https:\/\/www.suonpaa.net\/index.php?rest_route=\/wp\/v2\/users\/3"}],"replies":[{"embeddable":true,"href":"https:\/\/www.suonpaa.net\/index.php?rest_route=%2Fwp%2Fv2%2Fcomments&post=4436"}],"version-history":[{"count":25,"href":"https:\/\/www.suonpaa.net\/index.php?rest_route=\/wp\/v2\/pages\/4436\/revisions"}],"predecessor-version":[{"id":4468,"href":"https:\/\/www.suonpaa.net\/index.php?rest_route=\/wp\/v2\/pages\/4436\/revisions\/4468"}],"up":[{"embeddable":true,"href":"https:\/\/www.suonpaa.net\/index.php?rest_route=\/wp\/v2\/pages\/4430"}],"wp:attachment":[{"href":"https:\/\/www.suonpaa.net\/index.php?rest_route=%2Fwp%2Fv2%2Fmedia&parent=4436"}],"curies":[{"name":"wp","href":"https:\/\/api.w.org\/{rel}","templated":true}]}}