{"id":3411,"date":"2016-08-06T20:57:20","date_gmt":"2016-08-06T17:57:20","guid":{"rendered":"http:\/\/www.suonpaa.net\/?page_id=3411"},"modified":"2016-08-09T23:15:09","modified_gmt":"2016-08-09T20:15:09","slug":"liesjarvi-6-8-2015","status":"publish","type":"page","link":"https:\/\/www.suonpaa.net\/?page_id=3411","title":{"rendered":"Liesj\u00e4rvi 6.8.2016"},"content":{"rendered":"<p>Illalla tosiaa puhelin alkoi soida ja piipitt\u00e4\u00e4, kun olisi pit\u00e4nyt menn\u00e4 nukkumaan. Kisapaikalta tuli viesti\u00e4 ja kysely\u00e4. Harmittelin v\u00e4h\u00e4n, ett\u00e4 sinne olisi pit\u00e4nyt menn\u00e4 y\u00f6ksi. Se olisi ollut monessa mieless\u00e4 j\u00e4rkev\u00e4 vaihtoehto, mutta t\u00e4ll\u00e4 kertaa homma oli suunniteltu v\u00e4h\u00e4n toisin. P\u00e4\u00e4sin kuitenkin nukkumaan ennen puolta y\u00f6t\u00e4 ja her\u00e4tys alkoi soida varttia yli nelj\u00e4. V\u00e4h\u00e4n olin p\u00f6ll\u00e4mystynyt, vaikka mielest\u00e4ni en juurikaan v\u00e4synyt. Koomailin jotain ennen l\u00e4ht\u00f6 ja ihan yll\u00e4tyksen\u00e4 sitten tulikin, ett\u00e4 ulkona satoi vett\u00e4. Suhteellisen rankasti.<\/p>\n<p>Olin suunnitellut, ett\u00e4 ved\u00e4n Liesj\u00e4rvelle pokkana keh\u00e4 III:n kautta. V\u00e4h\u00e4n kiertotiet\u00e4, mutta helppo ajaa huomattavasti raskaammalla kaasujalalla. Tosin kameroita sai varoa. Kun v\u00e4h\u00e4n ennen viitt\u00e4 l\u00e4hdin liikkeelle, niin paljoa ei liikennett\u00e4 ollut. N\u00e4in ollen matka eteni joutuisasti. Kari oli havahtunut varttia yli viisi ja silloinhan m\u00e4 olin jo kaukana.<\/p>\n<p>Sade yltyi, kun l\u00e4hdin Vihdin suuntaan. Manasin jo mieless\u00e4ni, ett\u00e4 saappaita ei sattunut mukaan. Kuinka ollakaan alkoi Karkkilan kohdalla ilma kirkastua ja tiet muuttua kuivemmiksi.\u00a0 Eip\u00e4 mit\u00e4\u00e4n, kutosta silm\u00e4\u00e4n ja jalkaa suoraksi. Viimeinen 50 km mentiin aika reippaasti, sill\u00e4 olin sovitusta kuudesta aavistuksen my\u00f6h\u00e4ss\u00e4. Navigaattori viel\u00e4 ihan viimeisen kilsan aikana alkoi ehdotella, ett\u00e4 k\u00e4\u00e4ntyisin suoraan peltoon. En totellut ja l\u00f6ytyih\u00e4n oikea ristyskin ja tadaa, olin kohteessa!<\/p>\n<p>Pieni, mutta pippurinen j\u00e4rjestelyporukka aloitteli p\u00e4iv\u00e4\u00e4ns\u00e4. Kiirehdin tarkastamaan paikkoja. Y\u00f6pyj\u00e4t olivat jo t\u00e4ydess\u00e4 touhussa ja huoltoalueet monella valmiina. Tarkastualue oli rakentamatta, mutta laiteltiin se kuntoon.\u00a0 Muutaman kerran jouduin esitt\u00e4m\u00e4\u00e4n vienon pyynn\u00f6n Yp\u00e4j\u00e4lle l\u00e4hteville natiiveille, ett\u00e4 meid\u00e4n pit\u00e4isi saada tallipiha k\u00e4ytt\u00f6\u00f6n juoksutukseen.\u00a0 10 minsaa my\u00f6h\u00e4ss\u00e4 saatiin tarkastuksen aloitettua. Mit\u00e4\u00e4n ruuhkaa ei t\u00e4ss\u00e4 vaiheessa tullut ja kaikki 10 pidempien matkojen menij\u00e4\u00e4 saatiin hyvin ja perusteellisesti tarkastettua.<\/p>\n<p>Kari oli siirtynyt tallille ja pist\u00e4nyt pojat pihaalle. \u00c4ij\u00e4 oli taas itsevarmasti asennoitunut siten, ett\u00e4 Sella menee koppiin juosten. Juu, ei mennyt. Tai siis juoksi p\u00e4invastaiseen suuntaan. Tallin pihalla on hienot vesihiihtoj\u00e4ljet, kun poni on vet\u00e4nyt saapasjalkaista taluttajaansa pitkin pihaa. Ukko tuiskahti persuuksilleen ja sai suhteellisen hyv\u00e4t kyydit. T\u00e4m\u00e4n pienen episodin j\u00e4lkeen tamma paineli koppiin ja matka saattoi alkaa. Riitan revohka oli jo matkalla. Oli sovittu, ett\u00e4 Satu ottaa autoonsa muutaman vesi\u00e4mp\u00e4rin ja Kaitsu auttaa kilpailukeskuksessa.<\/p>\n<p>Mun sis\u00e4inen kello oli etuajassa ja olin menossa l\u00e4hett\u00e4m\u00e4\u00e4n luokan 1 yhdeks\u00e4\u00e4 ratsukkoa jo 7:30. Ihmettelin, kun 7:25 ei kukaan ollut viel\u00e4 edes sel\u00e4ss\u00e4. Sitten her\u00e4sin todellisuuteen ja tajusin, ett\u00e4 l\u00e4ht\u00f6\u00f6n olikin viel\u00e4 puoli tuntia aikaa.\u00a0 Innokas kuhina oli ilmoilla.\u00a0 Kisa oli monelle merkitt\u00e4v\u00e4.\u00a0 Sielt\u00e4 haettiin SM-kvaalia, noviisikvaalia, hyvityst\u00e4 aiemmille ep\u00e4onnistumisille, paluuta kisatauolta yms. Merkityksellisi\u00e4 juttuja. Mua vieh\u00e4tt\u00e4\u00e4 t\u00e4ss\u00e4 lajissa juuri se, ett\u00e4 tavoitteet ja tilanteet ovat niin erilaisia. Kun p\u00e4\u00e4see sis\u00e4lle tiimien tarinoihin, niin ymm\u00e4rt\u00e4\u00e4, ett\u00e4 joku 30 km\u00a0 johinkin saumaan voi olla l\u00e4hes yht\u00e4 merkitt\u00e4v\u00e4 kuin 120 km johonkin toiseen saumaan. Iloitsen suunnattomasti siit\u00e4, ett\u00e4 80 km menij\u00f6it\u00e4 on nyt n\u00e4in paljon. Kun kansalliset luokat alkavat paisua, niin se takaa meille uusia kv-menij\u00f6it\u00e4. Ja kuten olen tuhat kertaa sanonut lajin arvo tulee kv-menestyjien kautta ja kotimaassa asuvat kv-menestyj\u00e4t lis\u00e4\u00e4v\u00e4t lajin pariin tulevien harrastajien m\u00e4\u00e4r\u00e4. Ylemm\u00e4t luokat korreloivat alempia luokkia. Lajia ei voi nostaa pelkill\u00e4 alkeiskursseilla, vaan tarvitaan menestyst\u00e4, n\u00e4kyvyytt\u00e4 ja harrastajia ylempiin luokkiin. Vertaisia, jotka ponnistavat samoista l\u00e4ht\u00f6kohdista ja etenev\u00e4t v\u00e4\u00e4j\u00e4\u00e4m\u00e4tt\u00e4 askel askeleelta eteenp\u00e4in.<\/p>\n<p><img loading=\"lazy\" decoding=\"async\" class=\"alignleft size-full wp-image-3434\" src=\"http:\/\/www.suonpaa.net\/wp-content\/uploads\/2016\/08\/sellakisa2016_3.jpg\" alt=\"\" width=\"500\" height=\"375\" srcset=\"https:\/\/www.suonpaa.net\/wp-content\/uploads\/2016\/08\/sellakisa2016_3.jpg 500w, https:\/\/www.suonpaa.net\/wp-content\/uploads\/2016\/08\/sellakisa2016_3-375x281.jpg 375w\" sizes=\"auto, (max-width: 500px) 100vw, 500px\" \/>Kahdeksalta p\u00e4\u00e4sin antamaan l\u00e4ht\u00f6luvan. Mari oli l\u00f6yt\u00e4nyt paikkansa parkkihuoltol\u00e4ht\u00f6alueen v\u00e4litt\u00f6m\u00e4st\u00e4 tuntumasta. Siin\u00e4 oli nainen paikallaan t\u00e4ll\u00e4kin kertaa. Mulla ei ollut mit\u00e4\u00e4n huolta sen suhteen, tuleeko tuon kulman hommat hoidettua. Jotenkin toivoisi, ett\u00e4 jokainen lajin harrastaja olisi edes kerran vuodessa my\u00f6s toimihenkil\u00f6n\u00e4. Se on selv\u00e4, juttu, ett\u00e4 j\u00e4rjest\u00e4j\u00e4t v\u00e4syv\u00e4t ja ideat ehtyv\u00e4t, kun touhusta tulee pakkopullaa. Upea juttu oli, ett\u00e4 VARMAn vahvistus tuli SuMaRan avuksi. Toimihenkil\u00f6porukan pit\u00e4isi olla mahdollisimman heterogeeninen, joten toimitsijoiden vaihto on varmasti erinomainen ajatus. N\u00e4kemykse laajenevat.<\/p>\n<p>L\u00e4ht\u00f6ajat oli porrastettu pitkien luokkien osalta j\u00e4rkev\u00e4sti, joten puolen tunnin v\u00e4lein sain huutaa hep ja n\u00e4in ollen homma eteni jouhevasti. Jossain vaiheessa takamets\u00e4n porukka saapui paikalle. Kertoivat, ett\u00e4 Kari tulee heti kohta per\u00e4st\u00e4. T\u00e4ss\u00e4 vaiheessahan en tietenk\u00e4\u00e4n tiennyt, ett\u00e4 pient\u00e4 viivett\u00e4 on ollut l\u00e4htemisess\u00e4. Kari j\u00e4tti tamman koppiin ja l\u00e4hti nilkkurisaappaat vilkkuen hoitamaan toimistorutiineja. Tuokin on asia, jota toivoisin kisaajien noudattavan. S\u00e4\u00e4nn\u00f6t ovat selv\u00e4t: hevosta ei oteta kopista ennen kuin paperit on katsottu. Muutenkin jonkun\u00a0 verran turhauttaa se, ett\u00e4 ihmiset eiv\u00e4t lue ohjeita tai s\u00e4\u00e4nt\u00f6j\u00e4 ennen kisaa.<\/p>\n<p>Karilla piti kiirett\u00e4 omalla tahollaan, mutta onneksi oli Kaitsu apuna. Sai systeemit valmiiksi, hevoselle tossut jalkaan ja ratsaille vartin ennen starttia.\u00a0 Luokassa oli 12 ilmoittautunutta. L\u00e4ht\u00f6 oli ihmeen rauhallinen, mutta ilmeisesti heti kohta startin j\u00e4lkeen oli my\u00f6s ohjelmaa tarjolla. Kari totesi, ett\u00e4 turhan j\u00e4\u00e4d\u00e4 provosoitumaan, vaan karisti p\u00f6lyt Sellan tossuista. Tamma oli kisatilanteessa oma vanha itsens\u00e4. Kiihdytysvaihde p\u00e4\u00e4lle ja porukan k\u00e4rkeen. Ja jos joku tulee l\u00e4helle, niin sit\u00e4 voi potkia. Onneksi rusetti oli h\u00e4nn\u00e4ss\u00e4. Kari yritti verkassa saada tamman leimautumaan Sennuun ja niinh\u00e4n siin\u00e4 k\u00e4vikin. Tamma oli tyytyv\u00e4inen, kun Senaattori oli l\u00e4hell\u00e4.\u00a0 Harmi vaan Sennun tossut eiv\u00e4t pysyneet paikoillaan, kun vauhti kasvoi. Tapahtui juuri se, mit\u00e4 m\u00e4 noista tossuista ajatelen. Tossukat lenteliv\u00e4t jorpakkoon. Reilut kisakaverit totesivat, ett\u00e4 antaa Karin menn\u00e4 ja niinh\u00e4n h\u00e4n sitten meni.<\/p>\n<p><img loading=\"lazy\" decoding=\"async\" class=\"alignleft size-full wp-image-3435\" src=\"http:\/\/www.suonpaa.net\/wp-content\/uploads\/2016\/08\/sellakisa2016_2.jpg\" alt=\"\" width=\"500\" height=\"375\" srcset=\"https:\/\/www.suonpaa.net\/wp-content\/uploads\/2016\/08\/sellakisa2016_2.jpg 500w, https:\/\/www.suonpaa.net\/wp-content\/uploads\/2016\/08\/sellakisa2016_2-375x281.jpg 375w\" sizes=\"auto, (max-width: 500px) 100vw, 500px\" \/>K\u00e4rjess\u00e4 keikkui toinen K\u00e4rkk\u00e4inen, joka lasketteli aika valtoimenaan menem\u00e4\u00e4n. Kari totesi, ett\u00e4 vauhti on mammalomalta ja vammalomalta palaileva liian kova, joten j\u00e4tt\u00e4ytyi porukasta.\u00a0 Hetken p\u00e4\u00e4st\u00e4 Hapsu tuli takaa. Kari oli v\u00e4h\u00e4n talutellut ja tasoitellut sykett\u00e4 ja tuoren harrastaja oli aavistuksen ihmetellyt mit\u00e4 on tapahtunut. H\u00e4mmennyst\u00e4 taisi lis\u00e4t\u00e4, kun Kari totesi heti alkuunsa, ett\u00e4 mit\u00e4s Hapsulle kuuluu. Jonkun matkaa ratsastivat hiljaisuuden vallitessa ja sitten tuntematon ratsastaja kysyi varovasti, ett\u00e4 onko Kari Hapsulla ratsastanut. Kari tietenkin vastasi mynt\u00e4v\u00e4sti. Toinen kysyi, ett\u00e4 mit\u00e4 matkoja. Kari vastasi, ett\u00e4 80 ja 120.\u00a0 Sitten ei oikein ollut en\u00e4\u00e4 puhuttavaa. Siin\u00e4 oli kaksi aika kokenutta kisaratsua vierekk\u00e4in.<\/p>\n<p>Iso-Herttuan pihamaalla luokka 1 ja 2 olivat tulleet ensimm\u00e4iselle tauolle. Kansalliset menij\u00e4t olivat tulleet aika reipasta 17 km\/h vauhtia ja taisi ottaa l\u00e4hemm\u00e4s 10 minsaa ennen kuin p\u00e4\u00e4siv\u00e4t tarkastukseen ja sen my\u00f6t\u00e4 keskinopeudetkin laskivat. Keli saattoi olla v\u00e4h\u00e4n petollinen. Ei ollut kamalan kuuma mutta kuitenkin l\u00e4mmin ja varsin hiostava.\u00a0 Yksi ratsukko j\u00e4i tauolle. Muut jatkoivat matkaa.\u00a0 Siel\u00e4 oli keltaista ja sinist\u00e4 ja lilaa porukkaa hy\u00f6rim\u00e4ss\u00e4 taukoalueella. Lime ja sininen saapuivat my\u00f6s hyv\u00e4ss\u00e4 j\u00e4rjestyksess\u00e4 n. 15-16 km:n nopeudella. Kaikki oli Tanjankin tiimill\u00e4 hyvin ja matka jatkui rennosti.\u00a0 Mukava n\u00e4hd\u00e4, miten Tanjan itsevarmuun ja luotto hevoseen on kasvanut. Ei juuri mit\u00e4\u00e4n h\u00f6tkyily\u00e4.<\/p>\n<p>Reitill\u00e4 oli joku paikallinen py\u00f6r\u00e4lij\u00e4nainen aiheuttanut h\u00e4mminki\u00e4 pidempien matkojen edetess\u00e4. Mit\u00e4 lyhyemm\u00e4ksi matkat muuttuivat, sen enemm\u00e4n oli ohjelmaa tarjolla. Pid\u00e4n kuitenkin t\u00e4rke\u00e4n\u00e4, ett\u00e4 massal\u00e4hd\u00f6ist\u00e4 pidet\u00e4\u00e4n kiinni ja ratsukot oppivat siihen, ett\u00e4 l\u00e4hd\u00f6ss\u00e4 on muitakin. Kuten siihen, ett\u00e4 tarkastuksissa on muita ja siihen, ett\u00e4 pitkill\u00e4 matkoilla on uusintatarkastus.\u00a0 On hyv\u00e4 harjoitella asioita pienemmiss\u00e4 ymp\u00e4rist\u00f6iss\u00e4 ensin ja sitten l\u00e4hte\u00e4 suuremmille areenoille. Kun kisassa on kansallisen kilpailun status, on se mielest\u00e4ni parasta, mit\u00e4 kotimaassa on tarjolla. Olinkin iloinen, ett\u00e4 toimitsijat ja kilpailijat p\u00e4\u00e4s\u00e4\u00e4nt\u00f6isesti olivat pukeutuneet asiallisesti ja k\u00e4ytt\u00e4yiv\u00e4t m\u00f6s kansallisen kisan tason mukaan. Jokaisella tasolla on statuksensa ja t\u00e4ll\u00e4 kertaa olimme kansallisen tason kilpailuissa. Tiimit olivat panneet parastaan. Se on erinomainen juttu. Se milt\u00e4 n\u00e4yt\u00e4mme kertoo my\u00f6s siit\u00e4, miten asiaamme suhtaudumme. Parasta oli kuitenkin Lampisen Lindan huoltotiimin panostus. Sami oli malannut kisaratsun keng\u00e4t pinkeiksi. Eik\u00e4 siin\u00e4 kaikki. My\u00f6s Markun turvakeng\u00e4t oli suihkutettu samaan v\u00e4riin. Eik\u00e4 siin\u00e4 viel\u00e4 kaikki. Patriarkalle oli maalattu my\u00f6s pinkki haalari, joka ilmaantui n\u00e4kyviin kisan edetess\u00e4. Riemuratsukot on mahtava seura ja olemme tosi onnellisia, ett\u00e4 se on juuri meid\u00e4n edustamamme serua. Sopiva ripaus hauskuutta ja hulluutta, mutta samalla ihan rautaista osaamista, tekemist\u00e4 ja sitoutumista. Se mit\u00e4 tehd\u00e4\u00e4n, tehd\u00e4\u00e4n tosissaan, mutta aina pilke silm\u00e4kulmassa ja valmiina nauramaan my\u00f6s omille hullutuksille.<\/p>\n<p>Luokat rullasiva l\u00e4pi tarkastusten ja uusille lenkeille. Juuri ja juuri saatiin kaikki traikut mahtumaan parkkialueelle. Pienet luokat saapuivat maalin, Kari ja Sella joukon jatkona. Tarkastus ruuhkaantui, niin kuin oletettavissa olikin. Mutta koska pienet luokat olivat lopputarkastuksessa, niin sill\u00e4 ei kisan kannalta onneksi ollut merkityst\u00e4. Olisi pit\u00e4nyt s\u00e4ilytt\u00e4\u00e4 puolen tunnin l\u00e4hetysv\u00e4li loppuun asti, niin reitit olisivat tehneet porrastuksen tarkastuksiin. Niinh\u00e4n on monessa muussa maassa, ett\u00e4 l\u00e4hd\u00f6t ovat hyvin l\u00e4hekk\u00e4in, niin tulevat enemm\u00e4n tai v\u00e4hemm\u00e4n porrastaen. Kun saisi kaikki luokat liikkeelle ennen ekaa taukotarkastusta, niin ruuhka saattaisi olla pienempi.<\/p>\n<p>Kari tuli hyv\u00e4\u00e4n v\u00e4liin. Palautteli my\u00f6s kymmenisen minuuttia ja p\u00e4\u00e4si suoraan tarkastukseen. Ihopoimun palautumista ell harkitsi \u00e4\u00e4neen, mutta tuomitsi sen B:ksi.\u00a0 Ja ymm\u00e4rrett\u00e4v\u00e4\u00e4h\u00e4n se on, sill\u00e4 pisteytyksen takia lopputarkastuksessa on hyv\u00e4 saada hevosin eroja. Kun homma oli ohi, parin tunnin ratsastuksen j\u00e4lkeen, niin Kari iski tavarat nippuun. Satu talutteli hetken hevosta, joka oli omasta mielest\u00e4\u00e4n l\u00e4hd\u00f6ss\u00e4 uudelle kierrokselle. Ilmeisesti vanhassa muistissa on se, ett\u00e4 juostaan, huilataan ja juostaan taas. N\u00e4in ei nyt kuitenkaan ollut.\u00a0 Kaitsun avustamana hevonen oli kopissa ennen kuin Sennu ja Late p\u00e4\u00e4siv\u00e4t edes tarkastukseen. Haastattelin heit\u00e4 my\u00f6hemmin ja aikaa kului toista tuntia. Se on kyll\u00e4 liikaa ja pit\u00e4isi ehdottomasti aikataulutuksella hoitaa lyhyemm\u00e4ksi. Meill\u00e4 ei oikein toiminut sykkeen mittaaminen kahvalla, eik\u00e4 se olisi lopputarkastuksessa ollutkaan mahdollista. Tai siis olisihan se toiminut, mutta ell ei ollut systeemin t\u00e4ysin tyytyv\u00e4inen, joten homma ei nopeutunut asian my\u00f6t\u00e4 yht\u00e4\u00e4n. En my\u00f6sk\u00e4\u00e4n n\u00e4hnyt aiheelliseksi alkaa aiheest\u00e4 v\u00e4\u00e4nt\u00e4m\u00e4\u00e4n kisan loppuvaiheessa .Olisi pit\u00e4nyt v\u00e4\u00e4nt\u00e4\u00e4 aloituspalaverissa, jota ei oikeastaan ollut. My bad!<\/p>\n<p><img loading=\"lazy\" decoding=\"async\" class=\"alignleft size-full wp-image-3442\" src=\"http:\/\/www.suonpaa.net\/wp-content\/uploads\/2016\/08\/liesjarviranta.jpg\" alt=\"\" width=\"500\" height=\"375\" srcset=\"https:\/\/www.suonpaa.net\/wp-content\/uploads\/2016\/08\/liesjarviranta.jpg 500w, https:\/\/www.suonpaa.net\/wp-content\/uploads\/2016\/08\/liesjarviranta-375x281.jpg 375w\" sizes=\"auto, (max-width: 500px) 100vw, 500px\" \/>Lopulta pienet luokat saatiin my\u00f6s tarkastettua ja keskipitk\u00e4t matkat maaliin. Kari oli jo kotona ja hoitanut tallivelvollisuudet, kun heid\u00e4n luokkansa oli palkintojenjaossa. Lampisen Linda edusti ja k\u00e4vi niiamassa ruusukkeen. Turusen tiimi\u00e4 oli taas huvittanut \u00e4ij\u00e4t toiminta. Tulee paikalle just ja just siin\u00e4 ajassa, ett\u00e4 ehti selk\u00e4\u00e4n. Vet\u00e4\u00e4 32 km pariin tuntiin, suoraan tarkkiin, sijoitus nelj\u00e4s,\u00a0 siit\u00e4 kylm\u00e4t jalkoihin, tamma autoon ja kotiin. Mit\u00e4p\u00e4 sit\u00e4 sen suuremmin mehustelemaan suoritusta, joka tuli nelj\u00e4n vuoden odotuksen j\u00e4lkeen. V\u00e4h\u00e4n hymyilin vinosti. Kukin tyylill\u00e4\u00e4n. Eik\u00e4 me oikein osata tuolla kaiken kansan keskuudessa juttujamme juhlia. Sekin v\u00e4h\u00e4, mit\u00e4 juhlitaan tuntuu aina her\u00e4tt\u00e4v\u00e4n pahaa verta. Enk\u00e4 m\u00e4 nyt ainakaan tuomarina voinut siell\u00e4 kyynelhti\u00e4 ja kapsahaa tamman kaulaan. K\u00e4vin m\u00e4 sille salaa kopin sivuovesta antamassa herkkunappulan ja nyk\u00e4isin maasta pari apilaa.\u00a0 Ihana Sella ja p\u00e4\u00e4si tekem\u00e4\u00e4n sit\u00e4, mist\u00e4 se nauttii! Mahtava juttu ja t\u00e4t\u00e4 on odotettu kauan. Kari tosi pitk\u00e4\u00e4n harkitsi, viitsiik\u00f6 l\u00e4hte\u00e4 mukaan ja olen tosi onnellinen, ett\u00e4 l\u00e4hti.<\/p>\n<p>Alue alkoi tyhjenty\u00e4 ja lopulta saatiin my\u00f6s p\u00e4\u00e4luokka ja sen kaikki ratsukot maaliin., Aikamarginaali oli ven\u00e4ht\u00e4nyt jo tuntiin. Kun olimme valmiina palkintojenjakoon taivas repesi.\u00a0 N\u00e4kym\u00e4 ei ollut ehk\u00e4 hirvitt\u00e4v\u00e4n juhallinen, sill\u00e4 vett\u00e4 tuli kaatamalla.\u00a0 Ruusukkeet saatiin kuitenkin ojennettua ja k\u00e4tt\u00e4 p\u00e4\u00e4lle paiskattua. Sitten kukin sinkoili omille tahoilleen sadetta pit\u00e4m\u00e4\u00e4n. Aika oli kiitosten.\u00a0 Olin jotenkin ihan nihkuinen ja niin kuin ennakkoon olin v\u00e4h\u00e4n suunnitellut ajoin rantaan, heitin hiest\u00e4 ja sateesta m\u00e4r\u00e4t kledjut kassiin, harpoin veteen ja vietin hetken omaa aikaa. Ihana tunne. K\u00f6mmin yl\u00f6s, puin vaihtovaatteet p\u00e4\u00e4lle ja olin valmis karistamaan Tammelan tomut harteiltani. Sporttikello kertoi, ett\u00e4 p\u00e4iv\u00e4n mittaan olin tampannut 10 km.Se on aika paljon pelk\u00e4st\u00e4\u00e4n partioimalla kilpailukeskusta edestakaisin.<\/p>\n<p>K\u00e4vin viell\u00e4 sanomassa heipat loppusiivousta tekev\u00e4lle j\u00e4rjestysporukalle. Katrinin ja Jennin kanssa olemme tehneet ennenkin t\u00f6it\u00e4 ja se sujui mielest\u00e4ni nytkin hyvin. Ahkera SuMaRan v\u00e4ki j\u00e4i viel\u00e4 ker\u00e4\u00e4m\u00e4\u00e4n reittimerkkej\u00e4 yms. Homma oli vedetty l\u00e4pi. Ei huikeita onnistumisen tunteita mutta ei my\u00f6sk\u00e4\u00e4n mit\u00e4\u00e4n floppifiilist\u00e4. Kilpailijoiden osalta onnistumisen tunteita oli varmasti paljon ja tosi moni saavutti jotain uutta tai jotain merkityksellist\u00e4. On ilo olla niiss\u00e4 hetkiss\u00e4 mukana. T\u00e4m\u00e4 on kyll\u00e4 mahtava laji ja tarjoaa el\u00e4myksi\u00e4 my\u00f6s toimihenkil\u00f6n\u00e4. Suosittelen ihan jokaiselle kisaajalle ja huoltajalle lajin tarkastelua my\u00f6s toimihenkil\u00f6n n\u00e4k\u00f6kulmasta.\u00a0 Seuraava mahdollisuus taitaa olla SM-kisoissa liedossa. Jos ei itse ole mukana kisaajana tai huoltajana, niin kannattaa l\u00e4hte\u00e4 t\u00f6ihin!<\/p>\n<p>Kotimatkalla otin puhelua Turuselle ajelin tallille ja tsekkasin hevoset, otin ne y\u00f6ksi sis\u00e4\u00e4n ja sitten kiirehdin kotiin nakertamaan perinteist\u00e4 kisapizzaa. N\u00e4in se homma etenee.<\/p>\n<p><img loading=\"lazy\" decoding=\"async\" class=\"aligncenter size-full wp-image-3436\" src=\"http:\/\/www.suonpaa.net\/wp-content\/uploads\/2016\/08\/sellakisa2016_4.jpg\" alt=\"\" width=\"667\" height=\"375\" srcset=\"https:\/\/www.suonpaa.net\/wp-content\/uploads\/2016\/08\/sellakisa2016_4.jpg 667w, https:\/\/www.suonpaa.net\/wp-content\/uploads\/2016\/08\/sellakisa2016_4-375x211.jpg 375w\" sizes=\"auto, (max-width: 667px) 100vw, 667px\" \/><\/p>\n<p>&nbsp;<\/p>\n","protected":false},"excerpt":{"rendered":"<p>Illalla tosiaa puhelin alkoi soida ja piipitt\u00e4\u00e4, kun olisi pit\u00e4nyt menn\u00e4 nukkumaan. Kisapaikalta tuli viesti\u00e4 ja kysely\u00e4. Harmittelin v\u00e4h\u00e4n, ett\u00e4 sinne olisi pit\u00e4nyt menn\u00e4 y\u00f6ksi. Se olisi ollut monessa mieless\u00e4 j\u00e4rkev\u00e4 vaihtoehto, mutta t\u00e4ll\u00e4 kertaa homma oli suunniteltu v\u00e4h\u00e4n toisin. P\u00e4\u00e4sin kuitenkin nukkumaan ennen puolta y\u00f6t\u00e4 ja her\u00e4tys alkoi soida varttia yli nelj\u00e4. V\u00e4h\u00e4n olin [&hellip;]<\/p>\n","protected":false},"author":3,"featured_media":0,"parent":1742,"menu_order":0,"comment_status":"closed","ping_status":"closed","template":"templates\/template-full.php","meta":{"footnotes":""},"class_list":["post-3411","page","type-page","status-publish","hentry","post"],"_links":{"self":[{"href":"https:\/\/www.suonpaa.net\/index.php?rest_route=\/wp\/v2\/pages\/3411","targetHints":{"allow":["GET"]}}],"collection":[{"href":"https:\/\/www.suonpaa.net\/index.php?rest_route=\/wp\/v2\/pages"}],"about":[{"href":"https:\/\/www.suonpaa.net\/index.php?rest_route=\/wp\/v2\/types\/page"}],"author":[{"embeddable":true,"href":"https:\/\/www.suonpaa.net\/index.php?rest_route=\/wp\/v2\/users\/3"}],"replies":[{"embeddable":true,"href":"https:\/\/www.suonpaa.net\/index.php?rest_route=%2Fwp%2Fv2%2Fcomments&post=3411"}],"version-history":[{"count":22,"href":"https:\/\/www.suonpaa.net\/index.php?rest_route=\/wp\/v2\/pages\/3411\/revisions"}],"predecessor-version":[{"id":3451,"href":"https:\/\/www.suonpaa.net\/index.php?rest_route=\/wp\/v2\/pages\/3411\/revisions\/3451"}],"up":[{"embeddable":true,"href":"https:\/\/www.suonpaa.net\/index.php?rest_route=\/wp\/v2\/pages\/1742"}],"wp:attachment":[{"href":"https:\/\/www.suonpaa.net\/index.php?rest_route=%2Fwp%2Fv2%2Fmedia&parent=3411"}],"curies":[{"name":"wp","href":"https:\/\/api.w.org\/{rel}","templated":true}]}}