{"id":323,"date":"2016-02-17T11:43:38","date_gmt":"2016-02-17T09:43:38","guid":{"rendered":"http:\/\/suonpaa.net\/wordpress\/?page_id=323"},"modified":"2020-05-16T09:40:29","modified_gmt":"2020-05-16T06:40:29","slug":"princzis-se-ox","status":"publish","type":"page","link":"https:\/\/www.suonpaa.net\/?page_id=323","title":{"rendered":"Princzis SE ox"},"content":{"rendered":"<div id=\"pl-323\"  class=\"panel-layout\" ><div id=\"pg-323-0\"  class=\"panel-grid panel-no-style\" ><div id=\"pgc-323-0-0\"  class=\"panel-grid-cell\" ><div id=\"panel-323-0-0-0\" class=\"so-panel widget widget_metaslider_widget panel-first-child panel-last-child\" data-index=\"0\" ><div id=\"metaslider-id-650\" style=\"max-width: 1080px;\" class=\"ml-slider-3-108-0 ml-slider-pro-2-56-0 metaslider metaslider-flex metaslider-650 ml-slider ms-theme-default nav-hidden\" role=\"region\" aria-label=\"Urho\" data-height=\"375\" data-width=\"1080\">\n    <div id=\"metaslider_container_650\">\n        <div id=\"metaslider_650\">\n            <ul class='slides'>\n                <li style=\"display: block; width: 100%;\" class=\"slide-1954 ms-image \" aria-roledescription=\"slide\" data-date=\"2016-03-20 10:10:24\" data-filename=\"UrhoHopo.jpg\" data-slide-type=\"image\"><img loading=\"lazy\" decoding=\"async\" width=\"375\" height=\"375\" src=\"https:\/\/www.suonpaa.net\/wp-content\/uploads\/2016\/03\/UrhoHopo.jpg\" class=\"slider-650 slide-1954 msDefaultImage\" alt=\"\" rel=\"\" title=\"\" srcset=\"https:\/\/www.suonpaa.net\/wp-content\/uploads\/2016\/03\/UrhoHopo.jpg 375w, https:\/\/www.suonpaa.net\/wp-content\/uploads\/2016\/03\/UrhoHopo-150x150.jpg 150w, https:\/\/www.suonpaa.net\/wp-content\/uploads\/2016\/03\/UrhoHopo-300x300.jpg 300w, https:\/\/www.suonpaa.net\/wp-content\/uploads\/2016\/03\/UrhoHopo-180x180.jpg 180w\" sizes=\"auto, (max-width: 375px) 100vw, 375px\" \/><\/li>\n                <li style=\"display: none; width: 100%;\" class=\"slide-1953 ms-image \" aria-roledescription=\"slide\" data-date=\"2016-03-20 10:10:23\" data-filename=\"P1184045.jpg\" data-slide-type=\"image\"><img loading=\"lazy\" decoding=\"async\" width=\"375\" height=\"375\" src=\"https:\/\/www.suonpaa.net\/wp-content\/uploads\/2016\/03\/P1184045.jpg\" class=\"slider-650 slide-1953 msDefaultImage\" alt=\"\" rel=\"\" title=\"\" srcset=\"https:\/\/www.suonpaa.net\/wp-content\/uploads\/2016\/03\/P1184045.jpg 375w, https:\/\/www.suonpaa.net\/wp-content\/uploads\/2016\/03\/P1184045-150x150.jpg 150w, https:\/\/www.suonpaa.net\/wp-content\/uploads\/2016\/03\/P1184045-300x300.jpg 300w, https:\/\/www.suonpaa.net\/wp-content\/uploads\/2016\/03\/P1184045-180x180.jpg 180w\" sizes=\"auto, (max-width: 375px) 100vw, 375px\" \/><\/li>\n                <li style=\"display: none; width: 100%;\" class=\"slide-1952 ms-image \" aria-roledescription=\"slide\" data-date=\"2016-03-20 10:10:21\" data-filename=\"HU.jpg\" data-slide-type=\"image\"><img loading=\"lazy\" decoding=\"async\" width=\"375\" height=\"375\" src=\"https:\/\/www.suonpaa.net\/wp-content\/uploads\/2016\/03\/HU.jpg\" class=\"slider-650 slide-1952 msDefaultImage\" alt=\"\" rel=\"\" title=\"\" srcset=\"https:\/\/www.suonpaa.net\/wp-content\/uploads\/2016\/03\/HU.jpg 375w, https:\/\/www.suonpaa.net\/wp-content\/uploads\/2016\/03\/HU-150x150.jpg 150w, https:\/\/www.suonpaa.net\/wp-content\/uploads\/2016\/03\/HU-300x300.jpg 300w, https:\/\/www.suonpaa.net\/wp-content\/uploads\/2016\/03\/HU-180x180.jpg 180w\" sizes=\"auto, (max-width: 375px) 100vw, 375px\" \/><\/li>\n                <li style=\"display: none; width: 100%;\" class=\"slide-1956 ms-image \" aria-roledescription=\"slide\" data-date=\"2016-03-20 10:10:26\" data-filename=\"Urhovalppaanamarraskuussa.jpg\" data-slide-type=\"image\"><img loading=\"lazy\" decoding=\"async\" width=\"375\" height=\"375\" src=\"https:\/\/www.suonpaa.net\/wp-content\/uploads\/2016\/03\/Urhovalppaanamarraskuussa.jpg\" class=\"slider-650 slide-1956 msDefaultImage\" alt=\"\" rel=\"\" title=\"\" srcset=\"https:\/\/www.suonpaa.net\/wp-content\/uploads\/2016\/03\/Urhovalppaanamarraskuussa.jpg 375w, https:\/\/www.suonpaa.net\/wp-content\/uploads\/2016\/03\/Urhovalppaanamarraskuussa-150x150.jpg 150w, https:\/\/www.suonpaa.net\/wp-content\/uploads\/2016\/03\/Urhovalppaanamarraskuussa-300x300.jpg 300w, https:\/\/www.suonpaa.net\/wp-content\/uploads\/2016\/03\/Urhovalppaanamarraskuussa-180x180.jpg 180w\" sizes=\"auto, (max-width: 375px) 100vw, 375px\" \/><\/li>\n                <li style=\"display: none; width: 100%;\" class=\"slide-1955 ms-image \" aria-roledescription=\"slide\" data-date=\"2016-03-20 10:10:25\" data-filename=\"Urhonp\u00e4\u00e4si\u00e4inen.jpg\" data-slide-type=\"image\"><img loading=\"lazy\" decoding=\"async\" width=\"375\" height=\"375\" src=\"https:\/\/www.suonpaa.net\/wp-content\/uploads\/2016\/03\/Urhonp\u00e4\u00e4si\u00e4inen.jpg\" class=\"slider-650 slide-1955 msDefaultImage\" alt=\"\" rel=\"\" title=\"\" srcset=\"https:\/\/www.suonpaa.net\/wp-content\/uploads\/2016\/03\/Urhonp\u00e4\u00e4si\u00e4inen.jpg 375w, https:\/\/www.suonpaa.net\/wp-content\/uploads\/2016\/03\/Urhonp\u00e4\u00e4si\u00e4inen-150x150.jpg 150w, https:\/\/www.suonpaa.net\/wp-content\/uploads\/2016\/03\/Urhonp\u00e4\u00e4si\u00e4inen-300x300.jpg 300w, https:\/\/www.suonpaa.net\/wp-content\/uploads\/2016\/03\/Urhonp\u00e4\u00e4si\u00e4inen-180x180.jpg 180w\" sizes=\"auto, (max-width: 375px) 100vw, 375px\" \/><\/li>\n            <\/ul>\n        <\/div>\n        \n    <\/div>\n<\/div><\/div><\/div><div id=\"pgc-323-0-1\"  class=\"panel-grid-cell\" ><div id=\"panel-323-0-1-0\" class=\"so-panel widget widget_sow-editor panel-first-child panel-last-child\" data-index=\"1\" ><div\n\t\t\t\n\t\t\tclass=\"so-widget-sow-editor so-widget-sow-editor-base\"\n\t\t\t\n\t\t>\n<div class=\"siteorigin-widget-tinymce textwidget\">\n\t<table style=\"border: 2px solid #000000;\" width=\"500\">\n<tbody>\n<tr align=\"center\">\n<td style=\"border: 2px solid #000000; text-align: center; vertical-align: middle;\" rowspan=\"4\"><b>Majestic Prince SE ox<\/b><\/td>\n<td style=\"border: 2px solid #000000; text-align: center; vertical-align: middle;\" rowspan=\"2\"><b>Prince Egypt US ox<\/b><\/td>\n<td style=\"border: 2px solid #000000; text-align: center; vertical-align: middle;\">\u00a0 <b>The Egyptian Prince US ox<\/b><\/td>\n<\/tr>\n<tr>\n<td style=\"border: 2px solid #000000; text-align: center; vertical-align: middle;\"><b>Sallama EG ox<\/b><\/td>\n<\/tr>\n<tr>\n<td style=\"border: 2px solid #000000; text-align: center; vertical-align: middle;\" rowspan=\"2\"><b>Nabilah SE ox<\/b><\/td>\n<td style=\"border: 2px solid #000000; text-align: center; vertical-align: middle;\"><b>Ramses NL ox STS<\/b><\/td>\n<\/tr>\n<tr>\n<td style=\"border: 2px solid #000000; text-align: center; vertical-align: middle;\"><b>Pomerania SE ox<\/b><\/td>\n<\/tr>\n<tr>\n<td style=\"border: 2px solid #000000; text-align: center; vertical-align: middle;\" rowspan=\"4\"><b>Chimra SE ox <\/b><\/td>\n<td style=\"border: 2px solid #000000; text-align: center; vertical-align: middle;\" rowspan=\"2\"><b>Ramses NL ox STS<\/b><\/td>\n<td style=\"border: 2px solid #000000; text-align: center; vertical-align: middle;\"><b>Fikri EG ox<\/b><\/td>\n<\/tr>\n<tr>\n<td style=\"border: 2px solid #000000; text-align: center; vertical-align: middle;\"><b>Nora EG ox<\/b><\/td>\n<\/tr>\n<tr>\n<td style=\"border: 2px solid #000000; text-align: center; vertical-align: middle;\" rowspan=\"2\"><b>Sheesmira SE ox<\/b><\/td>\n<td style=\"border: 2px solid #000000; text-align: center; vertical-align: middle;\"><b>Samir SE ox<\/b><\/td>\n<\/tr>\n<tr>\n<td style=\"border: 2px solid #000000; text-align: center; vertical-align: middle;\"><b>Sheeambra SE ox<\/b><\/td>\n<\/tr>\n<\/tbody>\n<\/table>\n<p>15.8.2004 - 28.6.2017<\/p>\n<p>Arabialainen t\u00e4ysiverinen 752003027604004<br \/>\nS\u00e4k\u00e4 160cm<\/p>\n<\/div>\n<\/div><\/div><\/div><\/div><div id=\"pg-323-1\"  class=\"panel-grid panel-no-style\" ><div id=\"pgc-323-1-0\"  class=\"panel-grid-cell\" ><div id=\"panel-323-1-0-0\" class=\"so-panel widget widget_sow-editor panel-first-child panel-last-child\" data-index=\"2\" ><div\n\t\t\t\n\t\t\tclass=\"so-widget-sow-editor so-widget-sow-editor-base\"\n\t\t\t\n\t\t>\n<div class=\"siteorigin-widget-tinymce textwidget\">\n\t<p>Urhon olemassaolo sivuutti meit\u00e4 jo muutama vuosi aikaisemmin, mutta tutustuimme siihen vasta syksyll\u00e4 2013. Aloitus oli aika tiukka, sill\u00e4 Kari otti hevosen koemielell\u00e4 Kuumaan kisoihin ja lupasi ilmoittaa kisan j\u00e4lkeen, j\u00e4\u00e4k\u00f6 hevonen meille, vai palaako omistajalleen. Hevonen j\u00e4i meille. Ik\u00e4v\u00e4 kyll\u00e4 my\u00f6hemmin l\u00f6ytyi rakenteellinen vika, joka vaati Karilta mielet\u00f6nt\u00e4 panostamista kengitykseen. Oikeastaan koko ajan Kari mietti ja p\u00e4hk\u00e4ili erilaisia vaihtoehtoja ratkaista kavio-ongelmaa. Ennen kaikkea vaiva aiheutti sen, ett\u00e4 treenaaminen piti pit\u00e4\u00e4 niin minimaalisena kuin mahdollista ja kuitenkin tavoitteet olivat FEI CEI 1*-2*-kisoissa. Montaa kisaa vuodessa ei ollut mahdollista tehd\u00e4. Onneksemme suuri ty\u00f6 ja ponnistelu palkittiin ja Urho saavutti kv-tason ja starttasi kadesti 1`*-tasolla ja suoritti hyvin my\u00f6s SM 100 km kisat 2015.<\/p>\n<p>Urho oli lempe\u00e4 ja yst\u00e4v\u00e4llinen hevonen. Se oli varsin mutkaton kaveri ja Karin mielest\u00e4 se oli Hopo arabin vaatteissa. Menetimme sen aivan liian varhain traagisella tavalla. Lohdullista on se, ett\u00e4 J\u00e4\u00e4prinssi l\u00e4hti ruohonkorsi suussa laitumella nautiskellen kuin salaman iskusta.<\/p>\n<p>Parhaat saavutukset:<\/p>\n<p>FEI CEI* III Kurtuvenai 2016<br \/>\nFEI CEI* II Korvemaa 2016<br \/>\nSuomenmestaruus III 2015<br \/>\nAluemestaruus II 2014<\/p>\n<p>\"Se, mit\u00e4 olimme, olemme nyt.<br \/>\nSe, mit\u00e4 meill\u00e4 oli, on edelleen.<br \/>\nYhteinen menneisyys, l\u00e4htem\u00e4tt\u00f6m\u00e4sti l\u00e4sn\u00e4.<br \/>\nKun siis kuljet mets\u00e4ss\u00e4, jossa kuljimme yhdess\u00e4ja<br \/>\netsit aurinkoiselta pientareelta varjoani,<br \/>\nkun pys\u00e4hdyt kukkulalle katselemaan kaukaisuuteen<br \/>\nja k\u00e4dell\u00e4si etsit tapasi mukaan minua,<br \/>\netk\u00e4 en\u00e4\u00e4 l\u00f6yd\u00e4 ja tunnet surun hiipiv\u00e4n syd\u00e4meesi.<br \/>\nole hiljaa.<br \/>\nSulje silm\u00e4t.<br \/>\nHengit\u00e4.<br \/>\nKuuntele askelteni \u00e4\u00e4nt\u00e4 syd\u00e4mess\u00e4si.<br \/>\nEn ole poissa, kuljen mukanasi, aina sinussa.\"<\/p>\n<\/div>\n<\/div><\/div><\/div><\/div><\/div>","protected":false},"excerpt":{"rendered":"<p>Majestic Prince SE ox Prince Egypt US ox \u00a0 The Egyptian Prince US ox Sallama EG ox Nabilah SE ox Ramses NL ox STS Pomerania SE ox Chimra SE ox Ramses NL ox STS Fikri EG ox Nora EG ox Sheesmira SE ox Samir SE ox Sheeambra SE ox 15.8.2004 &#8211; 28.6.2017 Arabialainen t\u00e4ysiverinen 752003027604004 [&hellip;]<\/p>\n","protected":false},"author":3,"featured_media":0,"parent":7,"menu_order":3,"comment_status":"closed","ping_status":"closed","template":"templates\/template-full.php","meta":{"footnotes":""},"class_list":["post-323","page","type-page","status-publish","hentry","post"],"_links":{"self":[{"href":"https:\/\/www.suonpaa.net\/index.php?rest_route=\/wp\/v2\/pages\/323","targetHints":{"allow":["GET"]}}],"collection":[{"href":"https:\/\/www.suonpaa.net\/index.php?rest_route=\/wp\/v2\/pages"}],"about":[{"href":"https:\/\/www.suonpaa.net\/index.php?rest_route=\/wp\/v2\/types\/page"}],"author":[{"embeddable":true,"href":"https:\/\/www.suonpaa.net\/index.php?rest_route=\/wp\/v2\/users\/3"}],"replies":[{"embeddable":true,"href":"https:\/\/www.suonpaa.net\/index.php?rest_route=%2Fwp%2Fv2%2Fcomments&post=323"}],"version-history":[{"count":25,"href":"https:\/\/www.suonpaa.net\/index.php?rest_route=\/wp\/v2\/pages\/323\/revisions"}],"predecessor-version":[{"id":6161,"href":"https:\/\/www.suonpaa.net\/index.php?rest_route=\/wp\/v2\/pages\/323\/revisions\/6161"}],"up":[{"embeddable":true,"href":"https:\/\/www.suonpaa.net\/index.php?rest_route=\/wp\/v2\/pages\/7"}],"wp:attachment":[{"href":"https:\/\/www.suonpaa.net\/index.php?rest_route=%2Fwp%2Fv2%2Fmedia&parent=323"}],"curies":[{"name":"wp","href":"https:\/\/api.w.org\/{rel}","templated":true}]}}