{"id":320,"date":"2016-02-17T11:41:23","date_gmt":"2016-02-17T09:41:23","guid":{"rendered":"http:\/\/suonpaa.net\/wordpress\/?page_id=320"},"modified":"2020-05-16T09:39:52","modified_gmt":"2020-05-16T06:39:52","slug":"seljanka","status":"publish","type":"page","link":"https:\/\/www.suonpaa.net\/?page_id=320","title":{"rendered":"Seljanka"},"content":{"rendered":"<div id=\"pl-320\"  class=\"panel-layout\" ><div id=\"pg-320-0\"  class=\"panel-grid panel-no-style\" ><div id=\"pgc-320-0-0\"  class=\"panel-grid-cell\" ><div id=\"panel-320-0-0-0\" class=\"so-panel widget widget_metaslider_widget panel-first-child panel-last-child\" data-index=\"0\" ><div id=\"metaslider-id-649\" style=\"max-width: 1080px;\" class=\"ml-slider-3-108-0 ml-slider-pro-2-56-0 metaslider metaslider-flex metaslider-649 ml-slider ms-theme-default nav-hidden\" role=\"region\" aria-label=\"Sella\" data-height=\"375\" data-width=\"1080\">\n    <div id=\"metaslider_container_649\">\n        <div id=\"metaslider_649\">\n            <ul class='slides'>\n                <li style=\"display: block; width: 100%;\" class=\"slide-310 ms-image \" aria-roledescription=\"slide\" data-date=\"2016-02-18 09:35:52\" data-filename=\"sella.jpg\" data-slide-type=\"image\"><img loading=\"lazy\" decoding=\"async\" width=\"375\" height=\"375\" src=\"https:\/\/www.suonpaa.net\/wp-content\/uploads\/2016\/02\/sella.jpg\" class=\"slider-649 slide-310 msDefaultImage\" alt=\"\" rel=\"\" title=\"\" srcset=\"https:\/\/www.suonpaa.net\/wp-content\/uploads\/2016\/02\/sella.jpg 375w, https:\/\/www.suonpaa.net\/wp-content\/uploads\/2016\/02\/sella-150x150.jpg 150w, https:\/\/www.suonpaa.net\/wp-content\/uploads\/2016\/02\/sella-300x300.jpg 300w, https:\/\/www.suonpaa.net\/wp-content\/uploads\/2016\/02\/sella-180x180.jpg 180w\" sizes=\"auto, (max-width: 375px) 100vw, 375px\" \/><\/li>\n                <li style=\"display: none; width: 100%;\" class=\"slide-657 ms-image \" aria-roledescription=\"slide\" data-date=\"2016-02-28 21:56:57\" data-filename=\"sellaslider02.jpg\" data-slide-type=\"image\"><img loading=\"lazy\" decoding=\"async\" width=\"375\" height=\"375\" src=\"https:\/\/www.suonpaa.net\/wp-content\/uploads\/2016\/02\/sellaslider02.jpg\" class=\"slider-649 slide-657 msDefaultImage\" alt=\"\" rel=\"\" title=\"\" srcset=\"https:\/\/www.suonpaa.net\/wp-content\/uploads\/2016\/02\/sellaslider02.jpg 375w, https:\/\/www.suonpaa.net\/wp-content\/uploads\/2016\/02\/sellaslider02-150x150.jpg 150w, https:\/\/www.suonpaa.net\/wp-content\/uploads\/2016\/02\/sellaslider02-300x300.jpg 300w, https:\/\/www.suonpaa.net\/wp-content\/uploads\/2016\/02\/sellaslider02-180x180.jpg 180w\" sizes=\"auto, (max-width: 375px) 100vw, 375px\" \/><\/li>\n                <li style=\"display: none; width: 100%;\" class=\"slide-659 ms-image \" aria-roledescription=\"slide\" data-date=\"2016-02-28 22:09:35\" data-filename=\"sellaslider03.jpg\" data-slide-type=\"image\"><img loading=\"lazy\" decoding=\"async\" width=\"375\" height=\"375\" src=\"https:\/\/www.suonpaa.net\/wp-content\/uploads\/2016\/02\/sellaslider03.jpg\" class=\"slider-649 slide-659 msDefaultImage\" alt=\"\" rel=\"\" title=\"\" srcset=\"https:\/\/www.suonpaa.net\/wp-content\/uploads\/2016\/02\/sellaslider03.jpg 375w, https:\/\/www.suonpaa.net\/wp-content\/uploads\/2016\/02\/sellaslider03-150x150.jpg 150w, https:\/\/www.suonpaa.net\/wp-content\/uploads\/2016\/02\/sellaslider03-300x300.jpg 300w, https:\/\/www.suonpaa.net\/wp-content\/uploads\/2016\/02\/sellaslider03-180x180.jpg 180w\" sizes=\"auto, (max-width: 375px) 100vw, 375px\" \/><\/li>\n            <\/ul>\n        <\/div>\n        \n    <\/div>\n<\/div><\/div><\/div><div id=\"pgc-320-0-1\"  class=\"panel-grid-cell\" ><div id=\"panel-320-0-1-0\" class=\"so-panel widget widget_sow-editor panel-first-child panel-last-child\" data-index=\"1\" ><div\n\t\t\t\n\t\t\tclass=\"so-widget-sow-editor so-widget-sow-editor-base\"\n\t\t\t\n\t\t>\n<div class=\"siteorigin-widget-tinymce textwidget\">\n\t<table style=\"border: 2px solid #000000;\" width=\"500\">\n<tbody>\n<tr align=\"center\">\n<td style=\"border: 2px solid #000000; text-align: center; vertical-align: middle;\" rowspan=\"4\"><b>Evkalipt Su Ox<\/b><\/td>\n<td style=\"border: 2px solid #000000; text-align: center; vertical-align: middle;\" rowspan=\"2\"><b>Esplendor Ox<\/b><\/td>\n<td style=\"border: 2px solid #000000; text-align: center; vertical-align: middle;\"><b>Ghadames Ox<\/b><\/td>\n<\/tr>\n<tr>\n<td style=\"border: 2px solid #000000; text-align: center; vertical-align: middle;\"><b>Esperada Ox<\/b><\/td>\n<\/tr>\n<tr>\n<td style=\"border: 2px solid #000000; text-align: center; vertical-align: middle;\" rowspan=\"2\"><b>Viuga Ox<\/b><\/td>\n<td style=\"border: 2px solid #000000; text-align: center; vertical-align: middle;\"><b>Aswan EG ox<\/b><\/td>\n<\/tr>\n<tr>\n<td style=\"border: 2px solid #000000; text-align: center; vertical-align: middle;\">\u00a0 <b>Nastavnitsa Ox<\/b><\/td>\n<\/tr>\n<tr>\n<td style=\"border: 2px solid #000000; text-align: center; vertical-align: middle;\" rowspan=\"4\"><b>Sw Canella 7 Wpb<\/b><\/td>\n<td style=\"border: 2px solid #000000; text-align: center; vertical-align: middle;\" rowspan=\"2\"><b>Primo Se Ox Sts<\/b><\/td>\n<td style=\"border: 2px solid #000000; text-align: center; vertical-align: middle;\"><b>Engano Pl Ox<\/b><\/td>\n<\/tr>\n<tr>\n<td style=\"border: 2px solid #000000; text-align: center; vertical-align: middle;\"><b>Polka Se Ox<\/b><\/td>\n<\/tr>\n<tr>\n<td style=\"border: 2px solid #000000; text-align: center; vertical-align: middle;\" rowspan=\"2\"><b>Melli II 2 Wpb<\/b><\/td>\n<td style=\"border: 2px solid #000000; text-align: center; vertical-align: middle;\"><b>Ijsselvliedt's Victory 6 W<\/b><\/td>\n<\/tr>\n<tr>\n<td style=\"border: 2px solid #000000; text-align: center; vertical-align: middle;\"><b>Highmead Kelita<\/b><\/td>\n<\/tr>\n<\/tbody>\n<\/table>\n<p>* 10.5.2002<br \/> Arabiristeytys (3\/4 ox) P02-1120<br \/> S\u00e4k\u00e4 152 cm<\/p>\n<\/div>\n<\/div><\/div><\/div><\/div><div id=\"pg-320-1\"  class=\"panel-grid panel-no-style\" ><div id=\"pgc-320-1-0\"  class=\"panel-grid-cell\" ><div id=\"panel-320-1-0-0\" class=\"so-panel widget widget_sow-editor panel-first-child panel-last-child\" data-index=\"2\" ><div\n\t\t\t\n\t\t\tclass=\"so-widget-sow-editor so-widget-sow-editor-base\"\n\t\t\t\n\t\t>\n<div class=\"siteorigin-widget-tinymce textwidget\">\n\t<p>Kun Kari oli muutaman vuoden kisaillut, niin meille oli tullut alleviivatun selv\u00e4ksi, ett\u00e4 jos sijoituksia ja tuloksia haluaa, niin hevosen pit\u00e4\u00e4 olla kepe\u00e4mpi ja ketter\u00e4mpi. Pelkk\u00e4 sisu ja voima ei matkaratsastuksessa kauas kanna.\u00a0 Hiljaisesti etsittiin toista hevosta ja hiljaisesti se my\u00f6s tuli vastaan. Yst\u00e4v\u00e4mme el\u00e4m\u00e4ntilanne oli muuttunut ja n\u00e4in ollen Sella tuli meille aluksi yll\u00e4pitoon ja pysyv\u00e4sti omaan ruokakuntaamme vuoden 2009 alussa.<\/p>\n<p>Tavoitteet oli asetettu kovalle tasolle ja ensimm\u00e4isist\u00e4 kv-kisoista olikin mukavia tuliaisia kotiin tuotavaksi. Ik\u00e4v\u00e4 kyll\u00e4 tamma riekkui omia aikoja kauden t\u00e4rkeint\u00e4 kilpailua edelt\u00e4v\u00e4ll\u00e4 lepokaudella ja t\u00e4st\u00e4 ilottelusta oli seurauksena j\u00e4nnevamma. Ensin paranneltiin vammaa ja sitten keksittiin, ett\u00e4 varsakin voisi olla hyv\u00e4 veto siihen saumaan.\u00a0 Kaikki ei mennyt ihan toivotulla tavalla, mutta vihdoin ja viimein tamma saatiin kantavaksi kes\u00e4ll\u00e4 2014 ja Sella varsoi ihanan korunkauniin varsan juhannuksena 2015.<\/p>\n<p>Sella on nyt taas aloittanut varovaisesti harjoittelun ja n\u00e4ht\u00e4v\u00e4ksi j\u00e4\u00e4, saadaanko se viel\u00e4 kilpailukuntoon ja kuinka pitkiin matkoihin rahkeet riitt\u00e4v\u00e4t. Ainakin se on erinomainen em\u00e4, joten ehk\u00e4 varsomishommia on tiedossa my\u00f6hemminkin.<\/p>\n<p>Parhaat saavutukset:<\/p>\n<p>ESRA aluemestari 2009<br \/>\nESRA alueranking I 2009<br \/>\nFEI CEI* Vesilahti I 2010<br \/>\nFEI CEI* Kurgj\u00e4rve II 2010<br \/>\nFEI CEI* Vesilahti II 2011<\/p>\n<\/div>\n<\/div><\/div><\/div><\/div><\/div>","protected":false},"excerpt":{"rendered":"<p>Evkalipt Su OxEsplendor OxGhadames OxEsperada OxViuga OxAswan EG ox\u00a0 Nastavnitsa OxSw Canella 7 WpbPrimo Se Ox StsEngano Pl OxPolka Se OxMelli II 2 WpbIjsselvliedt&#8217;s Victory 6 WHighmead Kelita* 10.5.2002 Arabiristeytys (3\/4 ox) P02-1120 S\u00e4k\u00e4 152 cm Kun Kari oli muutaman vuoden kisaillut, niin meille oli tullut alleviivatun selv\u00e4ksi, ett\u00e4 jos sijoituksia ja tuloksia haluaa, niin [&hellip;]<\/p>\n","protected":false},"author":3,"featured_media":0,"parent":7,"menu_order":2,"comment_status":"closed","ping_status":"closed","template":"templates\/template-full.php","meta":{"footnotes":""},"class_list":["post-320","page","type-page","status-publish","hentry","post"],"_links":{"self":[{"href":"https:\/\/www.suonpaa.net\/index.php?rest_route=\/wp\/v2\/pages\/320","targetHints":{"allow":["GET"]}}],"collection":[{"href":"https:\/\/www.suonpaa.net\/index.php?rest_route=\/wp\/v2\/pages"}],"about":[{"href":"https:\/\/www.suonpaa.net\/index.php?rest_route=\/wp\/v2\/types\/page"}],"author":[{"embeddable":true,"href":"https:\/\/www.suonpaa.net\/index.php?rest_route=\/wp\/v2\/users\/3"}],"replies":[{"embeddable":true,"href":"https:\/\/www.suonpaa.net\/index.php?rest_route=%2Fwp%2Fv2%2Fcomments&post=320"}],"version-history":[{"count":14,"href":"https:\/\/www.suonpaa.net\/index.php?rest_route=\/wp\/v2\/pages\/320\/revisions"}],"predecessor-version":[{"id":796,"href":"https:\/\/www.suonpaa.net\/index.php?rest_route=\/wp\/v2\/pages\/320\/revisions\/796"}],"up":[{"embeddable":true,"href":"https:\/\/www.suonpaa.net\/index.php?rest_route=\/wp\/v2\/pages\/7"}],"wp:attachment":[{"href":"https:\/\/www.suonpaa.net\/index.php?rest_route=%2Fwp%2Fv2%2Fmedia&parent=320"}],"curies":[{"name":"wp","href":"https:\/\/api.w.org\/{rel}","templated":true}]}}